638
CXUS56 KLKN 111544
CF6WMC
PRELIMINARY LOCAL CLIMATOLOGICAL DATA (WS FORM: F-6)
STATION: WINNEMUCCA AIRPORT NV
MONTH: NOVEMBER
YEAR: 2020
LATITUDE: 40 54 N
LONGITUDE: 117 48 W
TEMPERATURE IN F: :PCPN: SNOW: WIND :SUNSHINE: SKY :PK WND
================================================================================
1 2 3 4 5 6A 6B 7 8 9 10 11 12 13 14 15 16 17 18
12Z AVG MX 2MIN
DY MAX MIN AVG DEP HDD CDD WTR SNW DPTH SPD SPD DIR MIN PSBL S-S WX SPD DR
================================================================================
1 74 23 49 7 16 0 0.00 0.0 0 4.8 12 160 M M 0 8 14 70
2 77 24 51 9 14 0 0.00 0.0 0 3.6 10 140 M M 0 11 140
3 76 26 51 9 14 0 0.00 0.0 0 4.9 16 270 M M 0 20 250
4 77 26 52 11 13 0 0.00 0.0 0 4.1 16 260 M M 0 21 260
5 77 25 51 10 14 0 0.00 0.0 0 6.0 16 170 M M 0 18 180
6 70 33 52 12 13 0 0.07 T T 12.2 25 280 M M 4 18 33 280
7 36 30 33 -7 32 0 0.88 6.9 2 6.4 22 320 M M 10 12 30 320
8 34 16 25 -15 40 0 0.32 4.1 4 3.9 15 270 M M 6 1 19 270
9 32 18 25 -14 40 0 0.03 0.7 3 3.3 10 180 M M 9 13 180
10 38 20 29 -10 36 0 0.00 0.0 2 9.7 22 170 M M 4 27 180
11 42 20 31 -7 34 0 0.00 0.0 2 4.3 14 290 M M 2 17 280
12 44 19 32 -6 33 0 0.00 0.0 2 7.1 14 80 M M 0 18 60
13 49 24 37 -1 28 0 0.05 0.0 2 15.0 32 300 M M 8 41 300
14 45 29 37 0 28 0 0.00 0.0 T 8.7 22 290 M M 3 29 290
15 60 40 50 13 15 0 0.00 0.0 0 11.7 24 230 M M 5 31 210
16 67 30 49 12 16 0 0.00 0.0 0 5.7 14 180 M M 0 16 150
17 71 39 55 19 10 0 0.00 0.0 0 10.0 25 290 M M 3 8 34 290
18 56 42 49 13 16 0 0.25 0.0 0 11.1 25 230 M M 9 1 31 230
19 49 28 39 3 26 0 0.00 0.0 0 6.0 17 50 M M 2 82 30
20 48 20 34 -1 31 0 0.00 0.0 0 6.1 15 40 M M 0 20 60
21 47 17 32 -3 33 0 0.00 0.0 0 5.8 14 60 M M 0 17 60
22 48 19 34 0 31 0 0.00 0.0 0 2.7 9 110 M M 1 12 90
23 48 27 38 4 27 0 T 0.0 0 4.0 15 260 M M 8 19 250
24 49 21 35 1 30 0 0.00 0.0 0 6.2 16 190 M M 1 20 190
25 42 24 33 -1 32 0 0.01 T 0 5.2 20 270 M M 6 26 280
26 41 19 30 -3 35 0 0.00 0.0 0 4.3 13 320 M M 2 15 40
27 45 12 29 -4 36 0 0.00 0.0 0 4.6 12 50 M M 0 15 50
28 49 12 31 -1 34 0 0.00 0.0 0 2.7 9 150 M M 0 11 170
29 51 14 33 1 32 0 0.00 0.0 0 4.2 9 180 M M 0 11 60
30 58 13 36 4 29 0 0.00 0.0 0 6.1 20 160 M M 0 25 230
================================================================================
SM 1600 710 788 0 1.61 11.7 190.4 M 83
================================================================================
AV 53.3 23.7 6.3 FASTST M M 3 MAX(MPH)
MISC ----> 32 300 82 30
================================================================================
NOTES:
# LAST OF SEVERAL OCCURRENCES
COLUMN 17 PEAK WIND IN M.P.H.
PRELIMINARY LOCAL CLIMATOLOGICAL DATA (WS FORM: F-6) , PAGE 2
STATION: WINNEMUCCA AIRPORT NV
MONTH: NOVEMBER
YEAR: 2020
LATITUDE: 40 54 N
LONGITUDE: 117 48 W
[TEMPERATURE DATA] [PRECIPITATION DATA] SYMBOLS USED IN COLUMN 16
AVERAGE MONTHLY: 38.5 TOTAL FOR MONTH: 1.61 1 = FOG OR MIST
DPTR FM NORMAL: 1.6 DPTR FM NORMAL: 0.73 2 = FOG REDUCING VISIBILITY
HIGHEST: 77 ON 5, 4 GRTST 24HR 1.33 ON 6- 7 TO 1/4 MILE OR LESS
LOWEST: 12 ON 28,27 3 = THUNDER
SNOW, ICE PELLETS, HAIL 4 = ICE PELLETS
TOTAL MONTH: 11.7 INCHES 5 = HAIL
GRTST 24HR 6.9 ON 7- 7 6 = FREEZING RAIN OR DRIZZLE
GRTST DEPTH: 4 ON 8 7 = DUSTSTORM OR SANDSTORM:
VSBY 1/2 MILE OR LESS
8 = SMOKE OR HAZE
[NO. OF DAYS WITH] [WEATHER - DAYS WITH] 9 = BLOWING SNOW
X = TORNADO
MAX 32 OR BELOW: 1 0.01 INCH OR MORE: 7
MAX 90 OR ABOVE: 0 0.10 INCH OR MORE: 3
MIN 32 OR BELOW: 26 0.50 INCH OR MORE: 1
MIN 0 OR BELOW: 0 1.00 INCH OR MORE: 0
[HDD (BASE 65) ]
TOTAL THIS MO. 788 CLEAR (SCALE 0-3) 19
DPTR FM NORMAL -55 PTCLDY (SCALE 4-7) 7
TOTAL FM JUL 1 1275 CLOUDY (SCALE 8-10) 4
DPTR FM NORMAL -294
[CDD (BASE 65) ]
TOTAL THIS MO. 0
DPTR FM NORMAL 0 [PRESSURE DATA]
TOTAL FM JAN 1 895 HIGHEST SLP 30.56 ON 27
DPTR FM NORMAL 354 LOWEST SLP 29.37 ON 6
[REMARKS]
#FINAL-11-20#