000
CXUS55 KLKN 022333
CLMWMC
CLIMATE REPORT
NATIONAL WEATHER SERVICE ELKO, NV
433 PM PDT WED AUG 02 2023
...................................
...THE WINNEMUCCA AIRPORT NV CLIMATE SUMMARY FOR THE MONTH OF JULY 2023...
CLIMATE NORMAL PERIOD 1991 TO 2020
CLIMATE RECORD PERIOD 1877 TO 2023
WEATHER OBSERVED NORMAL DEPART LAST YEAR`S
VALUE DATE(S) VALUE FROM VALUE DATE(S)
NORMAL
................................................................
TEMPERATURE (F)
RECORD
HIGH 109 07/11/2002
LOW 29 07/10/1983
07/05/1955
HIGHEST 106 07/22 102 4 105 07/12
07/31
LOWEST 47 07/11 38 9 46 07/04
07/10
AVG. MAXIMUM 98.0 95.5 2.5 98.4
AVG. MINIMUM 56.2 53.5 2.7 55.8
MEAN 77.1 74.5 2.6 77.1
DAYS MAX >= 90 31 24.8 6.2 29
DAYS MAX <= 32 0 0.0 0.0 0
DAYS MIN <= 32 0 0.0 0.0 0
DAYS MIN <= 0 0 0.0 0.0 0
PRECIPITATION (INCHES)
RECORD
MAXIMUM 1.74 1984
MINIMUM 0.00 1963
TOTALS T 0.16 -0.16 0.03
DAILY AVG. T 0.01 -0.01 0.00
DAYS >= .01 0 2.2 -2.2 2
DAYS >= .10 0 0.5 -0.5 0
DAYS >= .50 0 0.0 0.0 0
DAYS >= 1.00 0 0.0 0.0 0
GREATEST
24 HR. TOTAL T 07/24 TO 07/24 0.02
07/07 TO 07/07
07/24 TO 07/24
SNOWFALL (INCHES)
RECORDS
TOTAL T 2013
TOTALS 0.0 0.0 0.0 0.0
SINCE 7/1 0.0 0.0 0.0 MM
SNOWDEPTH AVG. 0 0
DAYS >= TRACE 0 0.0 0.0 0
DAYS >= 1.0 0 0.0 0.0 0
DAYS >= 1.0 0 0
GREATEST
SNOW DEPTH 0 0
24 HR TOTAL MM MM
DEGREE DAYS
HEATING TOTAL 0 6 -6 0
SINCE 7/1 0 2 -2 MM
COOLING TOTAL 382 300 82 382
SINCE 1/1 417 417 0 MM
................................................................
WIND (MPH)
AVERAGE WIND SPEED 8.5
HIGHEST WIND SPEED/DIRECTION 33/170 DATE 07/24
HIGHEST GUST SPEED/DIRECTION 45/270 DATE 07/17
AVERAGE RH (PERCENT) 24
WEATHER CONDITIONS. NUMBER OF DAYS WITH
THUNDERSTORM 2 MIXED PRECIP 0
HEAVY RAIN 0 RAIN 0
LIGHT RAIN 1 FREEZING RAIN 0
LT FREEZING RAIN 0 HAIL 0
HEAVY SNOW 0 SNOW 0
LIGHT SNOW 0 SLEET 0
FOG 0 FOG W/VIS <= 1/4 MILE 0
HAZE 2
- INDICATES NEGATIVE NUMBERS.
R INDICATES RECORD WAS SET OR TIED.
MM INDICATES DATA IS MISSING.
T INDICATES TRACE AMOUNT.
=====================================================================
...JULY 2023 IN WINNEMUCCA WAS WARMER AND DRIER THAN NORMAL...
...TIED 5TH WARMEST JULY ON RECORD FOR WINNEMUCCA...
...TIED 4TH DRIEST JULY ON RECORD FOR WINNEMUCCA...
$$