000
CXUS55 KRIW 011010
CF6WRL
PRELIMINARY LOCAL CLIMATOLOGICAL DATA (WS FORM: F-6)
STATION: WORLAND WY
MONTH: OCTOBER
YEAR: 2021
LATITUDE: 43 58 N
LONGITUDE: 107 57 W
TEMPERATURE IN F: :PCPN: SNOW: WIND :SUNSHINE: SKY :PK WND
================================================================================
1 2 3 4 5 6A 6B 7 8 9 10 11 12 13 14 15 16 17 18
12Z AVG MX 2MIN
DY MAX MIN AVG DEP HDD CDD WTR SNW DPTH SPD SPD DIR MIN PSBL S-S WX SPD DR
================================================================================
1 70 26 48 -4 17 0 0.00 M M 3.7 13 160 M M 0 15 170
2 76 36 56 4 9 0 0.00 M M 4.8 12 120 M M 0 13 130
3 79 31 55 4 10 0 0.00 M M 3.1 9 170 M M 0 11 170
4 83 32 58 7 7 0 0.00 M M 5.9 15 160 M M 0 20 170
5 84 37 61 11 4 0 0.00 M M 4.6 12 250 M M 0 8 15 120
6 75 50 63 13 2 0 T M M 9.2 20 160 M M 3 3 27 160
7 72 39 56 7 9 0 T M M 4.9 14 250 M M 1 18 260
8 70 43 57 8 8 0 0.29 M M 5.8 14 210 M M 5 1 19 190
9 53 43 48 0 17 0 0.45 M M 7.2 18 330 M M 10 1 25 340
10 62 35 49 1 16 0 0.00 M M 2.9 10 110 M M 2 12 11 110
11 47 30 39 -8 26 0 0.36 M M 8.1 16 340 M M 10 1 22 320
12 32 29 31 -16 34 0 0.31 M M 8.3 16 320 M M 10 12 23 350
13 37 27 32 -14 33 0 0.00 M M 5.1 12 270 M M 7 14 270
14 44 24 34 -12 31 0 T M M 3.5 18 20 M M 6 28 30
15 51 26 39 -6 26 0 0.00 M M 5.5 12 120 M M 1 18 160
16 62 26 44 -1 21 0 0.00 M M 3.1 8 180 M M 0 10 170
17 71 26 49 5 16 0 0.00 M M 4.9 17 190 M M 0 24 170
18 70 31 51 7 14 0 0.00 M M 4.7 14 130 M M 1 8 19 340
19 53 35 44 0 21 0 0.14 M M 8.7 22 330 M M 10 28 330
20 56 34 45 2 20 0 0.00 M M 3.3 10 120 M M 5 15 160
21 66 33 50 7 15 0 0.00 M M 3.4 13 110 M M 1 16 110
22 70 33 52 10 13 0 0.00 M M 5.6 13 130 M M 0 16 160
23 56 38 47 5 18 0 0.02 M M 4.4 21 330 M M 6 26 10
24 60 34 47 6 18 0 0.00 M M 8.1 16 200 M M 3 22 180
25 73 41 57 16 8 0 0.00 M M 10.6 28 150 M M 1 38 160
26 55 31 43 3 22 0 0.26 M M 11.3 29 340 M M 6 1 40 340
27 55 26 41 1 24 0 0.00 M M 5.3 13 350 M M 2 18 350
28 56 26 41 2 24 0 0.00 M M 4.1 12 150 M M 1 16 120
29 65 29 47 8 18 0 0.00 M M 3.2 14 170 M M 0 15 180
30 45 34 40 2 25 0 0.01 M M 6.1 16 330 M M 8 22 310
31 37 32 35 -3 30 0 0.00 M M 4.5 12 340 M M 10 16 340
================================================================================
SM 1885 1017 556 0 1.84 M 173.9 M 109
================================================================================
AV 60.8 32.8 5.6 FASTST M M 4 MAX(MPH)
MISC ----> 29 340 40 340
================================================================================
NOTES:
# LAST OF SEVERAL OCCURRENCES
COLUMN 17 PEAK WIND IN M.P.H.
PRELIMINARY LOCAL CLIMATOLOGICAL DATA (WS FORM: F-6) , PAGE 2
STATION: WORLAND WY
MONTH: OCTOBER
YEAR: 2021
LATITUDE: 43 58 N
LONGITUDE: 107 57 W
[TEMPERATURE DATA] [PRECIPITATION DATA] SYMBOLS USED IN COLUMN 16
AVERAGE MONTHLY: 46.8 TOTAL FOR MONTH: 1.84 1 = FOG OR MIST
DPTR FM NORMAL: 1.8 DPTR FM NORMAL: 1.07 2 = FOG REDUCING VISIBILITY
HIGHEST: 84 ON 5 GRTST 24HR 0.74 ON 8- 9 TO 1/4 MILE OR LESS
LOWEST: 24 ON 14 3 = THUNDER
SNOW, ICE PELLETS, HAIL 4 = ICE PELLETS
TOTAL MONTH: M 5 = HAIL
GRTST 24HR M ON M 6 = FREEZING RAIN OR DRIZZLE
GRTST DEPTH: M ON M 7 = DUSTSTORM OR SANDSTORM:
VSBY 1/2 MILE OR LESS
8 = SMOKE OR HAZE
[NO. OF DAYS WITH] [WEATHER - DAYS WITH] 9 = BLOWING SNOW
X = TORNADO
MAX 32 OR BELOW: 1 0.01 INCH OR MORE: 8
MAX 90 OR ABOVE: 0 0.10 INCH OR MORE: 6
MIN 32 OR BELOW: 16 0.50 INCH OR MORE: 0
MIN 0 OR BELOW: 0 1.00 INCH OR MORE: 0
[HDD (BASE 65) ]
TOTAL THIS MO. 556 CLEAR (SCALE 0-3) 19
DPTR FM NORMAL -64 PTCLDY (SCALE 4-7) 6
TOTAL FM JUL 1 719 CLOUDY (SCALE 8-10) 6
DPTR FM NORMAL -142
[CDD (BASE 65) ]
TOTAL THIS MO. 0
DPTR FM NORMAL 0 [PRESSURE DATA]
TOTAL FM JAN 1 787 HIGHEST SLP 30.43 ON 16
DPTR FM NORMAL 259 LOWEST SLP 29.34 ON 25
[REMARKS]
#FINAL-10-21#