000
CXUS55 KRIW 011010
CF6WRL
PRELIMINARY LOCAL CLIMATOLOGICAL DATA (WS FORM: F-6)
STATION: WORLAND WY
MONTH: APRIL
YEAR: 2021
LATITUDE: 43 58 N
LONGITUDE: 107 57 W
TEMPERATURE IN F: :PCPN: SNOW: WIND :SUNSHINE: SKY :PK WND
================================================================================
1 2 3 4 5 6A 6B 7 8 9 10 11 12 13 14 15 16 17 18
12Z AVG MX 2MIN
DY MAX MIN AVG DEP HDD CDD WTR SNW DPTH SPD SPD DIR MIN PSBL S-S WX SPD DR
================================================================================
1 70 17 44 2 21 0 0.00 M M 5.3 17 170 M M 0 21 170
2 74 25 50 8 15 0 0.00 M M 6.6 16 130 M M 0 8 27 200
3 74 32 53 11 12 0 0.00 M M 6.2 15 210 M M 0 18 120
4 78 38 58 16 7 0 0.00 M M 4.0 18 330 M M 0 24 330
5 67 36 52 9 13 0 T M M 9.2 26 340 M M 2 35 330
6 43 32 38 -5 27 0 0.45 M M 4.1 13 340 M M 10 1 17 340
7 60 28 44 1 21 0 0.00 M M 3.5 10 170 M M 1 1 12 150
8 68 30 49 6 16 0 0.00 M M 13.1 40 340 M M 3 54 340
9 52 29 41 -3 24 0 0.00 M M 7.8 25 330 M M 2 34 330
10 70 25 48 4 17 0 0.00 M M 10.7 29 310 M M 0 46 230
11 48 32 40 -4 25 0 0.00 M M 13.6 29 310 M M 5 37 310
12 43 27 35 -9 30 0 0.00 M M 13.4 23 340 M M 7 30 340
13 42 21 32 -13 33 0 0.00 M M 9.4 20 330 M M 4 26 360
14 33 21 27 -18 38 0 0.10 M M 6.6 14 220 M M 8 12 17 310
15 35 27 31 -14 34 0 0.24 M M 5.8 14 330 M M 10 128 18 330
16 40 29 35 -11 30 0 0.04 M M 5.6 13 150 M M 9 18 15 330
17 57 26 42 -4 23 0 0.00 M M 5.0 17 330 M M 3 22 330
18 65 30 48 2 17 0 0.00 M M 9.3 25 320 M M 3 35 330
19 36 23 30 -16 35 0 0.07 M M 13.6 28 330 M M 8 12 34 330
20 42 19 31 -16 34 0 0.00 M M 7.0 17 320 M M 4 23 340
21 48 17 33 -14 32 0 0.00 M M 6.1 13 140 M M 0 17 120
22 61 22 42 -6 23 0 0.00 M M 4.7 20 330 M M 1 27 310
23 41 32 37 -11 28 0 T M M 7.7 16 340 M M 10 1 21 330
24 66 28 47 -1 18 0 0.00 M M 5.7 20 230 M M 2 25 230
25 68 30 49 1 16 0 0.00 M M 7.4 21 230 M M 5 26 240
26 49 42 46 -3 19 0 0.19 M M 6.8 14 340 M M 10 1 19 340
27 58 40 49 0 16 0 0.02 M M 4.0 13 160 M M 6 18 17 160
28 69 33 51 1 14 0 0.00 M M 5.8 13 180 M M 0 19 330
29 74 37 56 6 9 0 0.00 M M 4.9 15 160 M M 0 18 160
30 83 43 63 13 2 0 0.00 M M 4.6 12 150 M M 0 14 360
================================================================================
SM 1714 871 649 0 1.11 M 217.5 M 113
================================================================================
AV 57.1 29.0 7.3 FASTST M M 4 MAX(MPH)
MISC ----> 40 340 54 340
================================================================================
NOTES:
# LAST OF SEVERAL OCCURRENCES
COLUMN 17 PEAK WIND IN M.P.H.
PRELIMINARY LOCAL CLIMATOLOGICAL DATA (WS FORM: F-6) , PAGE 2
STATION: WORLAND WY
MONTH: APRIL
YEAR: 2021
LATITUDE: 43 58 N
LONGITUDE: 107 57 W
[TEMPERATURE DATA] [PRECIPITATION DATA] SYMBOLS USED IN COLUMN 16
AVERAGE MONTHLY: 43.1 TOTAL FOR MONTH: 1.11 1 = FOG OR MIST
DPTR FM NORMAL: -2.6 DPTR FM NORMAL: 0.25 2 = FOG REDUCING VISIBILITY
HIGHEST: 83 ON 30 GRTST 24HR 0.45 ON 6- 6 TO 1/4 MILE OR LESS
LOWEST: 17 ON 21, 1 3 = THUNDER
SNOW, ICE PELLETS, HAIL 4 = ICE PELLETS
TOTAL MONTH: M 5 = HAIL
GRTST 24HR M ON M 6 = FREEZING RAIN OR DRIZZLE
GRTST DEPTH: M ON M 7 = DUSTSTORM OR SANDSTORM:
VSBY 1/2 MILE OR LESS
8 = SMOKE OR HAZE
[NO. OF DAYS WITH] [WEATHER - DAYS WITH] 9 = BLOWING SNOW
X = TORNADO
MAX 32 OR BELOW: 0 0.01 INCH OR MORE: 7
MAX 90 OR ABOVE: 0 0.10 INCH OR MORE: 4
MIN 32 OR BELOW: 23 0.50 INCH OR MORE: 0
MIN 0 OR BELOW: 0 1.00 INCH OR MORE: 0
[HDD (BASE 65) ]
TOTAL THIS MO. 649 CLEAR (SCALE 0-3) 16
DPTR FM NORMAL 68 PTCLDY (SCALE 4-7) 9
TOTAL FM JUL 1 7285 CLOUDY (SCALE 8-10) 5
DPTR FM NORMAL -182
[CDD (BASE 65) ]
TOTAL THIS MO. 0
DPTR FM NORMAL -1 [PRESSURE DATA]
TOTAL FM JAN 1 0 HIGHEST SLP 30.43 ON 20
DPTR FM NORMAL -1 LOWEST SLP 29.44 ON 25
[REMARKS]
#FINAL-04-21#