058
CXUS54 KFWD 010731
CF6XBP
PRELIMINARY LOCAL CLIMATOLOGICAL DATA (WS FORM: F-6)
STATION: BRIDGEPORT
MONTH: AUGUST
YEAR: 2020
LATITUDE: 33 10 N
LONGITUDE: 96 30 W
TEMPERATURE IN F: :PCPN: SNOW: WIND :SUNSHINE: SKY :PK WND
================================================================================
1 2 3 4 5 6A 6B 7 8 9 10 11 12 13 14 15 16 17 18
12Z AVG MX 2MIN
DY MAX MIN AVG DEP HDD CDD WTR SNW DPTH SPD SPD DIR MIN PSBL S-S WX SPD DR
================================================================================
1 90 63 77 -6 0 12 0.00 0.0 0 2.3 8 330 M M 0 M M
2 94 62 78 -5 0 13 0.00 0.0 0 2.8 10 10 M M 0 M M
3 92 66 79 -4 0 14 0.00 0.0 0 3.4 8 90 M M 1 M M
4 92 67 80 -3 0 15 0.00 0.0 0 5.1 10 110 M M 1 M M
5 88 71 80 -3 0 15 0.00 0.0 0 6.3 14 60 M M 2 17 80
6 99 73 86 3 0 21 0.00 0.0 0 6.4 12 170 M M 0 1 20 150
7 99 79 89 6 0 24 0.00 0.0 0 11.0 15 150 M M 0 22 160
8 99 79 89 6 0 24 0.00 0.0 0 10.4 15 170 M M 0 21 170
9 100 77 89 6 0 24 0.00 0.0 0 8.8 13 160 M M 1 20 190
10 100 79 90 7 0 25 0.00 0.0 0 9.2 15 160 M M 0 22 210
11 101 80 91 8 0 26 0.00 0.0 0 7.9 14 150 M M 1 18 230
12 102 82 92 9 0 27 0.00 0.0 0 8.2 14 200 M M 0 18 200
13 103 79 91 8 0 26 0.00 0.0 0 7.7 14 170 M M 0 20 190
14 107 75 91 8 0 26 0.00 0.0 0 5.9 9 200 M M 0 17 250
15 103 74 89 6 0 24 0.00 0.0 0 5.4 10 100 M M 0 17 130
16 103 69 86 3 0 21 0.32 0.0 0 5.6 21 90 M M 2 3 38 300
17 92 68 80 -3 0 15 0.00 0.0 0 1.4 8 270 M M 0 M M
18 96 64 80 -3 0 15 0.00 0.0 0 2.9 9 20 M M 0 M M
19 93 60 77 -6 0 12 0.00 0.0 0 2.6 10 360 M M 0 20 360
20 93 60 77 -5 0 12 0.00 0.0 0 3.1 9 110 M M 0 M M
21 95 63 79 -3 0 14 0.00 0.0 0 3.4 8 90 M M 0 3 M M
22 96 65 81 -1 0 16 0.00 0.0 0 2.9 10 70 M M 1 3 M M
23 95 64 80 -2 0 15 0.00 0.0 0 3.0 9 80 M M 1 M M
24 96 64 80 -2 0 15 0.00 0.0 0 2.7 9 100 M M 0 8 M M
25 95 64 80 -2 0 15 0.00 0.0 0 1.9 7 90 M M 1 M M
26 96 70 83 1 0 18 0.18 0.0 0 4.1 15 100 M M 3 22 80
27 95 69 82 1 0 17 0.00 0.0 0 2.3 12 110 M M 2 1 M M
28 107 68 88 7 0 23 0.00 0.0 0 4.8 9 160 M M 1 M M
29 108 73 91 10 0 26 0.00 0.0 0 5.3 14 170 M M 1 3 17 170
30 100 71 86 6 0 21 0.07 0.0 0 7.6 18 360 M M 2 3 32 360
31 100 75 88 8 0 23 0.00 0.0 0 7.7 13 190 M M 1 3 18 190
================================================================================
SM 3029 2173 0 594 0.57 0.0 162.1 M 21
================================================================================
AV 97.7 70.1 5.2 FASTST M M 1 MAX(MPH)
MISC ----> # 21 90 # 38 300
================================================================================
NOTES:
# LAST OF SEVERAL OCCURRENCES
COLUMN 17 PEAK WIND IN M.P.H.
PRELIMINARY LOCAL CLIMATOLOGICAL DATA (WS FORM: F-6) , PAGE 2
STATION: BRIDGEPORT
MONTH: AUGUST
YEAR: 2020
LATITUDE: 33 10 N
LONGITUDE: 96 30 W
[TEMPERATURE DATA] [PRECIPITATION DATA] SYMBOLS USED IN COLUMN 16
AVERAGE MONTHLY: 83.9 TOTAL FOR MONTH: 0.57 1 = FOG OR MIST
DPTR FM NORMAL: 1.4 DPTR FM NORMAL: -1.41 2 = FOG REDUCING VISIBILITY
HIGHEST: 108 ON 29 GRTST 24HR 0.32 ON 16-16 TO 1/4 MILE OR LESS
LOWEST: 60 ON 20,19 3 = THUNDER
SNOW, ICE PELLETS, HAIL 4 = ICE PELLETS
TOTAL MONTH: 0.0 INCH 5 = HAIL
GRTST 24HR 0.0 6 = FREEZING RAIN OR DRIZZLE
GRTST DEPTH: 0 7 = DUSTSTORM OR SANDSTORM:
VSBY 1/2 MILE OR LESS
8 = SMOKE OR HAZE
[NO. OF DAYS WITH] [WEATHER - DAYS WITH] 9 = BLOWING SNOW
X = TORNADO
MAX 32 OR BELOW: 0 0.01 INCH OR MORE: 3
MAX 90 OR ABOVE: 30 0.10 INCH OR MORE: 2
MIN 32 OR BELOW: 0 0.50 INCH OR MORE: 0
MIN 0 OR BELOW: 0 1.00 INCH OR MORE: 0
[HDD (BASE 65) ]
TOTAL THIS MO. 0 CLEAR (SCALE 0-3) 31
DPTR FM NORMAL 0 PTCLDY (SCALE 4-7) 0
TOTAL FM JUL 1 0 CLOUDY (SCALE 8-10) 0
DPTR FM NORMAL 0
[CDD (BASE 65) ]
TOTAL THIS MO. 594
DPTR FM NORMAL 52 [PRESSURE DATA]
TOTAL FM JAN 1 1938 HIGHEST SLP M ON M
DPTR FM NORMAL 178 LOWEST SLP M ON M
[REMARKS]
#FINAL-08-20#