000
CXUS56 KPDT 011810
CF6YKM
PRELIMINARY LOCAL CLIMATOLOGICAL DATA (WS FORM: F-6)
STATION: YAKIMA WA
MONTH: APRIL
YEAR: 2023
LATITUDE: 46 34 N
LONGITUDE: 120 32 W
TEMPERATURE IN F: :PCPN: SNOW: WIND :SUNSHINE: SKY :PK WND
================================================================================
1 2 3 4 5 6A 6B 7 8 9 10 11 12 13 14 15 16 17 18
12Z AVG MX 2MIN
DY MAX MIN AVG DEP HDD CDD WTR SNW DPTH SPD SPD DIR MIN PSBL S-S WX SPD DR
================================================================================
1 55 25 40 -7 25 0 T M M 8.8 24 280 M M 4 34 270
2 48 22 35 -12 30 0 0.01 M M 4.4 22 260 M M 3 30 260
3 54 24 39 -8 26 0 0.00 M M 9.2 21 320 M M 1 28 300
4 55 23 39 -8 26 0 0.00 M M 4.6 15 10 M M 1 21 360
5 56 21 39 -8 26 0 0.00 M M 6.0 16 210 M M 1 23 180
6 52 37 45 -3 20 0 0.21 M M 3.1 9 270 M M 10 1 13 270
7 60 38 49 1 16 0 0.04 M M 3.2 17 200 M M 7 18 25 190
8 57 31 44 -4 21 0 0.00 M M 6.0 18 200 M M 4 25 200
9 62 45 54 6 11 0 0.02 M M 11.2 30 190 M M 6 45 180
10 54 46 50 2 15 0 0.61 M M 3.5 9 360 M M 10 1 12 280
11 55 29 42 -7 23 0 T M M 9.9 26 210 M M 2 38 220
12 54 28 41 -8 24 0 0.00 M M 7.8 26 320 M M 3 8 35 310
13 56 28 42 -7 23 0 0.00 M M 4.7 14 290 M M 3 20 170
14 60 26 43 -6 22 0 0.00 M M 4.7 13 150 M M 0 17 210
15 63 31 47 -3 18 0 T M M 3.8 10 270 M M 3 14 130
16 59 33 46 -4 19 0 0.00 M M 7.9 26 200 M M 5 39 220
17 55 26 41 -9 24 0 0.07 M M 6.2 21 230 M M 2 30 240
18 56 30 43 -7 22 0 0.00 M M 7.9 29 210 M M 1 38 210
19 57 29 43 -8 22 0 0.00 M M 8.3 20 220 M M 6 28 220
20 48 24 36 -15 29 0 0.05 M M 5.0 15 130 M M 4 8 21 120
21 57 31 44 -7 21 0 0.00 M M 4.4 9 340 M M 4 1 13 290
22 65 42 54 2 11 0 T M M 3.7 12 130 M M 8 15 130
23 69 45 57 5 8 0 0.05 M M 6.4 21 220 M M 8 1 29 240
24 65 37 51 -1 14 0 0.00 M M 6.2 21 320 M M 2 27 320
25 69 31 50 -2 15 0 0.00 M M 4.4 12 330 M M 0 8 16 340
26 77 39 58 5 7 0 0.00 M M 6.5 15 10 M M 0 20 320
27 76 46 61 8 4 0 0.00 M M 6.5 21 310 M M 0 30 300
28 80 40 60 7 5 0 0.00 M M 5.7 12 280 M M 0 14 160
29 86 44 65 11 0 0 0.00 M M 5.0 13 260 M M 0 15 270
30 82 54 68 14 0 3 0.00 M M 8.8 20 320 M M 2 27 200
================================================================================
SM 1842 1005 527 3 1.06 M 183.8 M 100
================================================================================
AV 61.4 33.5 6.1 FASTST M M 3 MAX(MPH)
MISC ----> 30 190 45 180
================================================================================
NOTES:
# LAST OF SEVERAL OCCURRENCES
COLUMN 17 PEAK WIND IN M.P.H.
PRELIMINARY LOCAL CLIMATOLOGICAL DATA (WS FORM: F-6) , PAGE 2
STATION: YAKIMA WA
MONTH: APRIL
YEAR: 2023
LATITUDE: 46 34 N
LONGITUDE: 120 32 W
[TEMPERATURE DATA] [PRECIPITATION DATA] SYMBOLS USED IN COLUMN 16
AVERAGE MONTHLY: 47.5 TOTAL FOR MONTH: 1.06 1 = FOG OR MIST
DPTR FM NORMAL: -2.5 DPTR FM NORMAL: 0.51 2 = FOG REDUCING VISIBILITY
HIGHEST: 86 ON 29 GRTST 24HR 0.61 ON 10-10 TO 1/4 MILE OR LESS
LOWEST: 21 ON 5 3 = THUNDER
SNOW, ICE PELLETS, HAIL 4 = ICE PELLETS
TOTAL MONTH: M 5 = HAIL
GRTST 24HR M ON M 6 = FREEZING RAIN OR DRIZZLE
GRTST DEPTH: M ON M 7 = DUSTSTORM OR SANDSTORM:
VSBY 1/2 MILE OR LESS
8 = SMOKE OR HAZE
[NO. OF DAYS WITH] [WEATHER - DAYS WITH] 9 = BLOWING SNOW
X = TORNADO
MAX 32 OR BELOW: 0 0.01 INCH OR MORE: 8
MAX 90 OR ABOVE: 0 0.10 INCH OR MORE: 2
MIN 32 OR BELOW: 17 0.50 INCH OR MORE: 1
MIN 0 OR BELOW: 0 1.00 INCH OR MORE: 0
[HDD (BASE 65) ]
TOTAL THIS MO. 527 CLEAR (SCALE 0-3) 17
DPTR FM NORMAL 75 PTCLDY (SCALE 4-7) 10
TOTAL FM JUL 1 5693 CLOUDY (SCALE 8-10) 3
DPTR FM NORMAL 238
[CDD (BASE 65) ]
TOTAL THIS MO. 3
DPTR FM NORMAL 2 [PRESSURE DATA]
TOTAL FM JAN 1 3 HIGHEST SLP 30.39 ON 20
DPTR FM NORMAL 2 LOWEST SLP 29.63 ON 17
[REMARKS]
#FINAL-04-23#