000
CXUS51 KCLE 051726
CLSYNG
CLIMATE REPORT
NATIONAL WEATHER SERVICE CLEVELAND, OH
126 PM EDT MON SEP 05 2022
...................................
...THE YOUNGSTOWN OH CLIMATE SUMMARY FOR THE SEASON, FROM
6/1/2022 TO 8/31/2022...
CLIMATE NORMAL PERIOD 1991 TO 2020
CLIMATE RECORD PERIOD 1897 TO 2022
WEATHER OBSERVED NORMAL DEPART
VALUE DATE(S) VALUE FROM
NORMAL
................................................
TEMPERATURE (F)
RECORD
HIGH 100 07/16/1988
07/07/1988
07/14/1954
LOW 30 06/11/1972
HIGHEST 94 06/22
07/01
LOWEST 44 06/19
AVG. MAXIMUM 82.6 80.9 1.7
AVG. MINIMUM 59.3 58.4 0.9
MEAN 70.9 69.6 1.3
DAYS MAX >= 90 10 7.2
DAYS MAX <= 32 0 0.0
DAYS MIN <= 32 0 0.0
DAYS MIN <= 0 0 0.0
PRECIPITATION (INCHES)
RECORD
MAXIMUM 20.69 1986
MINIMUM 5.72 1933
TOTALS 7.71 11.65 -3.94
DAYS >= .01 33 34.8
DAYS >= .10 21 21.9
DAYS >= .50 3 7.8
DAYS >= 1.00 1 2.4
SNOWFALL (INCHES)
RECORDS
TOTAL T 2013
TOTALS 0.0 0.0
DAYS >= TRACE 0
DAYS >= 1.0 0 0.0
DEGREE DAYS
HEATING TOTAL 41 78 -37
COOLING TOTAL 612 508 104
................................................
WIND (MPH)
HIGHEST GUST SPEED/DIRECTION 39/240 DATE 07/20
SKY COVER
POSSIBLE SUNSHINE (PERCENT) MM
NUMBER OF DAYS FAIR 13
NUMBER OF DAYS PC 50
NUMBER OF DAYS CLOUDY 29
WEATHER CONDITIONS. NUMBER OF DAYS WITH
THUNDERSTORM 25 MIXED PRECIP 0
HEAVY RAIN 6 RAIN 7
LIGHT RAIN 38 FREEZING RAIN 0
LT FREEZING RAIN 0 HAIL 0
HEAVY SNOW 0 SNOW 0
LIGHT SNOW 0 SLEET 0
FOG 52 FOG W/VIS <= 1/4 MILE 4
HAZE 4
- INDICATES NEGATIVE NUMBERS.
R INDICATES RECORD WAS SET OR TIED.
MM INDICATES DATA IS MISSING.
T INDICATES TRACE AMOUNT.
$$