000
CXUS51 KPBZ 010830
CF6ZZV
PRELIMINARY LOCAL CLIMATOLOGICAL DATA (WS FORM: F-6)
STATION: ZANESVILLE OH
MONTH: JANUARY
YEAR: 2024
LATITUDE: 39 56 N
LONGITUDE: 81 54 W
TEMPERATURE IN F: :PCPN: SNOW: WIND :SUNSHINE: SKY :PK WND
================================================================================
1 2 3 4 5 6A 6B 7 8 9 10 11 12 13 14 15 16 17 18
12Z AVG MX 2MIN
DY MAX MIN AVG DEP HDD CDD WTR SNW DPTH SPD SPD DIR MIN PSBL S-S WX SPD DR
================================================================================
1 38 32 35 4 30 0 0.05 M M 6.4 14 260 M M 10 1 21 240
2 37 33 35 4 30 0 0.00 M M 6.8 14 260 M M 10 21 270
3 42 26 34 3 31 0 T M M 6.0 16 310 M M 5 1 21 300
4 34 22 28 -3 37 0 T M M 5.8 14 340 M M 9 23 300
5 40 17 29 -2 36 0 0.00 M M 0.7 7 130 M M 0 9 200
6 35 29 32 1 33 0 0.06 M M 3.4 10 60 M M 8 12 16 70
7 37 34 36 6 29 0 0.02 M M 8.4 16 270 M M 10 12 24 280
8 40 25 33 3 32 0 0.00 M M 5.5 13 100 M M 3 1 18 120
9 51 34 43 13 22 0 0.97 M M 13.1 25 240 M M 9 1 38 240
10 42 33 38 8 27 0 0.02 M M 12.4 24 250 M M 10 18 39 250
11 45 28 37 7 28 0 0.00 M M 8.1 25 270 M M 5 35 270
12 48 25 37 7 28 0 0.30 M M 10.4 26 150 M M 5 1 39 190
13 47 25 36 6 29 0 0.04 M M 16.6 28 240 M M 10 1 48 250
14 29 12 21 -9 44 0 0.01 M M 11.6 28 270 M M 4 18 46 250
15 21 10 16 -14 49 0 0.00 M M 3.9 12 230 M M 6 15 230
16 18 9 14 -16 51 0 T M M 7.7 16 270 M M 7 8 24 270
17 23 6 15 -15 50 0 0.00 M M 9.1 21 210 M M 2 29 230
18 29 21 25 -5 40 0 0.00 M M 5.4 15 200 M M 7 21 210
19 27 19 23 -7 42 0 0.07 M M 8.3 17 310 M M 10 18 27 290
20 19 8 14 -16 51 0 T M M 9.3 16 260 M M 9 18 23 260
21 25 9 17 -13 48 0 T M M 3.7 9 240 M M 7 8 13 270
22 39 5 22 -8 43 0 0.00 M M 5.7 13 180 M M 2 17 180
23 41 34 38 8 27 0 0.08 M M 1.6 8 120 M M 9 1 10 120
24 55 39 47 17 18 0 0.81 M M 4.8 12 190 M M 10 1 17 190
25 60 54 57 27 8 0 0.63 M M 4.1 10 190 M M 10 12 21 170
26 64 46 55 25 10 0 T M M 8.8 20 260 M M 10 32 240
27 47 43 45 15 20 0 0.28 M M 3.6 14 60 M M 10 1 20 60
28 48 35 42 12 23 0 0.85 M M 9.7 20 60 M M 10 13 28 350
29 37 34 36 6 29 0 T M M 7.0 15 320 M M 10 1 22 350
30 41 34 38 8 27 0 0.01 M M 6.0 15 160 M M 10 20 160
31 41 34 38 8 27 0 T M M 4.5 13 270 M M 10 1 20 240
================================================================================
SM 1200 815 999 0 4.20 M 218.4 M 237
================================================================================
AV 38.7 26.3 7.0 FASTST M M 8 MAX(MPH)
MISC ----> # 28 240 48 250
================================================================================
NOTES:
# LAST OF SEVERAL OCCURRENCES
COLUMN 17 PEAK WIND IN M.P.H.
PRELIMINARY LOCAL CLIMATOLOGICAL DATA (WS FORM: F-6) , PAGE 2
STATION: ZANESVILLE OH
MONTH: JANUARY
YEAR: 2024
LATITUDE: 39 56 N
LONGITUDE: 81 54 W
[TEMPERATURE DATA] [PRECIPITATION DATA] SYMBOLS USED IN COLUMN 16
AVERAGE MONTHLY: 32.5 TOTAL FOR MONTH: 4.20 1 = FOG OR MIST
DPTR FM NORMAL: 2.4 DPTR FM NORMAL: 1.40 2 = FOG REDUCING VISIBILITY
HIGHEST: 64 ON 26 GRTST 24HR 1.32 ON 27-28 TO 1/4 MILE OR LESS
LOWEST: 5 ON 22 3 = THUNDER
SNOW, ICE PELLETS, HAIL 4 = ICE PELLETS
TOTAL MONTH: M 5 = HAIL
GRTST 24HR M ON M 6 = FREEZING RAIN OR DRIZZLE
GRTST DEPTH: M ON M 7 = DUSTSTORM OR SANDSTORM:
VSBY 1/2 MILE OR LESS
8 = SMOKE OR HAZE
[NO. OF DAYS WITH] [WEATHER - DAYS WITH] 9 = BLOWING SNOW
X = TORNADO
MAX 32 OR BELOW: 8 0.01 INCH OR MORE: 15
MAX 90 OR ABOVE: 0 0.10 INCH OR MORE: 6
MIN 32 OR BELOW: 18 0.50 INCH OR MORE: 4
MIN 0 OR BELOW: 0 1.00 INCH OR MORE: 0
[HDD (BASE 65) ]
TOTAL THIS MO. 999 CLEAR (SCALE 0-3) 4
DPTR FM NORMAL -84 PTCLDY (SCALE 4-7) 8
TOTAL FM JUL 1 2633 CLOUDY (SCALE 8-10) 19
DPTR FM NORMAL -459
[CDD (BASE 65) ]
TOTAL THIS MO. 0
DPTR FM NORMAL 0 [PRESSURE DATA]
TOTAL FM JAN 1 0 HIGHEST SLP 30.72 ON 21
DPTR FM NORMAL 0 LOWEST SLP 28.98 ON 9
[REMARKS]
#FINAL-01-24#