000
CXAK56 PAFC 181300
CF6ADQ
PRELIMINARY LOCAL CLIMATOLOGICAL DATA (WS FORM: F-6)
STATION: KODIAK
MONTH: APRIL
YEAR: 2024
LATITUDE: 57 45 N
LONGITUDE: 152 31 W
TEMPERATURE IN F: :PCPN: SNOW: WIND :SUNSHINE: SKY :PK WND
================================================================================
1 2 3 4 5 6A 6B 7 8 9 10 11 12 13 14 15 16 17 18
12Z AVG MX 2MIN
DY MAX MIN AVG DEP HDD CDD WTR SNW DPTH SPD SPD DIR MIN PSBL S-S WX SPD DR
================================================================================
1 35 20 28 -7 37 0 T M M 16.7 35 290 M M 5 57 280
2 38 18 28 -8 37 0 T M M 17.0 35 300 M M 2 53 290
3 41 25 33 -3 32 0 0.03 M M 3.5 9 300 M M 8 15 290
4 43 34 39 3 26 0 0.08 M M 7.1 29 290 M M 9 1 38 300
5 44 34 39 3 26 0 0.00 M M 14.0 25 270 M M 1 35 290
6 36 25 31 -5 34 0 0.21 M M 6.1 17 60 M M 6 18 20 60
7 40 30 35 -2 30 0 0.33 M M 6.1 14 20 M M 8 1 20 310
8 41 22 32 -5 33 0 T M M 8.5 22 290 M M 4 29 300
9 31 17 24 -13 41 0 0.00 M M 11.1 23 300 M M 6 32 310
10 39 25 32 -6 33 0 0.02 M M 10.1 24 290 M M 6 34 280
11 41 29 35 -3 30 0 0.24 M M 6.5 28 270 M M 7 12 36 270
12 42 31 37 -1 28 0 0.01 M M 12.2 23 270 M M 7 31 270
13 39 29 34 -4 31 0 0.00 M M 12.8 25 280 M M 3 36 280
14 45 27 36 -3 29 0 0.00 M M 11.2 25 290 M M 0 33 290
15 44 24 34 -5 31 0 T M M 8.0 20 180 M M 7 27 190
16 40 34 37 -2 28 0 0.04 M M 18.2 38 90 M M 10 1 47 80
17 42 36 39 -1 26 0 3.23 M M 25.8 41 80 M M 10 1 53 80
================================================================================
SM 681 460 532 0 4.19 M 194.9 M 99
================================================================================
AV 40.1 27.1 11.5 FASTST M M 6 MAX(MPH)
MISC ----> 41 80 57 280
================================================================================
NOTES:
# LAST OF SEVERAL OCCURRENCES
COLUMN 17 PEAK WIND IN M.P.H.
PRELIMINARY LOCAL CLIMATOLOGICAL DATA (WS FORM: F-6) , PAGE 2
STATION: KODIAK
MONTH: APRIL
YEAR: 2024
LATITUDE: 57 45 N
LONGITUDE: 152 31 W
[TEMPERATURE DATA] [PRECIPITATION DATA] SYMBOLS USED IN COLUMN 16
AVERAGE MONTHLY: 33.6 TOTAL FOR MONTH: 4.19 1 = FOG OR MIST
DPTR FM NORMAL: -3.8 DPTR FM NORMAL: 0.69 2 = FOG REDUCING VISIBILITY
HIGHEST: 45 ON 14 GRTST 24HR 3.23 ON 17-17 TO 1/4 MILE OR LESS
LOWEST: 17 ON 9 3 = THUNDER
SNOW, ICE PELLETS, HAIL 4 = ICE PELLETS
TOTAL MONTH: M 5 = HAIL
GRTST 24HR M ON M 6 = FREEZING RAIN OR DRIZZLE
GRTST DEPTH: M ON M 7 = DUSTSTORM OR SANDSTORM:
VSBY 1/2 MILE OR LESS
8 = SMOKE OR HAZE
[NO. OF DAYS WITH] [WEATHER - DAYS WITH] 9 = BLOWING SNOW
X = TORNADO
MAX 32 OR BELOW: 1 0.01 INCH OR MORE: 9
MAX 90 OR ABOVE: 0 0.10 INCH OR MORE: 4
MIN 32 OR BELOW: 13 0.50 INCH OR MORE: 1
MIN 0 OR BELOW: 0 1.00 INCH OR MORE: 1
[HDD (BASE 65) ]
TOTAL THIS MO. 532 CLEAR (SCALE 0-3) 4
DPTR FM NORMAL 63 PTCLDY (SCALE 4-7) 10
TOTAL FM JUL 1 7338 CLOUDY (SCALE 8-10) 3
DPTR FM NORMAL 334
[CDD (BASE 65) ]
TOTAL THIS MO. 0
DPTR FM NORMAL 0 [PRESSURE DATA]
TOTAL FM JAN 1 0 HIGHEST SLP M ON M
DPTR FM NORMAL 0 LOWEST SLP 29.35 ON 6
[REMARKS]