000
CXUS56 KPDT 250532
CF6ALW
PRELIMINARY LOCAL CLIMATOLOGICAL DATA (WS FORM: F-6)

                                          STATION:   WALLA WALLA WA
                                          MONTH:     MAY
                                          YEAR:      2018
                                          LATITUDE:   46  5 N
                                          LONGITUDE: 118 17 W

  TEMPERATURE IN F:       :PCPN:    SNOW:  WIND      :SUNSHINE: SKY     :PK WND
================================================================================
1   2   3   4   5  6A  6B    7    8   9   10  11  12  13   14  15   16   17  18
                                     12Z  AVG MX 2MIN
DY MAX MIN AVG DEP HDD CDD  WTR  SNW DPTH SPD SPD DIR MIN PSBL S-S WX    SPD DR
================================================================================

 1  66  47  57   2   8   0 0.00  0.0    0  9.0 20 200   M    M   4        24 210
 2  72  47  60   4   5   0 0.00  0.0    0  6.3 12 110   M    M   0        14 270
 3  80  49  65   9   0   0 0.00  0.0    0  5.8 14 180   M    M   0        17 180
 4  77  59  68  12   0   3 0.00  0.0    0  7.3 15 200   M    M   0        18 200
 5  74  54  64   8   1   0    T  0.0    0  2.8  9 170   M    M   2        12 180
 6  71  56  64   7   1   0    T  0.0    0  6.9 26  20   M    M   4        30  20
 7  78  59  69  12   0   4 0.07  0.0    0  7.1 18 190   M    M   4        22 210
 8  84  56  70  13   0   5 0.36  0.0    0  9.6 35 180   M    M   0 3      44 170
 9  70  55  63   5   2   0 0.01  0.0    0 11.1 18 220   M    M   5        23 230
10  65  51  58   0   7   0 0.04  0.0    0 11.2 22 310   M    M   7        29 290
11  63  47  55  -3  10   0 0.14  0.0    0  6.8 15 190   M    M   7 1      19 190
12  77  45  61   3   4   0 0.00  0.0    0  5.6 17 360   M    M   0        22  10
13  82  51  67   8   0   2 0.00  0.0    0  7.7 21  40   M    M   0        27  10
14  88  54  71  12   0   6 0.00  0.0    0  6.2 14  20   M    M   0        18  10
15  88  57  73  14   0   8 0.00  0.0    0  4.2 14 180   M    M   0 8      16 170
16  75  61  68   8   0   3 0.10  0.0    0  7.7 17 220   M    M   4 18     22 220
17  75  58  67   7   0   2 0.01  0.0    0  9.2 16 180   M    M   8        21 180
18  72  56  64   4   1   0 0.00  0.0    0  8.3 18  30   M    M   6        21  30
19  77  54  66   6   0   1 0.00  0.0    0  5.0 12 180   M    M   3        14 170
20  73  59  66   6   0   1 0.04  0.0    0  5.1 13 190   M    M   7        15 180
21  79  60  70   9   0   5 0.00  0.0    0  7.2 14 210   M    M   9        17 190
22  87  55  71  10   0   6 0.00  0.0    M  4.9 13  40   M    M   0        17  40
23  86  59  73  12   0   8    T  0.0    0  6.7 18 190   M    M   0 3      25 180
================================================================================
SM 1759 1249        39  54  0.77     0.0 161.7          M       70
================================================================================
AV 76.5 54.3                               7.0 FASTST   M    M   3    MAX(MPH)
                                 MISC ---->  # 35 180               # 44  170
================================================================================
NOTES:
# LAST OF SEVERAL OCCURRENCES

COLUMN 17 PEAK WIND IN M.P.H.

PRELIMINARY LOCAL CLIMATOLOGICAL DATA (WS FORM: F-6) , PAGE 2

                                          STATION:  WALLA WALLA WA
                                          MONTH:    MAY
                                          YEAR:     2018
                                          LATITUDE:   46  5 N
                                          LONGITUDE: 118 17 W

[TEMPERATURE DATA]      [PRECIPITATION DATA]       SYMBOLS USED IN COLUMN 16

AVERAGE MONTHLY: 65.4   TOTAL FOR MONTH:   0.77    1 = FOG OR MIST
DPTR FM NORMAL:   7.0   DPTR FM NORMAL:   -0.79    2 = FOG REDUCING VISIBILITY
HIGHEST:    88 ON 15,14 GRTST 24HR  0.36 ON  8- 8      TO 1/4 MILE OR LESS
LOWEST:     45 ON 12                               3 = THUNDER
                        SNOW, ICE PELLETS, HAIL    4 = ICE PELLETS
                        TOTAL MONTH:   0.0 INCH    5 = HAIL
                        GRTST 24HR     0.0         6 = FREEZING RAIN OR DRIZZLE
                        GRTST DEPTH:   0           7 = DUSTSTORM OR SANDSTORM:
                                                       VSBY 1/2 MILE OR LESS
                                                   8 = SMOKE OR HAZE
[NO. OF DAYS WITH]      [WEATHER - DAYS WITH]      9 = BLOWING SNOW
                                                   X = TORNADO
MAX 32 OR BELOW:   0    0.01 INCH OR MORE:   8
MAX 90 OR ABOVE:   0    0.10 INCH OR MORE:   3
MIN 32 OR BELOW:   0    0.50 INCH OR MORE:   0
MIN  0 OR BELOW:   0    1.00 INCH OR MORE:   0

[HDD (BASE 65) ]
TOTAL THIS MO.    39    CLEAR  (SCALE 0-3)  12
DPTR FM NORMAL  -134    PTCLDY (SCALE 4-7)  10
TOTAL FM JUL 1  4420    CLOUDY (SCALE 8-10)  1
DPTR FM NORMAL  -494

[CDD (BASE 65) ]
TOTAL THIS MO.    54
DPTR FM NORMAL    34    [PRESSURE DATA]
TOTAL FM JAN 1    55    HIGHEST SLP 30.13 ON  4
DPTR FM NORMAL    33    LOWEST  SLP 29.66 ON 23

[REMARKS]
