000
CXUS55 KGJT 261000
CF6ASE
PRELIMINARY LOCAL CLIMATOLOGICAL DATA (WS FORM: F-6)

                                          STATION:   ASPEN CO
                                          MONTH:     APRIL
                                          YEAR:      2018
                                          LATITUDE:   39 13 N
                                          LONGITUDE: 106 52 W

  TEMPERATURE IN F:       :PCPN:    SNOW:  WIND      :SUNSHINE: SKY     :PK WND
================================================================================
1   2   3   4   5  6A  6B    7    8   9   10  11  12  13   14  15   16   17  18
                                     12Z  AVG MX 2MIN
DY MAX MIN AVG DEP HDD CDD  WTR  SNW DPTH SPD SPD DIR MIN PSBL S-S WX    SPD DR
================================================================================

 1  60  34  47  11  18   0 0.00    M    M  9.1 24 340   M    M   2        33 360
 2  60  33  47  11  18   0 0.01    M    M 10.8 26 330   M    M   4 1      43 320
 3  45  17  31  -5  34   0    T    M    M  7.9 23 330   M    M   1 1      30 320
 4  52  21  37   0  28   0 0.00    M    M  6.4 17 350   M    M   7        32 340
 5  58  24  41   4  24   0 0.00    M    M  6.6 21 330   M    M   4 8      34 290
 6  46  38  42   5  23   0 0.10    M    M  3.5 10 320   M    M  10 8      12 350
 7  52  34  43   5  22   0 0.98    M    M  4.8 23 130   M    M  10 1      30 140
 8  48  33  41   3  24   0 0.35    M    M  8.8 23 320   M    M   8 18     31 320
 9  50  30  40   2  25   0 0.02    M    M  6.9 20 340   M    M   5        27 330
10  61  25  43   5  22   0 0.00    M    M  6.5 14 320   M    M   0        18 350
11  65  34  50  11  15   0 0.00    M    M  8.9 29 180   M    M   3        36 160
12  62  28  45   6  20   0 0.10    M    M 12.1 33 340   M    M   4 1      47 180
13  34  23  29 -10  36   0 0.03    M    M  9.8 21 320   M    M  10 18     34 350
14  45  24  35  -4  30   0 0.01    M    M  7.3 16 330   M    M   7 18     24 330
15  57  29  43   3  22   0 0.00    M    M  5.6 17 230   M    M   4        25 260
16  62  39  51  11  14   0 0.00    M    M 10.3 28 160   M    M   3        39 150
17  50  18  34  -6  31   0 0.08    M    M 13.3 37 210   M    M   6 12     55 180
18  53  11  32  -8  33   0 0.00    M    M  5.2 12 130   M    M   0        15 300
19  64  27  46   5  19   0    T    M    M 13.4 29 180   M    M   2        37 190
20  45  31  38  -3  27   0 0.70    M    M  4.5 17 320   M    M  10 1      24 150
21  42  29  36  -5  29   0 0.10    M    M  3.1  8 220   M    M   8 1      10 220
22  62  26  44   2  21   0 0.00    M    M  4.2 12 210   M    M   0        13 220
23  65  34  50   8  15   0 0.00    M    M  7.8 25 180   M    M   4        32 180
24  55  29  42   0  23   0 0.05    M    M  8.0 21 320   M    M   6        30 320
25  65  23  44   2  21   0 0.00    M    M  6.6 15 330   M    M   0        22 360
================================================================================
SM 1358  694       594   0  2.53    M    191.4          M      118
================================================================================
AV 54.3 27.8                               7.7 FASTST   M    M   5    MAX(MPH)
                                 MISC ---->  # 37 210               # 55  180
================================================================================
NOTES:
# LAST OF SEVERAL OCCURRENCES

COLUMN 17 PEAK WIND IN M.P.H.

PRELIMINARY LOCAL CLIMATOLOGICAL DATA (WS FORM: F-6) , PAGE 2

                                          STATION:  ASPEN CO
                                          MONTH:    APRIL
                                          YEAR:     2018
                                          LATITUDE:   39 13 N
                                          LONGITUDE: 106 52 W

[TEMPERATURE DATA]      [PRECIPITATION DATA]       SYMBOLS USED IN COLUMN 16

AVERAGE MONTHLY: 41.0   TOTAL FOR MONTH:   2.53    1 = FOG OR MIST
DPTR FM NORMAL:   1.9   DPTR FM NORMAL:    1.04    2 = FOG REDUCING VISIBILITY
HIGHEST:    65 ON 25,23 GRTST 24HR  0.98 ON  7- 7      TO 1/4 MILE OR LESS
LOWEST:     11 ON 18                               3 = THUNDER
                        SNOW, ICE PELLETS, HAIL    4 = ICE PELLETS
                        TOTAL MONTH:    M          5 = HAIL
                        GRTST 24HR    M  ON   M    6 = FREEZING RAIN OR DRIZZLE
                        GRTST DEPTH:  M  ON   M    7 = DUSTSTORM OR SANDSTORM:
                                                       VSBY 1/2 MILE OR LESS
                                                   8 = SMOKE OR HAZE
[NO. OF DAYS WITH]      [WEATHER - DAYS WITH]      9 = BLOWING SNOW
                                                   X = TORNADO
MAX 32 OR BELOW:   0    0.01 INCH OR MORE:  12
MAX 90 OR ABOVE:   0    0.10 INCH OR MORE:   6
MIN 32 OR BELOW:  17    0.50 INCH OR MORE:   2
MIN  0 OR BELOW:   0    1.00 INCH OR MORE:   0

[HDD (BASE 65) ]
TOTAL THIS MO.   594    CLEAR  (SCALE 0-3)   8
DPTR FM NORMAL   -52    PTCLDY (SCALE 4-7)  12
TOTAL FM JUL 1  6723    CLOUDY (SCALE 8-10)  5
DPTR FM NORMAL -1298

[CDD (BASE 65) ]
TOTAL THIS MO.     0
DPTR FM NORMAL     0    [PRESSURE DATA]
TOTAL FM JAN 1     0    HIGHEST SLP M ON M
DPTR FM NORMAL     0    LOWEST  SLP 29.13 ON 12

[REMARKS]
