000
CXUS52 KGSP 230817
CF6AVL
PRELIMINARY LOCAL CLIMATOLOGICAL DATA (WS FORM: F-6)

                                          STATION:   ASHEVILLE NC
                                          MONTH:     MAY
                                          YEAR:      2018
                                          LATITUDE:   35 25 N
                                          LONGITUDE:  82 33 W

  TEMPERATURE IN F:       :PCPN:    SNOW:  WIND      :SUNSHINE: SKY     :PK WND
================================================================================
1   2   3   4   5  6A  6B    7    8   9   10  11  12  13   14  15   16   17  18
                                     12Z  AVG MX 2MIN
DY MAX MIN AVG DEP HDD CDD  WTR  SNW DPTH SPD SPD DIR MIN PSBL S-S WX    SPD DR
================================================================================

 1  80  39  60   1   5   0 0.00  0.0    0  4.8 15 190   M    M   0        18 180
 2  81  46  64   4   1   0 0.00  0.0    0  4.3 16 200   M    M   0        20 170
 3  83  51  67   7   0   2 0.00  0.0    0  4.8 16 180   M    M   0        23 170
 4  85  54  70  10   0   5 0.00  0.0    0  4.1 14 350   M    M   1        19  10
 5  77  60  69   9   0   4 0.00  0.0    0  5.3 17 170   M    M   3 3      24 140
 6  71  54  63   2   2   0 0.04  0.0    0  9.0 32 330   M    M   4 138    41 340
 7  75  50  63   2   2   0 0.00  0.0    0  4.8 16 340   M    M   4 3      19 340
 8  75  49  62   1   3   0 0.37  0.0    0  3.0 17 340   M    M   5 128    20 340
 9  77  53  65   4   0   0 0.00  0.0    0  4.0 12 180   M    M   4 128    15 160
10  85  56  71   9   0   6    T  0.0    0  4.3 28 350   M    M   3 3      39 350
11  82  54  68   6   0   3 1.05  0.0    0  4.4 25 140   M    M   2 13     37 140
12  86  57  72  10   0   7 0.00  0.0    0  4.4 14 340   M    M   3 12     22 340
13  87  58  73  11   0   8 0.00  0.0    0  4.4 16 340   M    M   0        21  20
14  87  58  73  10   0   8 0.00  0.0    0  4.5 14 330   M    M   0        18 160
15  78  64  71   8   0   6 1.17  0.0    0  4.3 14 150   M    M   5 1      21 150
16  74  63  69   6   0   4 2.79  0.0    0  2.2  8 280   M    M   8 1      10 330
17  78  64  71   8   0   6 1.07  0.0    0  2.2 15 180   M    M   8 13     19 150
18  76  63  70   6   0   5 2.92  0.0    0  5.0 14 170   M    M   8 13     19 120
19  78  64  71   7   0   6 0.26  0.0    0  6.3 15 200   M    M   7 13     20 180
20  82  64  73   9   0   8    T  0.0    0  3.5 15 310   M    M   4 13     19 310
21  81  63  72   8   0   7 0.02  0.0    0  3.7 15 210   M    M   6 1      21 220
22  80  62  71   6   0   6    T  0.0    0  5.9 15 200   M    M   5 8      20 210
================================================================================
SM 1758 1246        13  91  9.69     0.0  99.2          M       80
================================================================================
AV 79.9 56.6                               4.5 FASTST   M    M   4    MAX(MPH)
                                 MISC ---->  # 32 330               # 41  340
================================================================================
NOTES:
# LAST OF SEVERAL OCCURRENCES

COLUMN 17 PEAK WIND IN M.P.H.

PRELIMINARY LOCAL CLIMATOLOGICAL DATA (WS FORM: F-6) , PAGE 2

                                          STATION:  ASHEVILLE NC
                                          MONTH:    MAY
                                          YEAR:     2018
                                          LATITUDE:   35 25 N
                                          LONGITUDE:  82 33 W

[TEMPERATURE DATA]      [PRECIPITATION DATA]       SYMBOLS USED IN COLUMN 16

AVERAGE MONTHLY: 68.3   TOTAL FOR MONTH:   9.69    1 = FOG OR MIST
DPTR FM NORMAL:   6.3   DPTR FM NORMAL:    7.14    2 = FOG REDUCING VISIBILITY
HIGHEST:    87 ON 14,13 GRTST 24HR  2.92 ON 18-18      TO 1/4 MILE OR LESS
LOWEST:     39 ON  1                               3 = THUNDER
                        SNOW, ICE PELLETS, HAIL    4 = ICE PELLETS
                        TOTAL MONTH:   0.0 INCH    5 = HAIL
                        GRTST 24HR     0.0         6 = FREEZING RAIN OR DRIZZLE
                        GRTST DEPTH:   0           7 = DUSTSTORM OR SANDSTORM:
                                                       VSBY 1/2 MILE OR LESS
                                                   8 = SMOKE OR HAZE
[NO. OF DAYS WITH]      [WEATHER - DAYS WITH]      9 = BLOWING SNOW
                                                   X = TORNADO
MAX 32 OR BELOW:   0    0.01 INCH OR MORE:   9
MAX 90 OR ABOVE:   0    0.10 INCH OR MORE:   7
MIN 32 OR BELOW:   0    0.50 INCH OR MORE:   5
MIN  0 OR BELOW:   0    1.00 INCH OR MORE:   5

[HDD (BASE 65) ]
TOTAL THIS MO.    13    CLEAR  (SCALE 0-3)   9
DPTR FM NORMAL   -80    PTCLDY (SCALE 4-7)  12
TOTAL FM JUL 1  3778    CLOUDY (SCALE 8-10)  1
DPTR FM NORMAL  -387

[CDD (BASE 65) ]
TOTAL THIS MO.    91
DPTR FM NORMAL    63    [PRESSURE DATA]
TOTAL FM JAN 1    99    HIGHEST SLP M ON M
DPTR FM NORMAL    63    LOWEST  SLP 29.83 ON 17

[REMARKS]
