000
CXUS53 KIWX 230810
CF6BEH
PRELIMINARY LOCAL CLIMATOLOGICAL DATA (WS FORM: F-6)
STATION: BENTON HARBOR
MONTH: APRIL
YEAR: 2024
LATITUDE: 42 7 N
LONGITUDE: 86 26 W
TEMPERATURE IN F: :PCPN: SNOW: WIND :SUNSHINE: SKY :PK WND
================================================================================
1 2 3 4 5 6A 6B 7 8 9 10 11 12 13 14 15 16 17 18
12Z AVG MX 2MIN
DY MAX MIN AVG DEP HDD CDD WTR SNW DPTH SPD SPD DIR MIN PSBL S-S WX SPD DR
================================================================================
1 58 43 51 9 14 0 0.46 M M 11.2 23 100 M M 9 18 37 110
2 56 39 48 6 17 0 0.02 M M 16.4 30 240 M M 10 18 42 250
3 41 35 38 -5 27 0 0.36 M M 9.4 26 240 M M 10 1 36 250
4 43 39 41 -2 24 0 0.04 M M 7.6 16 300 M M 10 18 29 320
5 47 39 43 -1 22 0 T M M 5.9 15 340 M M 4 28 360
6 51 29 40 -4 25 0 0.00 M M 3.5 10 310 M M 0 16 330
7 59 33 46 2 19 0 0.19 M M 11.6 31 110 M M 5 44 130
8 73 47 60 15 5 0 0.00 M M 10.0 20 240 M M 1 28 120
9 67 43 55 10 10 0 0.00 M M 7.9 21 230 M M 0 29 250
10 65 36 51 6 14 0 0.00 M M 2.8 10 110 M M 1 14 10
11 57 46 52 6 13 0 0.36 M M 7.0 13 360 M M 10 1 25 330
12 57 45 51 5 14 0 0.01 M M 10.7 20 290 M M 8 1 34 290
13 67 44 56 10 9 0 0.00 M M 8.2 16 240 M M 0 24 190
14 76 53 65 18 0 0 0.00 M M 10.0 28 230 M M 0 41 230
15 73 51 62 15 3 0 0.00 M M 6.5 15 70 M M 0 24 60
16 80 49 65 17 0 0 0.02 M M 14.9 25 100 M M 2 39 100
17 73 52 63 15 2 0 0.06 M M 15.8 28 250 M M 9 3 40 260
18 62 47 55 7 10 0 0.27 M M 5.2 20 280 M M 5 1 28 270
19 54 45 50 2 15 0 0.04 0.0 0 11.4 21 290 M M 3 1 33 300
20 46 39 43 -6 22 0 0.00 M M 11.7 20 280 M M 5 32 280
21 51 38 45 -4 20 0 0.00 M M 7.1 17 280 M M 4 26 260
22 66 34 50 0 15 0 0.00 M M 8.8 23 230 M M 0 32 260
================================================================================
SM 1322 926 300 0 1.83 0.0 203.6 M 96
================================================================================
AV 60.1 42.1 9.3 FASTST M M 4 MAX(MPH)
MISC ----> 31 110 44 130
================================================================================
NOTES:
# LAST OF SEVERAL OCCURRENCES
COLUMN 17 PEAK WIND IN M.P.H.
PRELIMINARY LOCAL CLIMATOLOGICAL DATA (WS FORM: F-6) , PAGE 2
STATION: BENTON HARBOR
MONTH: APRIL
YEAR: 2024
LATITUDE: 42 7 N
LONGITUDE: 86 26 W
[TEMPERATURE DATA] [PRECIPITATION DATA] SYMBOLS USED IN COLUMN 16
AVERAGE MONTHLY: 51.1 TOTAL FOR MONTH: 1.83 1 = FOG OR MIST
DPTR FM NORMAL: 5.2 DPTR FM NORMAL: -0.45 2 = FOG REDUCING VISIBILITY
HIGHEST: 80 ON 16 GRTST 24HR 0.63 ON 31- 1 TO 1/4 MILE OR LESS
LOWEST: 29 ON 6 3 = THUNDER
SNOW, ICE PELLETS, HAIL 4 = ICE PELLETS
TOTAL MONTH: 0.0 INCH 5 = HAIL
GRTST 24HR 0.0 6 = FREEZING RAIN OR DRIZZLE
GRTST DEPTH: 0 7 = DUSTSTORM OR SANDSTORM:
VSBY 1/2 MILE OR LESS
8 = SMOKE OR HAZE
[NO. OF DAYS WITH] [WEATHER - DAYS WITH] 9 = BLOWING SNOW
X = TORNADO
MAX 32 OR BELOW: 0 0.01 INCH OR MORE: 11
MAX 90 OR ABOVE: 0 0.10 INCH OR MORE: 5
MIN 32 OR BELOW: 1 0.50 INCH OR MORE: 0
MIN 0 OR BELOW: 0 1.00 INCH OR MORE: 0
[HDD (BASE 65) ]
TOTAL THIS MO. 300 CLEAR (SCALE 0-3) 10
DPTR FM NORMAL -123 PTCLDY (SCALE 4-7) 6
TOTAL FM JUL 1 4715 CLOUDY (SCALE 8-10) 6
DPTR FM NORMAL -1031
[CDD (BASE 65) ]
TOTAL THIS MO. 0
DPTR FM NORMAL 0 [PRESSURE DATA]
TOTAL FM JAN 1 0 HIGHEST SLP M ON M
DPTR FM NORMAL -2 LOWEST SLP 29.19 ON 2
[REMARKS]