000
CXUS55 KCTP 220700
CF6BFD
PRELIMINARY LOCAL CLIMATOLOGICAL DATA (WS FORM: F-6)

                                          STATION:   BRADFORD
                                          MONTH:     APRIL
                                          YEAR:      2018
                                          LATITUDE:   41 47 N
                                          LONGITUDE:  78 38 W

  TEMPERATURE IN F:       :PCPN:    SNOW:  WIND      :SUNSHINE: SKY     :PK WND
================================================================================
1   2   3   4   5  6A  6B    7    8   9   10  11  12  13   14  15   16   17  18
                                     12Z  AVG MX 2MIN
DY MAX MIN AVG DEP HDD CDD  WTR  SNW DPTH SPD SPD DIR MIN PSBL S-S WX    SPD DR
================================================================================

 1  48  27  38   0  27   0 0.09    M    M 10.9 23 310   M    M   7 1      31 210
 2  44  26  35  -3  30   0 0.02    M    M  2.2 14 240   M    M   4 1      20 330
 3  53  32  43   4  22   0 0.18    M    M  9.4 18 160   M    M   9 1      31 180
 4  55  23  39   0  26   0 0.46    M    M 17.1 33 290   M    M   9 128    46 260
 5  30  20  25 -15  40   0    T    M    M  9.5 20 290   M    M   8 1      28 300
 6  40  21  31  -9  34   0 0.33    M    M 11.2 24 300   M    M  10 128    36 290
 7  29  16  23 -18  42   0 0.02    M    M  7.3 25 330   M    M   7 1      33 340
 8  29  12  21 -20  44   0    T    M    M  7.5 20 320   M    M   6 8      30 310
 9  32  13  23 -18  42   0    T    M    M  2.0 10 120   M    M   7 18     13 110
10  36  25  31 -11  34   0    T    M    M  5.8 16 310   M    M   9        21 310
11  41  25  33  -9  32   0    T    M    M  5.5 17 200   M    M   9 1      25 210
12  67  32  50   7  15   0 0.08    M    M  7.0 23 210   M    M   8 1      38 210
13  75  48  62  19   3   0 0.03    M    M  5.5 21 200   M    M   3 18     33 220
14  62  32  47   4  18   0    T    M    M  8.2 17  70   M    M   5        24  60
15  46  33  40  -4  25   0 0.27    M    M 13.8 23 130   M    M  10 12     35 140
16  42  30  36  -8  29   0 1.19    M    M  9.1 25 120   M    M  10 126    35 110
17  31  27  29 -15  36   0 0.07    M    M 10.7 24 280   M    M  10 128    35 280
18  37  28  33 -12  32   0    T    M    M  6.7 18 280   M    M   9 1      25 280
19  32  28  30 -15  35   0 0.05    M    M 11.9 25 310   M    M  10 18     33 300
20  43  26  35 -10  30   0 0.00    M    M 11.5 20 330   M    M   2        26 320
21  54  23  39  -7  26   0 0.00    M    M  4.2 14 340   M    M   0 1      17 340
================================================================================
SM  926  547       622   0  2.79    M    177.0          M      152
================================================================================
AV 44.1 26.1                               8.4 FASTST   M    M   7    MAX(MPH)
                                 MISC ---->  # 33 290               # 46  260
================================================================================
NOTES:
# LAST OF SEVERAL OCCURRENCES

COLUMN 17 PEAK WIND IN M.P.H.

PRELIMINARY LOCAL CLIMATOLOGICAL DATA (WS FORM: F-6) , PAGE 2

                                          STATION:  BRADFORD
                                          MONTH:    APRIL
                                          YEAR:     2018
                                          LATITUDE:   41 47 N
                                          LONGITUDE:  78 38 W

[TEMPERATURE DATA]      [PRECIPITATION DATA]       SYMBOLS USED IN COLUMN 16

AVERAGE MONTHLY: 35.1   TOTAL FOR MONTH:   2.79    1 = FOG OR MIST
DPTR FM NORMAL:  -7.0   DPTR FM NORMAL:    0.29    2 = FOG REDUCING VISIBILITY
HIGHEST:    75 ON 13    GRTST 24HR  1.19 ON 16-16      TO 1/4 MILE OR LESS
LOWEST:     12 ON  8                               3 = THUNDER
                        SNOW, ICE PELLETS, HAIL    4 = ICE PELLETS
                        TOTAL MONTH:    M          5 = HAIL
                        GRTST 24HR    M  ON   M    6 = FREEZING RAIN OR DRIZZLE
                        GRTST DEPTH:  M  ON   M    7 = DUSTSTORM OR SANDSTORM:
                                                       VSBY 1/2 MILE OR LESS
                                                   8 = SMOKE OR HAZE
[NO. OF DAYS WITH]      [WEATHER - DAYS WITH]      9 = BLOWING SNOW
                                                   X = TORNADO
MAX 32 OR BELOW:   6    0.01 INCH OR MORE:  12
MAX 90 OR ABOVE:   0    0.10 INCH OR MORE:   5
MIN 32 OR BELOW:  19    0.50 INCH OR MORE:   1
MIN  0 OR BELOW:   0    1.00 INCH OR MORE:   1

[HDD (BASE 65) ]
TOTAL THIS MO.   622    CLEAR  (SCALE 0-3)   3
DPTR FM NORMAL   248    PTCLDY (SCALE 4-7)   7
TOTAL FM JUL 1  6853    CLOUDY (SCALE 8-10) 11
DPTR FM NORMAL  -128

[CDD (BASE 65) ]
TOTAL THIS MO.     0
DPTR FM NORMAL     0    [PRESSURE DATA]
TOTAL FM JAN 1     0    HIGHEST SLP M ON M
DPTR FM NORMAL     0    LOWEST  SLP 29.41 ON  4

[REMARKS]
