000
CXUS51 KBUF 201205
CF6BUF
PRELIMINARY LOCAL CLIMATOLOGICAL DATA (WS FORM: F-6)

                                          STATION:   BUFFALO NY
                                          MONTH:     MAY
                                          YEAR:      2018
                                          LATITUDE:   42 55 N
                                          LONGITUDE:  78 44 W

  TEMPERATURE IN F:       :PCPN:    SNOW:  WIND      :SUNSHINE: SKY     :PK WND
================================================================================
1   2   3   4   5  6A  6B    7    8   9   10  11  12  13   14  15   16   17  18
                                     12Z  AVG MX 2MIN
DY MAX MIN AVG DEP HDD CDD  WTR  SNW DPTH SPD SPD DIR MIN PSBL S-S WX    SPD DR
================================================================================

 1  70  39  55   3  10   0 0.00  0.0    0 13.2 28 240   M    M   2        35 240
 2  79  55  67  15   0   2 0.00  0.0    0 15.8 30 260   M    M   5        41 240
 3  70  52  61   8   4   0 0.26  0.0    0 12.8 25 270   M    M   8 12     32 260
 4  77  48  63  10   2   0 0.15  0.0    0 14.7 40 240   M    M   8 12     55 230
 5  69  45  57   4   8   0 0.00  0.0    0 11.2 25 240   M    M   6        33 250
 6  72  53  63   9   2   0 0.01  0.0    0  6.1 16 340   M    M   9 8      19  20
 7  69  51  60   6   5   0 0.01  0.0    0  8.0 18  60   M    M   4        24  40
 8  79  50  65  11   0   0 0.00  0.0    0  6.3 14 270   M    M   1        19 210
 9  85  58  72  17   0   7 0.00  0.0    0  8.5 18 170   M    M   5        23 170
10  75  52  64   9   1   0 0.21  0.0    0 14.6 32 210   M    M   5 38     41 190
11  59  42  51  -4  14   0    T  0.0    0  6.7 15  20   M    M   8        21  20
12  63  48  56   0   9   0 0.08  0.0    0  6.8 15  70   M    M   8        20  60
13  74  45  60   4   5   0 0.00  0.0    0  7.8 14 220   M    M   7        16 240
14  74  56  65   9   0   0 0.00  0.0    0  9.8 20 230   M    M   8 128    24 220
15  72  62  67  10   0   2 0.32  0.0    0  5.5 16  30   M    M   7 138    22  30
16  82  54  68  11   0   3 0.00  0.0    0  4.5 17 310   M    M   6 8      21 310
17  84  61  73  16   0   8 0.00  0.0    0  6.3 24  60   M    M   5        30  70
18  72  56  64   6   1   0 0.00  0.0    0 16.2 24  50   M    M   6        29  50
19  80  61  71  13   0   6 0.45  0.0    0 10.2 18 200   M    M   9 3      22 190
================================================================================
SM 1405  988        61  28  1.49     0.0 185.0          M      117
================================================================================
AV 74.0 52.0                               9.7 FASTST   M    M   6    MAX(MPH)
                                 MISC ---->  # 40 240               # 55  230
================================================================================
NOTES:
# LAST OF SEVERAL OCCURRENCES

COLUMN 17 PEAK WIND IN M.P.H.

PRELIMINARY LOCAL CLIMATOLOGICAL DATA (WS FORM: F-6) , PAGE 2

                                          STATION:  BUFFALO NY
                                          MONTH:    MAY
                                          YEAR:     2018
                                          LATITUDE:   42 55 N
                                          LONGITUDE:  78 44 W

[TEMPERATURE DATA]      [PRECIPITATION DATA]       SYMBOLS USED IN COLUMN 16

AVERAGE MONTHLY: 63.0   TOTAL FOR MONTH:   1.49    1 = FOG OR MIST
DPTR FM NORMAL:   8.0   DPTR FM NORMAL:   -0.52    2 = FOG REDUCING VISIBILITY
HIGHEST:    85 ON  9    GRTST 24HR  0.45 ON 19-19      TO 1/4 MILE OR LESS
LOWEST:     39 ON  1                               3 = THUNDER
                        SNOW, ICE PELLETS, HAIL    4 = ICE PELLETS
                        TOTAL MONTH:   0.0 INCH    5 = HAIL
                        GRTST 24HR     0.0         6 = FREEZING RAIN OR DRIZZLE
                        GRTST DEPTH:   0           7 = DUSTSTORM OR SANDSTORM:
                                                       VSBY 1/2 MILE OR LESS
                                                   8 = SMOKE OR HAZE
[NO. OF DAYS WITH]      [WEATHER - DAYS WITH]      9 = BLOWING SNOW
                                                   X = TORNADO
MAX 32 OR BELOW:   0    0.01 INCH OR MORE:   8
MAX 90 OR ABOVE:   0    0.10 INCH OR MORE:   5
MIN 32 OR BELOW:   0    0.50 INCH OR MORE:   0
MIN  0 OR BELOW:   0    1.00 INCH OR MORE:   0

[HDD (BASE 65) ]
TOTAL THIS MO.    61    CLEAR  (SCALE 0-3)   2
DPTR FM NORMAL  -137    PTCLDY (SCALE 4-7)  13
TOTAL FM JUL 1  6373    CLOUDY (SCALE 8-10)  4
DPTR FM NORMAL  -106

[CDD (BASE 65) ]
TOTAL THIS MO.    28
DPTR FM NORMAL    21    [PRESSURE DATA]
TOTAL FM JAN 1    28    HIGHEST SLP M ON M
DPTR FM NORMAL    18    LOWEST  SLP 29.60 ON  4

[REMARKS]
