000
CXUS55 KLOX 201655
CF6CMA
PRELIMINARY LOCAL CLIMATOLOGICAL DATA (WS FORM: F-6)

                                          STATION:   CAMARILLO AIRPORT CA
                                          MONTH:     MAY
                                          YEAR:      2018
                                          LATITUDE:   34 12 N
                                          LONGITUDE: 119  6 W

  TEMPERATURE IN F:       :PCPN:    SNOW:  WIND      :SUNSHINE: SKY     :PK WND
================================================================================
1   2   3   4   5  6A  6B    7    8   9   10  11  12  13   14  15   16   17  18
                                     12Z  AVG MX 2MIN
DY MAX MIN AVG DEP HDD CDD  WTR  SNW DPTH SPD SPD DIR MIN PSBL S-S WX    SPD DR
================================================================================

 1  60  50  55  -5  10   0    T  0.0    0  4.4 13 200   M    M   8        16 200
 2  63  51  57  -3   8   0 0.00  0.0    0  5.1 15 220   M    M   9        19 220
 3  68  50  59  -1   6   0 0.00  0.0    0  5.0 14 260   M    M   2        21 240
 4  77  48  63   3   2   0 0.00  0.0    0  4.7 14 270   M    M   0 1      17 270
 5  72  49  61   1   4   0 0.00  0.0    0  4.7 13 260   M    M   0 18     23 230
 6  71  48  60   0   5   0 0.00  0.0    0  4.0 15 260   M    M   0 1      18 240
 7  71  46  59  -1   6   0 0.00  0.0    0  4.5 14 220   M    M   0 8      19 220
 8  71  51  61   0   4   0 0.00  0.0    0  3.5 14 260   M    M   4 128    17 260
 9  70  52  61   0   4   0 0.00  0.0    0  4.8 13 240   M    M   3 18     18 240
10  68  51  60  -1   5   0 0.00  0.0    0  5.2 18 260   M    M   0 18     23 230
11  63  53  58  -3   7   0 0.00  0.0    0  4.5 13 280   M    M   9 18     15 260
12  67  56  62   1   3   0 0.00  0.0    0  6.7 15 210   M    M  10 18     19 250
13  70  53  62   1   3   0 0.00  0.0    0  7.1 23 280   M    M   6        26 280
14  67  49  58  -3   7   0 0.00  0.0    0  6.4 16 260   M    M   1        22 230
15  67  49  58  -3   7   0 0.00  0.0    0  6.9 16 280   M    M   0        23 220
16  70  47  59  -3   6   0 0.00  0.0    0  8.3 20 270   M    M   0        24 270
17  68  49  59  -3   6   0 0.00  0.0    0  6.4 18 210   M    M   1        23 220
18  67  51  59  -3   6   0 0.00  0.0    0  4.9 14 220   M    M   3 8      20 220
19  67  50  59  -3   6   0 0.00  0.0    0  4.9 14 230   M    M   4        17 240
================================================================================
SM 1297  953       105   0    T      0.0 102.1          M       60
================================================================================
AV 68.3 50.2                               5.4 FASTST   M    M   3    MAX(MPH)
                                 MISC ---->  # 23 280               # 26  280
================================================================================
NOTES:
# LAST OF SEVERAL OCCURRENCES

COLUMN 17 PEAK WIND IN M.P.H.

PRELIMINARY LOCAL CLIMATOLOGICAL DATA (WS FORM: F-6) , PAGE 2

                                          STATION:  CAMARILLO AIRPORT CA
                                          MONTH:    MAY
                                          YEAR:     2018
                                          LATITUDE:   34 12 N
                                          LONGITUDE: 119  6 W

[TEMPERATURE DATA]      [PRECIPITATION DATA]       SYMBOLS USED IN COLUMN 16

AVERAGE MONTHLY: 59.2   TOTAL FOR MONTH:      T    1 = FOG OR MIST
DPTR FM NORMAL:  -1.6   DPTR FM NORMAL:   -0.29    2 = FOG REDUCING VISIBILITY
HIGHEST:    77 ON  4    GRTST 24HR    T  ON  1- 1      TO 1/4 MILE OR LESS
LOWEST:     46 ON  7                               3 = THUNDER
                        SNOW, ICE PELLETS, HAIL    4 = ICE PELLETS
                        TOTAL MONTH:   0.0 INCH    5 = HAIL
                        GRTST 24HR     0.0         6 = FREEZING RAIN OR DRIZZLE
                        GRTST DEPTH:   0           7 = DUSTSTORM OR SANDSTORM:
                                                       VSBY 1/2 MILE OR LESS
                                                   8 = SMOKE OR HAZE
[NO. OF DAYS WITH]      [WEATHER - DAYS WITH]      9 = BLOWING SNOW
                                                   X = TORNADO
MAX 32 OR BELOW:   0    0.01 INCH OR MORE:   0
MAX 90 OR ABOVE:   0    0.10 INCH OR MORE:   0
MIN 32 OR BELOW:   0    0.50 INCH OR MORE:   0
MIN  0 OR BELOW:   0    1.00 INCH OR MORE:   0

[HDD (BASE 65) ]
TOTAL THIS MO.   105    CLEAR  (SCALE 0-3)  12
DPTR FM NORMAL    19    PTCLDY (SCALE 4-7)   4
TOTAL FM JUL 1  1144    CLOUDY (SCALE 8-10)  3
DPTR FM NORMAL  -762

[CDD (BASE 65) ]
TOTAL THIS MO.     0
DPTR FM NORMAL     0    [PRESSURE DATA]
TOTAL FM JAN 1    52    HIGHEST SLP M ON M
DPTR FM NORMAL    32    LOWEST  SLP 29.76 ON 10

[REMARKS]
