000
CXUS53 KMPX 211000
CF6EAU
PRELIMINARY LOCAL CLIMATOLOGICAL DATA (WS FORM: F-6)

                                          STATION:   EAU CLAIRE WI
                                          MONTH:     APRIL
                                          YEAR:      2018
                                          LATITUDE:   44 52 N
                                          LONGITUDE:  91 29 W

  TEMPERATURE IN F:       :PCPN:    SNOW:  WIND      :SUNSHINE: SKY     :PK WND
================================================================================
1   2   3   4   5  6A  6B    7    8   9   10  11  12  13   14  15   16   17  18
                                     12Z  AVG MX 2MIN
DY MAX MIN AVG DEP HDD CDD  WTR  SNW DPTH SPD SPD DIR MIN PSBL S-S WX    SPD DR
================================================================================

 1  28   7  18 -21  47   0 0.00  0.0    2  8.9 17 260   M    M   0        26 230
 2  34  11  23 -16  42   0 0.16  2.6    1  6.1 14 200   M    M   6 18     18 200
 3  31  24  28 -12  37   0 0.30  4.3    4 10.0 18  40   M    M  10 1      24  40
 4  28  13  21 -19  44   0    T    T    7 10.6 20 320   M    M   1 1      28 320
 5  36   5  21 -20  44   0 0.01  0.2    6  6.2 17 310   M    M   3 1      23 310
 6  30  12  21 -20  44   0    T    T    4 16.0 25 300   M    M   3 18     38 290
 7  28  11  20 -22  45   0 0.00  0.0    4  9.6 21 250   M    M   3        28 300
 8  34   4  19 -23  46   0 0.00  0.0    4  3.1  9 190   M    M   4 1      12 160
 9  38  22  30 -13  35   0 0.00  0.0    3  5.9 17 260   M    M   3        21 260
10  36  24  30 -13  35   0    T    T    2  7.0 17 210   M    M   9 8      22 200
11  50  25  38  -6  27   0    T  0.0    1  4.8 12  70   M    M   4 18     15  60
12  49  36  43  -1  22   0 0.04  0.0    T  5.9 13 110   M    M   8 1      17 330
13  41  28  35 -10  30   0 0.20  1.3    0 15.1 25  60   M    M   8 138    36  70
14  31  21  26 -19  39   0 0.63  5.8    4 19.9 31  70   M    M  10 128    47  40
15  26  22  24 -22  41   0 0.22  3.8    7 10.7 17  40   M    M  10 12     28  30
16  31  24  28 -18  37   0 0.01  0.6    9 11.6 18 310   M    M   9 1      25 320
17  41  26  34 -13  31   0 0.00  0.0    8  8.3 15  60   M    M   6        21  30
18  39  25  32 -15  33   0    T    T    6  8.1 15  60   M    M   6        23  40
19  51  20  36 -12  29   0 0.00  0.0    5  3.8 13 310   M    M   0        19 280
20  55  24  40  -8  25   0 0.00  0.0    3  2.5 13 240   M    M   0        19 220
================================================================================
SM  737  384       733   0  1.57    18.6 174.1          M      103
================================================================================
AV 36.9 19.2                               8.7 FASTST   M    M   5    MAX(MPH)
                                 MISC ---->  # 31  70               # 47   40
================================================================================
NOTES:
# LAST OF SEVERAL OCCURRENCES

COLUMN 17 PEAK WIND IN M.P.H.

PRELIMINARY LOCAL CLIMATOLOGICAL DATA (WS FORM: F-6) , PAGE 2

                                          STATION:  EAU CLAIRE WI
                                          MONTH:    APRIL
                                          YEAR:     2018
                                          LATITUDE:   44 52 N
                                          LONGITUDE:  91 29 W

[TEMPERATURE DATA]      [PRECIPITATION DATA]       SYMBOLS USED IN COLUMN 16

AVERAGE MONTHLY: 28.0   TOTAL FOR MONTH:   1.57    1 = FOG OR MIST
DPTR FM NORMAL: -15.5   DPTR FM NORMAL:   -0.14    2 = FOG REDUCING VISIBILITY
HIGHEST:    55 ON 20    GRTST 24HR  0.63 ON 14-14      TO 1/4 MILE OR LESS
LOWEST:      4 ON  8                               3 = THUNDER
                        SNOW, ICE PELLETS, HAIL    4 = ICE PELLETS
                        TOTAL MONTH:  18.6 INCHES  5 = HAIL
                        GRTST 24HR   5.8 ON 14-14  6 = FREEZING RAIN OR DRIZZLE
                        GRTST DEPTH:   9 ON 16     7 = DUSTSTORM OR SANDSTORM:
                                                       VSBY 1/2 MILE OR LESS
                                                   8 = SMOKE OR HAZE
[NO. OF DAYS WITH]      [WEATHER - DAYS WITH]      9 = BLOWING SNOW
                                                   X = TORNADO
MAX 32 OR BELOW:   8    0.01 INCH OR MORE:   8
MAX 90 OR ABOVE:   0    0.10 INCH OR MORE:   5
MIN 32 OR BELOW:  19    0.50 INCH OR MORE:   1
MIN  0 OR BELOW:   0    1.00 INCH OR MORE:   0

[HDD (BASE 65) ]
TOTAL THIS MO.   733    CLEAR  (SCALE 0-3)   6
DPTR FM NORMAL   303    PTCLDY (SCALE 4-7)   9
TOTAL FM JUL 1  7994    CLOUDY (SCALE 8-10)  5
DPTR FM NORMAL   500

[CDD (BASE 65) ]
TOTAL THIS MO.     0
DPTR FM NORMAL     0    [PRESSURE DATA]
TOTAL FM JAN 1     0    HIGHEST SLP M ON M
DPTR FM NORMAL     0    LOWEST  SLP 29.66 ON 12

[REMARKS]
