000
CXUS56 KOTX 250900
CF6EPH
PRELIMINARY LOCAL CLIMATOLOGICAL DATA (WS FORM: F-6)

                                          STATION:   EPHRATA WA AIRPORT
                                          MONTH:     MAY
                                          YEAR:      2018
                                          LATITUDE:   47 18 N
                                          LONGITUDE: 119 31 W

  TEMPERATURE IN F:       :PCPN:    SNOW:  WIND      :SUNSHINE: SKY     :PK WND
================================================================================
1   2   3   4   5  6A  6B    7    8   9   10  11  12  13   14  15   16   17  18
                                     12Z  AVG MX 2MIN
DY MAX MIN AVG DEP HDD CDD  WTR  SNW DPTH SPD SPD DIR MIN PSBL S-S WX    SPD DR
================================================================================

 1  71  46  59   5   6   0 0.00    M    M 11.7 22 340   M    M   2        28  10
 2  77  42  60   5   5   0 0.00    M    M  8.1 23 310   M    M   0        26 310
 3  78  44  61   6   4   0 0.00    M    M  5.8 12 160   M    M   0        17 120
 4  80  50  65   9   0   0 0.00    M    M  7.4 21 310   M    M   1        25 310
 5  75  61  68  12   0   3 0.00    M    M  8.0 20 330   M    M   3        26 350
 6  79  57  68  12   0   3 0.18    M    M 13.0 35 130   M    M   5 1      42 130
 7  78  57  68  12   0   3 0.00    M    M  4.2 12  70   M    M   4 13     16 140
 8  83  53  68  11   0   3 0.05    M    M  6.2 22 220   M    M   1 1      29 200
 9  76  55  66   9   0   1    T    M    M 10.2 24 300   M    M   5 1      28 300
10  70  53  62   4   3   0 0.04    M    M  7.1 29 330   M    M   7        39 340
11  73  53  63   5   2   0 0.02    M    M  8.7 26  70   M    M   9 13     32  80
12  84  55  70  12   0   5 0.00    M    M 10.9 21  40   M    M   1        27  50
13  89  58  74  15   0   9 0.00    M    M  7.5 16  10   M    M   0        26  10
14  88  52  70  11   0   5 0.00    M    M  5.8 13  20   M    M   0        17 120
15  90  53  72  13   0   7 0.00    M    M  6.0 17 310   M    M   0        20 310
16  85  54  70  10   0   5 0.00    M    M  7.3 18 160   M    M   1        26 140
17  80  56  68   8   0   3 0.72    M    M  9.7 29 350   M    M   4 13     34 350
18  64  56  60   0   5   0 0.07    M    M 12.5 20  10   M    M  10 1      23  10
19  75  55  65   5   0   0 0.05    M    M  9.9 15  40   M    M   7        21  40
20  80  56  68   7   0   3    T    M    M  8.1 21 300   M    M   3        27 310
21  82  59  71  10   0   6 0.00    M    M  7.4 22 310   M    M   0        27 310
22  88  55  72  11   0   7 0.00    M    M  6.2 12 320   M    M   0 8      16  20
23  90  58  74  12   0   9 0.00    M    M  6.6 26 120   M    M   1 3      32 130
24  89  56  73  11   0   8 0.00    M    M  7.6 20 240   M    M   0        27 210
================================================================================
SM 1924 1294        25  80  1.13    M    195.9          M       64
================================================================================
AV 80.2 53.9                               8.2 FASTST   M    M   3    MAX(MPH)
                                 MISC ---->  # 35 130               # 42  130
================================================================================
NOTES:
# LAST OF SEVERAL OCCURRENCES

COLUMN 17 PEAK WIND IN M.P.H.

PRELIMINARY LOCAL CLIMATOLOGICAL DATA (WS FORM: F-6) , PAGE 2

                                          STATION:  EPHRATA WA AIRPORT
                                          MONTH:    MAY
                                          YEAR:     2018
                                          LATITUDE:   47 18 N
                                          LONGITUDE: 119 31 W

[TEMPERATURE DATA]      [PRECIPITATION DATA]       SYMBOLS USED IN COLUMN 16

AVERAGE MONTHLY: 67.0   TOTAL FOR MONTH:   1.13    1 = FOG OR MIST
DPTR FM NORMAL:   8.7   DPTR FM NORMAL:    0.67    2 = FOG REDUCING VISIBILITY
HIGHEST:    90 ON 23,15 GRTST 24HR  0.72 ON 17-17      TO 1/4 MILE OR LESS
LOWEST:     42 ON  2                               3 = THUNDER
                        SNOW, ICE PELLETS, HAIL    4 = ICE PELLETS
                        TOTAL MONTH:    M          5 = HAIL
                        GRTST 24HR    M  ON   M    6 = FREEZING RAIN OR DRIZZLE
                        GRTST DEPTH:  M  ON   M    7 = DUSTSTORM OR SANDSTORM:
                                                       VSBY 1/2 MILE OR LESS
                                                   8 = SMOKE OR HAZE
[NO. OF DAYS WITH]      [WEATHER - DAYS WITH]      9 = BLOWING SNOW
                                                   X = TORNADO
MAX 32 OR BELOW:   0    0.01 INCH OR MORE:   7
MAX 90 OR ABOVE:   2    0.10 INCH OR MORE:   2
MIN 32 OR BELOW:   0    0.50 INCH OR MORE:   1
MIN  0 OR BELOW:   0    1.00 INCH OR MORE:   0

[HDD (BASE 65) ]
TOTAL THIS MO.    25    CLEAR  (SCALE 0-3)  16
DPTR FM NORMAL  -158    PTCLDY (SCALE 4-7)   6
TOTAL FM JUL 1  5337    CLOUDY (SCALE 8-10)  2
DPTR FM NORMAL  -543

[CDD (BASE 65) ]
TOTAL THIS MO.    80
DPTR FM NORMAL    58    [PRESSURE DATA]
TOTAL FM JAN 1    85    HIGHEST SLP  0.00 ON M
DPTR FM NORMAL    61    LOWEST  SLP 29.69 ON 23

[REMARKS]
