000
CXUS53 KPAH 210632
CF6EVV
PRELIMINARY LOCAL CLIMATOLOGICAL DATA (WS FORM: F-6)

                                          STATION:   EVANSVILLE IN
                                          MONTH:     MAY
                                          YEAR:      2018
                                          LATITUDE:   38  2 N
                                          LONGITUDE:  87 32 W

  TEMPERATURE IN F:       :PCPN:    SNOW:  WIND      :SUNSHINE: SKY     :PK WND
================================================================================
1   2   3   4   5  6A  6B    7    8   9   10  11  12  13   14  15   16   17  18
                                     12Z  AVG MX 2MIN
DY MAX MIN AVG DEP HDD CDD  WTR  SNW DPTH SPD SPD DIR MIN PSBL S-S WX    SPD DR
================================================================================

 1  82  47  65   4   0   0 0.00  0.0    0  7.6 18 210   M    M   0        30 220
 2  85  66  76  14   0  11 0.00  0.0    0 13.6 24 210   M    M   5        33 220
 3  75  65  70   8   0   5 0.41  0.0    0  9.6 23 230   M    M   7 13     41 220
 4  77  64  71   9   0   6 0.11  0.0    0  8.5 21 240   M    M   5 13     30 240
 5  69  57  63   1   2   0 0.00  0.0    0  4.8 10  60   M    M   5 1      14  70
 6  83  54  69   6   0   4    T  0.0    0  6.5 20 270   M    M   1 1      33 270
 7  77  56  67   4   0   2 0.00  0.0    0  6.9 16  20   M    M   0        27  10
 8  80  49  65   2   0   0 0.00  0.0    0  2.0  7 150   M    M   0        14 100
 9  85  55  70   6   0   5 0.07  0.0    0  9.3 30 220   M    M   2 3      40 210
10  88  60  74  10   0   9 0.06  0.0    0  6.9 22 210   M    M   1 3      33 200
11  88  62  75  11   0  10 0.00  0.0    0  9.3 24 200   M    M   0        35 220
12  88  65  77  13   0  12 0.00  0.0    0  9.8 22 220   M    M   1        30 180
13  90  65  78  13   0  13 0.00  0.0    0  7.3 17 230   M    M   2        24 220
14  92  68  80  15   0  15 0.10  0.0    0  6.2 28 260   M    M   2 13     41 260
15  88  65  77  12   0  12    T  0.0    0  4.3 12 270   M    M   1 1      19 240
16  83  67  75   9   0  10 0.27  0.0    0  3.4 12  60   M    M   6 13     16  50
17  84  66  75   9   0  10 0.12  0.0    0  5.7 22  90   M    M   3 138    30  90
18  77  66  72   6   0   7 0.45  0.0    0  4.8 10  40   M    M   7 13     15  50
19  82  66  74   7   0   9    T  0.0    0  7.0 17 260   M    M   4 1      26 260
20  86  64  75   8   0  10    T  0.0    0  4.7 15 340   M    M   1 13     21 340
================================================================================
SM 1659 1227         2 150  1.59     0.0 138.2          M       53
================================================================================
AV 83.0 61.4                               6.9 FASTST   M    M   3    MAX(MPH)
                                 MISC ---->  # 30 220               # 41  220
================================================================================
NOTES:
# LAST OF SEVERAL OCCURRENCES

COLUMN 17 PEAK WIND IN M.P.H.

PRELIMINARY LOCAL CLIMATOLOGICAL DATA (WS FORM: F-6) , PAGE 2

                                          STATION:  EVANSVILLE IN
                                          MONTH:    MAY
                                          YEAR:     2018
                                          LATITUDE:   38  2 N
                                          LONGITUDE:  87 32 W

[TEMPERATURE DATA]      [PRECIPITATION DATA]       SYMBOLS USED IN COLUMN 16

AVERAGE MONTHLY: 72.2   TOTAL FOR MONTH:   1.59    1 = FOG OR MIST
DPTR FM NORMAL:   8.1   DPTR FM NORMAL:   -1.89    2 = FOG REDUCING VISIBILITY
HIGHEST:    92 ON 14    GRTST 24HR  0.45 ON 18-18      TO 1/4 MILE OR LESS
LOWEST:     47 ON  1                               3 = THUNDER
                        SNOW, ICE PELLETS, HAIL    4 = ICE PELLETS
                        TOTAL MONTH:   0.0 INCH    5 = HAIL
                        GRTST 24HR     0.0         6 = FREEZING RAIN OR DRIZZLE
                        GRTST DEPTH:   0           7 = DUSTSTORM OR SANDSTORM:
                                                       VSBY 1/2 MILE OR LESS
                                                   8 = SMOKE OR HAZE
[NO. OF DAYS WITH]      [WEATHER - DAYS WITH]      9 = BLOWING SNOW
                                                   X = TORNADO
MAX 32 OR BELOW:   0    0.01 INCH OR MORE:   8
MAX 90 OR ABOVE:   2    0.10 INCH OR MORE:   6
MIN 32 OR BELOW:   0    0.50 INCH OR MORE:   0
MIN  0 OR BELOW:   0    1.00 INCH OR MORE:   0

[HDD (BASE 65) ]
TOTAL THIS MO.     2    CLEAR  (SCALE 0-3)  12
DPTR FM NORMAL   -68    PTCLDY (SCALE 4-7)   8
TOTAL FM JUL 1  4477    CLOUDY (SCALE 8-10)  0
DPTR FM NORMAL   -48

[CDD (BASE 65) ]
TOTAL THIS MO.   150
DPTR FM NORMAL    99    [PRESSURE DATA]
TOTAL FM JAN 1   165    HIGHEST SLP M ON M
DPTR FM NORMAL    87    LOWEST  SLP 29.80 ON  9

[REMARKS]
