000
CXUS55 KFSD 220905
CF6FSD
PRELIMINARY LOCAL CLIMATOLOGICAL DATA (WS FORM: F-6)

                                          STATION:   SIOUX FALLS
                                          MONTH:     MAY
                                          YEAR:      2018
                                          LATITUDE:   43 34 N
                                          LONGITUDE:  96 44 W

  TEMPERATURE IN F:       :PCPN:    SNOW:  WIND      :SUNSHINE: SKY     :PK WND
================================================================================
1   2   3   4   5  6A  6B    7    8   9   10  11  12  13   14  15   16   17  18
                                     12Z  AVG MX 2MIN
DY MAX MIN AVG DEP HDD CDD  WTR  SNW DPTH SPD SPD DIR MIN PSBL S-S WX    SPD DR
================================================================================

 1  67  48  58   5   7   0    T  0.0    0  9.4 24 150   M    M   8 3      34 140
 2  66  40  53   0  12   0 0.00  0.0    0  6.5 15 360   M    M   8        22 360
 3  71  45  58   4   7   0 0.00  0.0    0  6.8 22  60   M    M   8        28  60
 4  78  47  63   9   2   0 0.00  0.0    0  9.7 21 330   M    M   2        28 340
 5  84  50  67  13   0   2    T  0.0    0  6.8 38 310   M    M   5 3      54 320
 6  78  51  65  10   0   0 0.00  0.0    0  6.6 21  40   M    M   1        29  50
 7  81  51  66  11   0   1 0.00  0.0    0 12.8 24 190   M    M   3        35 160
 8  70  52  61   5   4   0 0.77  0.0    0 10.3 20 150   M    M   8 13     32 150
 9  76  52  64   8   1   0 0.00  0.0    0 11.7 24 330   M    M   5 13     33 320
10  59  42  51  -5  14   0 0.48  0.0    0 14.1 22  50   M    M   8 13     28  70
11  51  42  47  -9  18   0 0.76  0.0    0 14.4 26 110   M    M  10 1      34 120
12  55  45  50  -7  15   0    T  0.0    0 12.3 24  40   M    M  10 1      32  40
13  66  49  58   1   7   0 0.03  0.0    0  5.9 26  70   M    M  10 1      32  70
14  72  50  61   4   4   0    T  0.0    0  4.5 15 310   M    M   9 1      17 320
15  77  46  62   4   3   0 0.00  0.0    0  3.5 15  80   M    M   4 12     20  70
16  84  50  67   9   0   2 0.00  0.0    0  3.9 13 200   M    M   2 1      17 190
17  82  53  68  10   0   3 0.00  0.0    0 10.6 24 180   M    M   5        33 150
18  76  55  66   7   0   1    T  0.0    0 11.6 23 180   M    M   7        34 150
19  63  47  55  -4  10   0 0.00  0.0    0 12.7 24 360   M    M   9        32  10
20  60  48  54  -5  11   0 0.02  0.0    0  8.7 21  50   M    M  10 1      29  50
21  68  53  61   1   4   0 0.13  0.0    0  3.3  8 140   M    M   7 1      11 130
================================================================================
SM 1484 1016       119   9  2.19     0.0 186.1          M      139
================================================================================
AV 70.7 48.4                               8.9 FASTST   M    M   7    MAX(MPH)
                                 MISC ---->  # 38 310               # 54  320
================================================================================
NOTES:
# LAST OF SEVERAL OCCURRENCES

COLUMN 17 PEAK WIND IN M.P.H.

PRELIMINARY LOCAL CLIMATOLOGICAL DATA (WS FORM: F-6) , PAGE 2

                                          STATION:  SIOUX FALLS
                                          MONTH:    MAY
                                          YEAR:     2018
                                          LATITUDE:   43 34 N
                                          LONGITUDE:  96 44 W

[TEMPERATURE DATA]      [PRECIPITATION DATA]       SYMBOLS USED IN COLUMN 16

AVERAGE MONTHLY: 59.5   TOTAL FOR MONTH:   2.19    1 = FOG OR MIST
DPTR FM NORMAL:   3.1   DPTR FM NORMAL:   -0.06    2 = FOG REDUCING VISIBILITY
HIGHEST:    84 ON 16, 5 GRTST 24HR  0.77 ON  8- 8      TO 1/4 MILE OR LESS
LOWEST:     40 ON  2                               3 = THUNDER
                        SNOW, ICE PELLETS, HAIL    4 = ICE PELLETS
                        TOTAL MONTH:   0.0 INCH    5 = HAIL
                        GRTST 24HR     0.0         6 = FREEZING RAIN OR DRIZZLE
                        GRTST DEPTH:   0           7 = DUSTSTORM OR SANDSTORM:
                                                       VSBY 1/2 MILE OR LESS
                                                   8 = SMOKE OR HAZE
[NO. OF DAYS WITH]      [WEATHER - DAYS WITH]      9 = BLOWING SNOW
                                                   X = TORNADO
MAX 32 OR BELOW:   0    0.01 INCH OR MORE:   6
MAX 90 OR ABOVE:   0    0.10 INCH OR MORE:   4
MIN 32 OR BELOW:   0    0.50 INCH OR MORE:   2
MIN  0 OR BELOW:   0    1.00 INCH OR MORE:   0

[HDD (BASE 65) ]
TOTAL THIS MO.   119    CLEAR  (SCALE 0-3)   4
DPTR FM NORMAL   -77    PTCLDY (SCALE 4-7)   9
TOTAL FM JUL 1  7561    CLOUDY (SCALE 8-10)  8
DPTR FM NORMAL   -42

[CDD (BASE 65) ]
TOTAL THIS MO.     9
DPTR FM NORMAL    -8    [PRESSURE DATA]
TOTAL FM JAN 1    16    HIGHEST SLP M ON M
DPTR FM NORMAL    -6    LOWEST  SLP 29.69 ON  1

[REMARKS]
