000
CXUS54 KFWD 220730
CF6GLE
PRELIMINARY LOCAL CLIMATOLOGICAL DATA (WS FORM: F-6)

                                          STATION:   GAINESVILLE
                                          MONTH:     MAY
                                          YEAR:      2018
                                          LATITUDE:   33 39 N
                                          LONGITUDE:  97 12 W

  TEMPERATURE IN F:       :PCPN:    SNOW:  WIND      :SUNSHINE: SKY     :PK WND
================================================================================
1   2   3   4   5  6A  6B    7    8   9   10  11  12  13   14  15   16   17  18
                                     12Z  AVG MX 2MIN
DY MAX MIN AVG DEP HDD CDD  WTR  SNW DPTH SPD SPD DIR MIN PSBL S-S WX    SPD DR
================================================================================

 1  77  65  71   5   0   6 0.01  0.0    0 15.2 21 160   M    M  10        28 160
 2  83  69  76  10   0  11    T  0.0    0 13.2 23 150   M    M   9 1      29 150
 3  79  64  72   5   0   7 0.55  0.0    0 13.0 24 150   M    M   6        31 160
 4  72  58  65  -2   0   0 0.31  0.0    0  3.2 10  30   M    M   6 1       M  M
 5  80  53  67   0   0   2 0.00  0.0    0  3.9 12 340   M    M   0        17 350
 6  85  54  70   2   0   5 0.00  0.0    0  2.4  8 170   M    M   0         M  M
 7  90  57  74   6   0   9 0.00  0.0    0  3.8  9 200   M    M   0         M  M
 8  87  61  74   6   0   9 0.00  0.0    0 10.5 18 170   M    M   0        25 190
 9  86  61  74   6   0   9 0.00  0.0    0 11.0 17 180   M    M   0        23 210
10  83  59  71   2   0   6 0.00  0.0    0 10.1 22 150   M    M   0        27 180
11  85  67  76   7   0  11 0.00  0.0    0 17.6 23 170   M    M   1        33 170
12  86  68  77   8   0  12 0.00  0.0    0 12.8 20 180   M    M   2        27 180
13  86  68  77   8   0  12 0.00  0.0    0 10.7 21 160   M    M   2        27 160
14  87  69  78   8   0  13 0.00  0.0    0  9.7 17 200   M    M   2        24 190
15  86  65  76   6   0  11 0.03  0.0    0  8.5 15  20   M    M   3        25  20
16  84  65  75   5   0  10 0.00  0.0    0  3.3  9 350   M    M   2         M  M
17  90  61  76   6   0  11 0.24  0.0    0  4.9 12  70   M    M   1         M  M
18  91  66  79   8   0  14 0.12  0.0    0  7.1 14 130   M    M   0        30 310
19  87  71  79   8   0  14 0.00  0.0    0 10.6 18 180   M    M   1        29 170
20  78  64  71   0   0   6 0.64  0.0    0  6.1 15 280   M    M   8        21 310
21  84  63  74   2   0   9 0.00  0.0    M  1.4  7 360   M    M   3 1       M  M
================================================================================
SM 1766 1328         0 187  1.90     0.0 179.0          M       56
================================================================================
AV 84.1 63.2                               8.5 FASTST   M    M   3    MAX(MPH)
                                 MISC ---->  # 24 150               # 33  170
================================================================================
NOTES:
# LAST OF SEVERAL OCCURRENCES

COLUMN 17 PEAK WIND IN M.P.H.

PRELIMINARY LOCAL CLIMATOLOGICAL DATA (WS FORM: F-6) , PAGE 2

                                          STATION:  GAINESVILLE
                                          MONTH:    MAY
                                          YEAR:     2018
                                          LATITUDE:   33 39 N
                                          LONGITUDE:  97 12 W

[TEMPERATURE DATA]      [PRECIPITATION DATA]       SYMBOLS USED IN COLUMN 16

AVERAGE MONTHLY: 73.7   TOTAL FOR MONTH:   1.90    1 = FOG OR MIST
DPTR FM NORMAL:   4.8   DPTR FM NORMAL:   -1.77    2 = FOG REDUCING VISIBILITY
HIGHEST:    91 ON 18    GRTST 24HR  0.64 ON 20-20      TO 1/4 MILE OR LESS
LOWEST:     53 ON  5                               3 = THUNDER
                        SNOW, ICE PELLETS, HAIL    4 = ICE PELLETS
                        TOTAL MONTH:   0.0 INCH    5 = HAIL
                        GRTST 24HR     0.0         6 = FREEZING RAIN OR DRIZZLE
                        GRTST DEPTH:   0           7 = DUSTSTORM OR SANDSTORM:
                                                       VSBY 1/2 MILE OR LESS
                                                   8 = SMOKE OR HAZE
[NO. OF DAYS WITH]      [WEATHER - DAYS WITH]      9 = BLOWING SNOW
                                                   X = TORNADO
MAX 32 OR BELOW:   0    0.01 INCH OR MORE:   7
MAX 90 OR ABOVE:   3    0.10 INCH OR MORE:   5
MIN 32 OR BELOW:   0    0.50 INCH OR MORE:   2
MIN  0 OR BELOW:   0    1.00 INCH OR MORE:   0

[HDD (BASE 65) ]
TOTAL THIS MO.     0    CLEAR  (SCALE 0-3)  16
DPTR FM NORMAL   -25    PTCLDY (SCALE 4-7)   3
TOTAL FM JUL 1  2824    CLOUDY (SCALE 8-10)  2
DPTR FM NORMAL   -76

[CDD (BASE 65) ]
TOTAL THIS MO.   187
DPTR FM NORMAL    82    [PRESSURE DATA]
TOTAL FM JAN 1   238    HIGHEST SLP M ON M
DPTR FM NORMAL    63    LOWEST  SLP M ON M

[REMARKS]
