000
CXUS54 KJAN 261200
CF6HEZ
PRELIMINARY LOCAL CLIMATOLOGICAL DATA (WS FORM: F-6)

                                          STATION:   NATCHEZ
                                          MONTH:     APRIL
                                          YEAR:      2018
                                          LATITUDE:   31 37 N
                                          LONGITUDE:  91 15 W

  TEMPERATURE IN F:       :PCPN:    SNOW:  WIND      :SUNSHINE: SKY     :PK WND
================================================================================
1   2   3   4   5  6A  6B    7    8   9   10  11  12  13   14  15   16   17  18
                                     12Z  AVG MX 2MIN
DY MAX MIN AVG DEP HDD CDD  WTR  SNW DPTH SPD SPD DIR MIN PSBL S-S WX    SPD DR
================================================================================

 1  77  50  64   M   1   0 0.00  0.0    0  5.2 12 170   M    M   1         M  M
 2  83  57  70   M   0   5 0.00  0.0    0  6.5 12 190   M    M   4 8      17 190
 3  85  64  75   M   0  10 0.46  0.0    0 12.4 21 190   M    M   5 13     31 180
 4  64  47  56   M   9   0 0.10    M    0 10.9 17 340   M    M   1 1      35  20
 5  74  42  58   M   7   0 0.00  0.0    0  5.1 10 110   M    M   1        16 180
 6  77  56  67   M   0   2 1.24  0.0    0  9.7 18 180   M    M   7 13     25 200
 7  62  40  51   M  14   0 0.27  0.0    0 10.2 17  10   M    M  10 13     24  10
 8  64  38  51   M  14   0 0.00  0.0    0  5.8 13  60   M    M   7 1       M  M
 9  68  52  60   M   5   0    T  0.0    0  7.9 14 350   M    M   5 1      18 350
10  70  47  59   M   6   0 0.00  0.0    0  7.1 14 340   M    M   0        21 340
11  78  40  59   M   6   0 0.00  0.0    0  3.0  9 130   M    M   0         M  M
12  81  49  65   M   0   0 0.00  0.0    0  9.8 17 200   M    M   0        22 200
13  79  64  72   M   0   7 0.00  0.0    0 14.7 18 160   M    M   8 3      30 180
14  65  49  57   M   8   0 0.65    M    0 10.2 18 170   M    M   9 13     29 160
15  59  42  51   M  14   0 0.00  0.0    0  9.0 17 320   M    M   2        24 280
16  69  37  53   M  12   0 0.00  0.0    0  5.0 12 320   M    M   0        16 290
17  80  47  64   M   1   0 0.00  0.0    0  9.6 16 180   M    M   0        27 210
18  81  61  71   M   0   6 0.00  0.0    0  7.1 16 220   M    M   6        24 190
19  66  47  57   M   8   0 0.00  0.0    0  9.5 15  30   M    M   0        21  20
20  68  42  55   M  10   0 0.00  0.0    0  5.3 12  40   M    M   0        17  80
21  77  46  62   M   3   0    T    M    0  6.7 16 120   M    M   0         M  M
22  71  52  62   M   3   0 1.83  0.0    0  7.1 15 290   M    M   8 1      25 160
23  63  48  56   M   9   0 0.00  0.0    0  4.2 10 230   M    M   8         M  M
24  74  51  63   M   2   0 0.00  0.0    0  3.9  9 320   M    M   2         M  M
25  80  51  66   M   0   1    T  0.0    0  2.6  7 210   M    M   3         M  M
================================================================================
SM 1815 1219       132  31  4.55     0.0 188.5          M       87
================================================================================
AV 72.6 48.8                               7.5 FASTST   M    M   3    MAX(MPH)
                                 MISC ---->  # 21 190               # 35   20
================================================================================
NOTES:
# LAST OF SEVERAL OCCURRENCES

COLUMN 17 PEAK WIND IN M.P.H.

PRELIMINARY LOCAL CLIMATOLOGICAL DATA (WS FORM: F-6) , PAGE 2

                                          STATION:  NATCHEZ
                                          MONTH:    APRIL
                                          YEAR:     2018
                                          LATITUDE:   31 37 N
                                          LONGITUDE:  91 15 W

[TEMPERATURE DATA]      [PRECIPITATION DATA]       SYMBOLS USED IN COLUMN 16

AVERAGE MONTHLY: 60.7   TOTAL FOR MONTH:   4.55    1 = FOG OR MIST
DPTR FM NORMAL:     M   DPTR FM NORMAL:       M    2 = FOG REDUCING VISIBILITY
HIGHEST:    85 ON  3    GRTST 24HR  1.83 ON 22-22      TO 1/4 MILE OR LESS
LOWEST:     37 ON 16                               3 = THUNDER
                        SNOW, ICE PELLETS, HAIL    4 = ICE PELLETS
                        TOTAL MONTH:   0.0 INCH    5 = HAIL
                        GRTST 24HR     0.0         6 = FREEZING RAIN OR DRIZZLE
                        GRTST DEPTH:   0           7 = DUSTSTORM OR SANDSTORM:
                                                       VSBY 1/2 MILE OR LESS
                                                   8 = SMOKE OR HAZE
[NO. OF DAYS WITH]      [WEATHER - DAYS WITH]      9 = BLOWING SNOW
                                                   X = TORNADO
MAX 32 OR BELOW:   0    0.01 INCH OR MORE:   6
MAX 90 OR ABOVE:   0    0.10 INCH OR MORE:   6
MIN 32 OR BELOW:   0    0.50 INCH OR MORE:   3
MIN  0 OR BELOW:   0    1.00 INCH OR MORE:   2

[HDD (BASE 65) ]
TOTAL THIS MO.   132    CLEAR  (SCALE 0-3)  14
DPTR FM NORMAL     M    PTCLDY (SCALE 4-7)   9
TOTAL FM JUL 1  1965    CLOUDY (SCALE 8-10)  2
DPTR FM NORMAL     M

[CDD (BASE 65) ]
TOTAL THIS MO.    31
DPTR FM NORMAL     M    [PRESSURE DATA]
TOTAL FM JAN 1   176    HIGHEST SLP M ON M
DPTR FM NORMAL     M    LOWEST  SLP 29.69 ON  6

[REMARKS]
