000
CXUS53 KGID 240730
CF6HSI
PRELIMINARY LOCAL CLIMATOLOGICAL DATA (WS FORM: F-6)

                                          STATION:   HASTINGS NE
                                          MONTH:     MAY
                                          YEAR:      2018
                                          LATITUDE:   40 35 N
                                          LONGITUDE:  98 26 W

  TEMPERATURE IN F:       :PCPN:    SNOW:  WIND      :SUNSHINE: SKY     :PK WND
================================================================================
1   2   3   4   5  6A  6B    7    8   9   10  11  12  13   14  15   16   17  18
                                     12Z  AVG MX 2MIN
DY MAX MIN AVG DEP HDD CDD  WTR  SNW DPTH SPD SPD DIR MIN PSBL S-S WX    SPD DR
================================================================================

 1  82  55  69  13   0   4 0.67    T    0  9.4 22 190   M    M   7 35     37 180
 2  57  49  53  -3  12   0    T  0.0    0 12.7 22  50   M    M   8 1      28  40
 3  60  49  55  -2  10   0 0.06  0.0    0 11.9 22  10   M    M   9 13     28  20
 4  77  44  61   4   4   0 0.00  0.0    0  8.1 16 330   M    M   1        21 320
 5  85  48  67  10   0   2 0.00  0.0    0  6.9 23 320   M    M   0        35 280
 6  80  53  67   9   0   2    T  0.0    0  8.4 22  30   M    M   0        30  30
 7  83  55  69  11   0   4 0.00  0.0    0 11.8 20 160   M    M   0        31 170
 8  81  58  70  12   0   5 0.00  0.0    0  9.1 23 340   M    M   0        32 350
 9  85  53  69  10   0   4 0.00  0.0    0 10.9 24 310   M    M   0        31 300
10  85  53  69  10   0   4    T  0.0    0  9.9 51 320   M    M   0 38     72 320
11  65  48  57  -3   8   0 0.04    T    0 17.4 58 320   M    M   9 1358   71 330
12  54  48  51  -9  14   0 0.27  0.0    0 15.1 30  60   M    M  10 123    37  70
13  63  48  56  -4   9   0 0.00  0.0    0  9.3 15 360   M    M  10 18     18  90
14  72  54  63   2   2   0 0.13  0.0    0 10.0 20 340   M    M   9 13     25 360
15  78  56  67   6   0   2 0.00  0.0    0  5.9 13  40   M    M   5 1      19  40
16  85  51  68   7   0   3 0.00  0.0    0  3.5 12 130   M    M   0 8      16 110
17  86  60  73  11   0   8 0.00  0.0    0 10.0 20 140   M    M   2        30 150
18  70  59  65   3   0   0 0.31  0.0    0 11.0 41  80   M    M   8 13     51  80
19  63  51  57  -5   8   0 1.52  0.0    0 12.5 22  20   M    M   9 13     28  20
20  57  51  54  -9  11   0 0.10  0.0    0  8.4 15  30   M    M  10 1      20  30
21  76  48  62  -1   3   0 0.00  0.0    0  6.0 13 140   M    M   4 12     22 160
22  87  61  74  10   0   9 0.00  0.0    0 11.0 20 160   M    M   0 3      27 160
23  88  66  77  13   0  12 0.00  0.0    0 12.2 22 170   M    M   0        32 200
================================================================================
SM 1719 1218        81  59  3.10    T    231.4          M      101
================================================================================
AV 74.7 53.0                              10.1 FASTST   M    M   4    MAX(MPH)
                                 MISC ---->  # 58 320               # 72  320
================================================================================
NOTES:
# LAST OF SEVERAL OCCURRENCES

COLUMN 17 PEAK WIND IN M.P.H.

PRELIMINARY LOCAL CLIMATOLOGICAL DATA (WS FORM: F-6) , PAGE 2

                                          STATION:  HASTINGS NE
                                          MONTH:    MAY
                                          YEAR:     2018
                                          LATITUDE:   40 35 N
                                          LONGITUDE:  98 26 W

[TEMPERATURE DATA]      [PRECIPITATION DATA]       SYMBOLS USED IN COLUMN 16

AVERAGE MONTHLY: 63.9   TOTAL FOR MONTH:   3.10    1 = FOG OR MIST
DPTR FM NORMAL:   3.9   DPTR FM NORMAL:   -0.47    2 = FOG REDUCING VISIBILITY
HIGHEST:    88 ON 23    GRTST 24HR  1.52 ON 19-19      TO 1/4 MILE OR LESS
LOWEST:     44 ON  4                               3 = THUNDER
                        SNOW, ICE PELLETS, HAIL    4 = ICE PELLETS
                        TOTAL MONTH:    T          5 = HAIL
                        GRTST 24HR    T  ON 11-11  6 = FREEZING RAIN OR DRIZZLE
                        GRTST DEPTH:   0           7 = DUSTSTORM OR SANDSTORM:
                                                       VSBY 1/2 MILE OR LESS
                                                   8 = SMOKE OR HAZE
[NO. OF DAYS WITH]      [WEATHER - DAYS WITH]      9 = BLOWING SNOW
                                                   X = TORNADO
MAX 32 OR BELOW:   0    0.01 INCH OR MORE:   8
MAX 90 OR ABOVE:   0    0.10 INCH OR MORE:   6
MIN 32 OR BELOW:   0    0.50 INCH OR MORE:   2
MIN  0 OR BELOW:   0    1.00 INCH OR MORE:   1

[HDD (BASE 65) ]
TOTAL THIS MO.    81    CLEAR  (SCALE 0-3)  11
DPTR FM NORMAL   -67    PTCLDY (SCALE 4-7)   5
TOTAL FM JUL 1  6222    CLOUDY (SCALE 8-10)  7
DPTR FM NORMAL   235

[CDD (BASE 65) ]
TOTAL THIS MO.    59
DPTR FM NORMAL    29    [PRESSURE DATA]
TOTAL FM JAN 1    66    HIGHEST SLP M ON M
DPTR FM NORMAL    31    LOWEST  SLP 29.59 ON  1

[REMARKS]
