000
CXUS55 KVEF 260940
CF6IGM
PRELIMINARY LOCAL CLIMATOLOGICAL DATA (WS FORM: F-6)

                                          STATION:   KINGMAN AZ
                                          MONTH:     APRIL
                                          YEAR:      2018
                                          LATITUDE:   35 16 N
                                          LONGITUDE: 113 57 W

  TEMPERATURE IN F:       :PCPN:    SNOW:  WIND      :SUNSHINE: SKY     :PK WND
================================================================================
1   2   3   4   5  6A  6B    7    8   9   10  11  12  13   14  15   16   17  18
                                     12Z  AVG MX 2MIN
DY MAX MIN AVG DEP HDD CDD  WTR  SNW DPTH SPD SPD DIR MIN PSBL S-S WX    SPD DR
================================================================================

 1  82  54  68  13   0   3 0.00  0.0    0 11.6 25 220   M    M   0        30 230
 2  79  48  64   9   1   0 0.00  0.0    0 11.5 26 230   M    M   0        31 230
 3  77  49  63   8   2   0 0.00  0.0    0  8.3 18  40   M    M   0        22  20
 4  79  43  61   6   4   0 0.00  0.0    0  7.0 21 220   M    M   0        27 230
 5  82  52  67  11   0   2 0.00  0.0    0 10.0 20 240   M    M   0        24 240
 6  82  60  71  15   0   6 0.00  0.0    0 13.4 29 230   M    M   0        34 230
 7  86  57  72  16   0   7    T  0.0    0 15.3 33 210   M    M   2        42 210
 8  81  50  66  10   0   1 0.00  0.0    0 10.0 30 220   M    M   0        36 210
 9  82  41  62   5   3   0 0.00  0.0    0  8.6 22 350   M    M   0        26 350
10  88  44  66   9   0   1 0.00  0.0    0  8.1 24 240   M    M   0        36 250
11  89  52  71  14   0   6 0.00  0.0    0 16.1 33 210   M    M   0        42 210
12  71  49  60   2   5   0 0.00  0.0    0 19.6 33 230   M    M   0        43 240
13  63  39  51  -7  14   0 0.00  0.0    0 14.7 29 330   M    M   0        38 330
14  76  36  56  -2   9   0 0.00  0.0    0  6.2 14  10   M    M   0        19 330
15  79  41  60   2   5   0 0.00  0.0    0  9.7 24 200   M    M   0        33 230
16  79  50  65   6   0   0 0.00  0.0    0 26.7 43 220   M    M   0 8      54 210
17  66  38  52  -7  13   0 0.00  0.0    0 11.8 30 240   M    M   0        36 230
18  74  38  56  -3   9   0 0.00  0.0    0 11.6 26 210   M    M   0        32 240
19  65  45  55  -5  10   0 0.00  0.0    0 18.4 37 220   M    M   1        45 220
20  74  42  58  -2   7   0 0.00  0.0    0 13.3 30 340   M    M   2        35 340
21  83  42  63   3   2   0 0.00  0.0    0  6.2 16 360   M    M   0        20 350
22  86  50  68   7   0   3 0.00  0.0    0  7.5 20 250   M    M   0        24 240
23  88  56  72  11   0   7 0.00  0.0    0 10.1 21 230   M    M   0        29 240
24  90  57  74  13   0   9 0.00  0.0    0  7.8 21 250   M    M   0        26 250
25  92  52  72  10   0   7 0.00  0.0    0  6.6 21 260   M    M   0        29 270
================================================================================
SM 1993 1185        84  52    T      0.0 290.1          M        5
================================================================================
AV 79.7 47.4                              11.6 FASTST   M    M   0    MAX(MPH)
                                 MISC ---->  # 43 220               # 54  210
================================================================================
NOTES:
# LAST OF SEVERAL OCCURRENCES

COLUMN 17 PEAK WIND IN M.P.H.

PRELIMINARY LOCAL CLIMATOLOGICAL DATA (WS FORM: F-6) , PAGE 2

                                          STATION:  KINGMAN AZ
                                          MONTH:    APRIL
                                          YEAR:     2018
                                          LATITUDE:   35 16 N
                                          LONGITUDE: 113 57 W

[TEMPERATURE DATA]      [PRECIPITATION DATA]       SYMBOLS USED IN COLUMN 16

AVERAGE MONTHLY: 63.6   TOTAL FOR MONTH:      T    1 = FOG OR MIST
DPTR FM NORMAL:   5.6   DPTR FM NORMAL:   -0.37    2 = FOG REDUCING VISIBILITY
HIGHEST:    92 ON 25    GRTST 24HR    T  ON  7- 7      TO 1/4 MILE OR LESS
LOWEST:     36 ON 14                               3 = THUNDER
                        SNOW, ICE PELLETS, HAIL    4 = ICE PELLETS
                        TOTAL MONTH:   0.0 INCH    5 = HAIL
                        GRTST 24HR     0.0         6 = FREEZING RAIN OR DRIZZLE
                        GRTST DEPTH:   0           7 = DUSTSTORM OR SANDSTORM:
                                                       VSBY 1/2 MILE OR LESS
                                                   8 = SMOKE OR HAZE
[NO. OF DAYS WITH]      [WEATHER - DAYS WITH]      9 = BLOWING SNOW
                                                   X = TORNADO
MAX 32 OR BELOW:   0    0.01 INCH OR MORE:   0
MAX 90 OR ABOVE:   2    0.10 INCH OR MORE:   0
MIN 32 OR BELOW:   0    0.50 INCH OR MORE:   0
MIN  0 OR BELOW:   0    1.00 INCH OR MORE:   0

[HDD (BASE 65) ]
TOTAL THIS MO.    84    CLEAR  (SCALE 0-3)  25
DPTR FM NORMAL  -110    PTCLDY (SCALE 4-7)   0
TOTAL FM JUL 1  2238    CLOUDY (SCALE 8-10)  0
DPTR FM NORMAL  -787

[CDD (BASE 65) ]
TOTAL THIS MO.    52
DPTR FM NORMAL    33    [PRESSURE DATA]
TOTAL FM JAN 1    53    HIGHEST SLP M ON M
DPTR FM NORMAL    31    LOWEST  SLP 29.55 ON 12

[REMARKS]
