000
CXUS55 KGLD 210800
CF6ITR
PRELIMINARY LOCAL CLIMATOLOGICAL DATA (WS FORM: F-6)

                                          STATION:   BURLINGTON CO
                                          MONTH:     MAY
                                          YEAR:      2018
                                          LATITUDE:   39 15 N
                                          LONGITUDE: 102 17 W

  TEMPERATURE IN F:       :PCPN:    SNOW:  WIND      :SUNSHINE: SKY     :PK WND
================================================================================
1   2   3   4   5  6A  6B    7    8   9   10  11  12  13   14  15   16   17  18
                                     12Z  AVG MX 2MIN
DY MAX MIN AVG DEP HDD CDD  WTR  SNW DPTH SPD SPD DIR MIN PSBL S-S WX    SPD DR
================================================================================

 1  74  46  60   7   5   0 0.00    M    M 10.9 24  40   M    M   4        32  40
 2  64  44  54   1  11   0 0.00    M    M 10.6 20  20   M    M   8        25  20
 3  58  38  48  -6  17   0 0.06    M    M 12.5 30 330   M    M   7 13     36 320
 4  71  37  54   0  11   0 0.00    M    M  7.5 16 320   M    M   1        22 340
 5  80  40  60   6   5   0 0.00    M    M  9.5 20 330   M    M   1        27 300
 6  82  43  63   8   2   0 0.00    M    M  7.4 17 120   M    M   1        29 110
 7  84  46  65  10   0   0 0.00    M    M 12.7 30 150   M    M   0        42 160
 8  81  45  63   7   2   0 0.00    M    M 12.6 23  10   M    M   0        35 330
 9  86  43  65   9   0   0 0.10    M    M 10.7 33 200   M    M   1 3      46 200
10  87  48  68  12   0   3 0.00    M    M 15.6 31 160   M    M   0        42 160
11  68  49  59   2   6   0    T    M    M 14.7 37 320   M    M   7 12     45 320
12  59  50  55  -2  10   0 0.01    M    M 11.5 18  40   M    M  10 12     24  40
13  70  49  60   2   5   0 0.01    M    M  9.0 20  60   M    M   7 1      29  50
14  72  49  61   3   4   0 0.08    M    M 10.4 31  10   M    M   6 13     42  10
15  75  50  63   5   2   0 0.22    M    M  7.9 25 280   M    M   5 13     37 270
16  82  48  65   6   0   0 0.00    M    M  9.8 18 160   M    M   0        29 170
17  86  56  71  12   0   6 0.00    M    M 22.5 33 160   M    M   0        48 160
18  72  53  63   3   2   0 0.19    M    M 14.9 32  60   M    M   8 13     44  60
19  61  44  53  -7  12   0    T    M    M 19.4 38 310   M    M   8 1      49 290
20  64  42  53  -7  12   0    T    M    M 10.1 18 360   M    M   5 1      26 340
================================================================================
SM 1476  920       106   9  0.67    M    240.2          M       79
================================================================================
AV 73.8 46.0                              12.0 FASTST   M    M   4    MAX(MPH)
                                 MISC ---->  # 38 310               # 49  290
================================================================================
NOTES:
# LAST OF SEVERAL OCCURRENCES

COLUMN 17 PEAK WIND IN M.P.H.

PRELIMINARY LOCAL CLIMATOLOGICAL DATA (WS FORM: F-6) , PAGE 2

                                          STATION:  BURLINGTON CO
                                          MONTH:    MAY
                                          YEAR:     2018
                                          LATITUDE:   39 15 N
                                          LONGITUDE: 102 17 W

[TEMPERATURE DATA]      [PRECIPITATION DATA]       SYMBOLS USED IN COLUMN 16

AVERAGE MONTHLY: 59.9   TOTAL FOR MONTH:   0.67    1 = FOG OR MIST
DPTR FM NORMAL:   3.3   DPTR FM NORMAL:   -0.85    2 = FOG REDUCING VISIBILITY
HIGHEST:    87 ON 10    GRTST 24HR  0.22 ON 15-15      TO 1/4 MILE OR LESS
LOWEST:     37 ON  4                               3 = THUNDER
                        SNOW, ICE PELLETS, HAIL    4 = ICE PELLETS
                        TOTAL MONTH:    M          5 = HAIL
                        GRTST 24HR    M  ON   M    6 = FREEZING RAIN OR DRIZZLE
                        GRTST DEPTH:  M  ON   M    7 = DUSTSTORM OR SANDSTORM:
                                                       VSBY 1/2 MILE OR LESS
                                                   8 = SMOKE OR HAZE
[NO. OF DAYS WITH]      [WEATHER - DAYS WITH]      9 = BLOWING SNOW
                                                   X = TORNADO
MAX 32 OR BELOW:   0    0.01 INCH OR MORE:   7
MAX 90 OR ABOVE:   0    0.10 INCH OR MORE:   3
MIN 32 OR BELOW:   0    0.50 INCH OR MORE:   0
MIN  0 OR BELOW:   0    1.00 INCH OR MORE:   0

[HDD (BASE 65) ]
TOTAL THIS MO.   106    CLEAR  (SCALE 0-3)   9
DPTR FM NORMAL   -73    PTCLDY (SCALE 4-7)  10
TOTAL FM JUL 1  5663    CLOUDY (SCALE 8-10)  1
DPTR FM NORMAL  -360

[CDD (BASE 65) ]
TOTAL THIS MO.     9
DPTR FM NORMAL    -2    [PRESSURE DATA]
TOTAL FM JAN 1    13    HIGHEST SLP M ON M
DPTR FM NORMAL     1    LOWEST  SLP 29.41 ON 10

[REMARKS]
