000
CXUS55 KGGW 260800
CF6JDN
PRELIMINARY LOCAL CLIMATOLOGICAL DATA (WS FORM: F-6)

                                          STATION:   JORDAN  ASOS MT
                                          MONTH:     APRIL
                                          YEAR:      2018
                                          LATITUDE:   47 19 N
                                          LONGITUDE: 106 50 W

  TEMPERATURE IN F:       :PCPN:    SNOW:  WIND      :SUNSHINE: SKY     :PK WND
================================================================================
1   2   3   4   5  6A  6B    7    8   9   10  11  12  13   14  15   16   17  18
                                     12Z  AVG MX 2MIN
DY MAX MIN AVG DEP HDD CDD  WTR  SNW DPTH SPD SPD DIR MIN PSBL S-S WX    SPD DR
================================================================================

 1  32   9  21 -19  44   0 0.00  0.0    0  6.4 16 170   M    M   0        20 190
 2  25  12  19 -21  46   0 0.15    M    0 13.8 24  10   M    M   0        28  10
 3  24  -3  11 -29  54   0 0.00  0.0    0  4.8 14 180   M    M   0        17 190
 4  40  22  31  -9  34   0 0.01    M    0  4.4 10 190   M    M   0        14 200
 5  33  13  23 -18  42   0 0.00  0.0    0 15.6 25 360   M    M   0        31 350
 6  22   7  15 -26  50   0 0.00  0.0    0  7.2 17  20   M    M   0        22  20
 7  37  18  28 -14  37   0 0.27    M    0 12.7 23 100   M    M   0        29 130
 8  34  24  29 -13  36   0 0.10    M    0  6.7 13 350   M    M   0        14  10
 9  46  23  35  -7  30   0 0.01    M    0  4.0 13 310   M    M   0        16 300
10  58  27  43   1  22   0 0.00  0.0    0  5.5 13 260   M    M   0        18 280
11  59  31  45   2  20   0 0.00  0.0    0 10.6 23 310   M    M   0        28 320
12  40  31  36  -7  29   0 0.21    M    0 13.2 22  80   M    M   0        26  60
13  31  19  25 -18  40   0 0.14    M    0  7.2 18  40   M    M   0        22  30
14  57  21  39  -5  26   0 0.00  0.0    0  6.1 15 210   M    M   0        20 230
15  61  26  44   0  21   0 0.00  0.0    0 11.5 25 150   M    M   0        31 140
16  65  34  50   6  15   0 0.00  0.0    0 16.3 30 130   M    M   0        38 130
17  47  31  39  -5  26   0 0.05    M    0  9.1 23 310   M    M   0        29 300
18  57  31  44  -1  21   0 0.00  0.0    0  9.1 23 320   M    M   0        28 310
19  62  32  47   2  18   0 0.00  0.0    0 12.6 24 140   M    M   0        39 120
20  67  35  51   6  14   0 0.00  0.0    0  5.7 13  80   M    M   0        17 110
21  74  31  53   7  12   0 0.00  0.0    0 10.3 31 350   M    M   0        39 350
22  65  36  51   5  14   0 0.00  0.0    0  6.4 14 360   M    M   0        17 360
23  50  38  44  -2  21   0 0.21    M    0  8.2 16 360   M    M   0        22  30
24  60  28  44  -2  21   0 0.00  0.0    0  5.5 16 220   M    M   0        21 220
25  68  39  54   7  11   0 0.00  0.0    0 14.3 31 340   M    M   0        38 360
================================================================================
SM 1214  615       704   0  1.15     0.0 227.2          M        0
================================================================================
AV 48.6 24.6                               9.1 FASTST   M    M   0    MAX(MPH)
                                 MISC ---->  # 31 350               # 39  120
================================================================================
NOTES:
# LAST OF SEVERAL OCCURRENCES

COLUMN 17 PEAK WIND IN M.P.H.

PRELIMINARY LOCAL CLIMATOLOGICAL DATA (WS FORM: F-6) , PAGE 2

                                          STATION:  JORDAN  ASOS MT
                                          MONTH:    APRIL
                                          YEAR:     2018
                                          LATITUDE:   47 19 N
                                          LONGITUDE: 106 50 W

[TEMPERATURE DATA]      [PRECIPITATION DATA]       SYMBOLS USED IN COLUMN 16

AVERAGE MONTHLY: 36.6   TOTAL FOR MONTH:   1.15    1 = FOG OR MIST
DPTR FM NORMAL:  -6.7   DPTR FM NORMAL:    0.34    2 = FOG REDUCING VISIBILITY
HIGHEST:    74 ON 21    GRTST 24HR  0.27 ON  7- 7      TO 1/4 MILE OR LESS
LOWEST:     -3 ON  3                               3 = THUNDER
                        SNOW, ICE PELLETS, HAIL    4 = ICE PELLETS
                        TOTAL MONTH:   0.0 INCH    5 = HAIL
                        GRTST 24HR     0.0         6 = FREEZING RAIN OR DRIZZLE
                        GRTST DEPTH:   0           7 = DUSTSTORM OR SANDSTORM:
                                                       VSBY 1/2 MILE OR LESS
                                                   8 = SMOKE OR HAZE
[NO. OF DAYS WITH]      [WEATHER - DAYS WITH]      9 = BLOWING SNOW
                                                   X = TORNADO
MAX 32 OR BELOW:   5    0.01 INCH OR MORE:   9
MAX 90 OR ABOVE:   0    0.10 INCH OR MORE:   6
MIN 32 OR BELOW:  20    0.50 INCH OR MORE:   0
MIN  0 OR BELOW:   1    1.00 INCH OR MORE:   0

[HDD (BASE 65) ]
TOTAL THIS MO.   704    CLEAR  (SCALE 0-3)  25
DPTR FM NORMAL   161    PTCLDY (SCALE 4-7)   0
TOTAL FM JUL 1  8541    CLOUDY (SCALE 8-10)  0
DPTR FM NORMAL   896

[CDD (BASE 65) ]
TOTAL THIS MO.     0
DPTR FM NORMAL     0    [PRESSURE DATA]
TOTAL FM JAN 1     0    HIGHEST SLP M ON M
DPTR FM NORMAL     0    LOWEST  SLP 29.56 ON 17

[REMARKS]
