000
CXUS55 KCTP 240700
CF6JST
PRELIMINARY LOCAL CLIMATOLOGICAL DATA (WS FORM: F-6)

                                          STATION:   JOHNSTOWN
                                          MONTH:     APRIL
                                          YEAR:      2018
                                          LATITUDE:   40 18 N
                                          LONGITUDE:  78 50 W

  TEMPERATURE IN F:       :PCPN:    SNOW:  WIND      :SUNSHINE: SKY     :PK WND
================================================================================
1   2   3   4   5  6A  6B    7    8   9   10  11  12  13   14  15   16   17  18
                                     12Z  AVG MX 2MIN
DY MAX MIN AVG DEP HDD CDD  WTR  SNW DPTH SPD SPD DIR MIN PSBL S-S WX    SPD DR
================================================================================

 1  46  31  39  -3  26   0 0.04    M    M 12.6 29 240   M    M   7 16     39 250
 2  37  30  34  -8  31   0 0.46    M    M  5.1 13 160   M    M   8 1      17 160
 3  55  35  45   3  20   0 0.52    M    M 10.1 29 280   M    M   9 13     37 280
 4  58  26  42  -1  23   0 0.19    M    M 20.4 37 270   M    M   9 1      52 290
 5  39  23  31 -12  34   0    T    M    M 14.4 33 280   M    M   7        41 290
 6  53  30  42  -2  23   0 0.08    M    M 14.4 31 240   M    M   9 1      42 240
 7  31  22  27 -17  38   0 0.06    M    M  9.3 17 330   M    M   5 1      28 310
 8  32  22  27 -17  38   0    T    M    M  8.9 21 310   M    M   8 18     24 300
 9  29  23  26 -19  39   0    T    M    M  5.8 12 140   M    M   9 18     16 150
10  37  24  31 -14  34   0    T    M    M  7.7 16 310   M    M   7 1      21 320
11  49  30  40  -6  25   0 0.00    M    M  8.1 18 240   M    M   8        25 240
12  71  43  57  11   8   0 0.02    M    M 14.0 30 250   M    M   5        46 250
13  80  61  71  25   0   6 0.00    M    M 13.9 25 260   M    M   2        33 260
14  81  61  71  24   0   6 0.00    M    M  7.4 18 190   M    M   2        25 160
15  64  37  51   4  14   0 0.36    M    M 10.1 21 120   M    M   7 12     30  70
16  40  29  35 -13  30   0 0.94    M    M 13.3 24 260   M    M  10 12     37 270
17  30  27  29 -19  36   0 0.01    M    M 17.1 28 280   M    M   8 18     38 250
18  50  27  39  -9  26   0 0.07    M    M  7.6 18 260   M    M   8 1      23 260
19  42  28  35 -14  30   0 0.24    M    M 14.9 28 310   M    M  10 12     37 300
20  48  26  37 -12  28   0 0.00    M    M 14.7 26 300   M    M   0        32 300
21  54  30  42  -7  23   0 0.00    M    M  4.1 10 320   M    M   0        16 280
22  61  39  50   0  15   0 0.00    M    M  6.3 12 100   M    M   1        17 150
23  64  45  55   5  10   0 0.00    M    M 11.0 24 160   M    M   0        30 170
================================================================================
SM 1151  749       551  12  2.99    M    251.2          M      139
================================================================================
AV 50.0 32.6                              10.9 FASTST   M    M   6    MAX(MPH)
                                 MISC ---->  # 37 270               # 52  290
================================================================================
NOTES:
# LAST OF SEVERAL OCCURRENCES

COLUMN 17 PEAK WIND IN M.P.H.

PRELIMINARY LOCAL CLIMATOLOGICAL DATA (WS FORM: F-6) , PAGE 2

                                          STATION:  JOHNSTOWN
                                          MONTH:    APRIL
                                          YEAR:     2018
                                          LATITUDE:   40 18 N
                                          LONGITUDE:  78 50 W

[TEMPERATURE DATA]      [PRECIPITATION DATA]       SYMBOLS USED IN COLUMN 16

AVERAGE MONTHLY: 41.3   TOTAL FOR MONTH:   2.99    1 = FOG OR MIST
DPTR FM NORMAL:  -4.7   DPTR FM NORMAL:    0.18    2 = FOG REDUCING VISIBILITY
HIGHEST:    81 ON 14    GRTST 24HR  0.94 ON 16-16      TO 1/4 MILE OR LESS
LOWEST:     22 ON  8, 7                            3 = THUNDER
                        SNOW, ICE PELLETS, HAIL    4 = ICE PELLETS
                        TOTAL MONTH:    M          5 = HAIL
                        GRTST 24HR    M  ON   M    6 = FREEZING RAIN OR DRIZZLE
                        GRTST DEPTH:  M  ON   M    7 = DUSTSTORM OR SANDSTORM:
                                                       VSBY 1/2 MILE OR LESS
                                                   8 = SMOKE OR HAZE
[NO. OF DAYS WITH]      [WEATHER - DAYS WITH]      9 = BLOWING SNOW
                                                   X = TORNADO
MAX 32 OR BELOW:   4    0.01 INCH OR MORE:  12
MAX 90 OR ABOVE:   0    0.10 INCH OR MORE:   6
MIN 32 OR BELOW:  16    0.50 INCH OR MORE:   2
MIN  0 OR BELOW:   0    1.00 INCH OR MORE:   0

[HDD (BASE 65) ]
TOTAL THIS MO.   551    CLEAR  (SCALE 0-3)   6
DPTR FM NORMAL   109    PTCLDY (SCALE 4-7)  10
TOTAL FM JUL 1  6049    CLOUDY (SCALE 8-10)  7
DPTR FM NORMAL  -189

[CDD (BASE 65) ]
TOTAL THIS MO.    12
DPTR FM NORMAL    12    [PRESSURE DATA]
TOTAL FM JAN 1    12    HIGHEST SLP M ON M
DPTR FM NORMAL    12    LOWEST  SLP 29.41 ON  4

[REMARKS]
