000
CXUS54 KLUB 240755
CF6LBB
PRELIMINARY LOCAL CLIMATOLOGICAL DATA (WS FORM: F-6)

                                          STATION:   LUBBOCK
                                          MONTH:     APRIL
                                          YEAR:      2018
                                          LATITUDE:   33 39 N
                                          LONGITUDE: 101 49 W

  TEMPERATURE IN F:       :PCPN:    SNOW:  WIND      :SUNSHINE: SKY     :PK WND
================================================================================
1   2   3   4   5  6A  6B    7    8   9   10  11  12  13   14  15   16   17  18
                                     12Z  AVG MX 2MIN
DY MAX MIN AVG DEP HDD CDD  WTR  SNW DPTH SPD SPD DIR MIN PSBL S-S WX    SPD DR
================================================================================

 1  61  39  50  -6  15   0 0.00  0.0    0 12.3 20  80   M    M   9        24  70
 2  82  38  60   4   5   0    T  0.0    0 12.2 26 180   M    M   6 18     33 180
 3  67  41  54  -3  11   0 0.00  0.0    0 19.3 39  10   M    M   1 8      48  10
 4  65  33  49  -8  16   0 0.00  0.0    0 13.3 25 190   M    M   1        32 190
 5  85  48  67  10   0   2 0.00  0.0    0 11.8 22 200   M    M   7 8      29 190
 6  82  32  57  -1   8   0 0.00  0.0    0 13.9 32  30   M    M   7 8      39  40
 7  47  27  37 -21  28   0 0.00  0.0    0 12.8 30  30   M    M   9        34  30
 8  93  32  63   5   2   0 0.00  0.0    0 15.3 35 290   M    M   3 8      44 330
 9  71  37  54  -4  11   0 0.00  0.0    0 11.2 23  60   M    M   3        30  30
10  73  39  56  -3   9   0 0.00  0.0    0 11.5 23 190   M    M   3        30 210
11  93  52  73  14   0   8 0.00  0.0    0 18.4 35 200   M    M   4        41 190
12  95  58  77  18   0  12 0.00  0.0    0 21.2 40 240   M    M   3 8      50 240
13  76  45  61   1   4   0 0.00  0.0    0 24.4 44 280   M    M   4 8      55 270
14  63  38  51  -9  14   0 0.00  0.0    0 20.9 36 350   M    M   4        44 330
15  69  31  50 -10  15   0 0.00  0.0    0  6.2 12 150   M    M   1        15 180
16  90  42  66   5   0   1 0.00  0.0    0 16.6 28 210   M    M   5        37 200
17  93  60  77  16   0  12 0.00  0.0    0 22.8 38 230   M    M   4 8      46 240
18  71  45  58  -3   7   0 0.00  0.0    0 14.6 29  20   M    M   2 8      36  20
19  72  42  57  -5   8   0 0.00  0.0    0 17.0 29 140   M    M   4        36 120
20  71  47  59  -3   6   0    T  0.0    0 26.8 44 150   M    M   7 38     52 150
21  63  44  54  -8  11   0 0.00  0.0    0 13.2 29 310   M    M   7 18     32 310
22  71  38  55  -8  10   0 0.00  0.0    0  7.7 17  40   M    M   5 1      23  40
23  78  40  59  -4   6   0 0.00  0.0    0  8.7 15 130   M    M   1        19 210
================================================================================
SM 1731  948       186  35    T      0.0 352.1          M      100
================================================================================
AV 75.3 41.2                              15.3 FASTST   M    M   4    MAX(MPH)
                                 MISC ---->  # 44 280               # 55  270
================================================================================
NOTES:
# LAST OF SEVERAL OCCURRENCES

COLUMN 17 PEAK WIND IN M.P.H.

PRELIMINARY LOCAL CLIMATOLOGICAL DATA (WS FORM: F-6) , PAGE 2

                                          STATION:  LUBBOCK
                                          MONTH:    APRIL
                                          YEAR:     2018
                                          LATITUDE:   33 39 N
                                          LONGITUDE: 101 49 W

[TEMPERATURE DATA]      [PRECIPITATION DATA]       SYMBOLS USED IN COLUMN 16

AVERAGE MONTHLY: 58.2   TOTAL FOR MONTH:      T    1 = FOG OR MIST
DPTR FM NORMAL:  -1.2   DPTR FM NORMAL:   -1.01    2 = FOG REDUCING VISIBILITY
HIGHEST:    95 ON 12    GRTST 24HR    T  ON 20-20      TO 1/4 MILE OR LESS
LOWEST:     27 ON  7                               3 = THUNDER
                        SNOW, ICE PELLETS, HAIL    4 = ICE PELLETS
                        TOTAL MONTH:   0.0 INCH    5 = HAIL
                        GRTST 24HR     0.0         6 = FREEZING RAIN OR DRIZZLE
                        GRTST DEPTH:   0           7 = DUSTSTORM OR SANDSTORM:
                                                       VSBY 1/2 MILE OR LESS
                                                   8 = SMOKE OR HAZE
[NO. OF DAYS WITH]      [WEATHER - DAYS WITH]      9 = BLOWING SNOW
                                                   X = TORNADO
MAX 32 OR BELOW:   0    0.01 INCH OR MORE:   0
MAX 90 OR ABOVE:   5    0.10 INCH OR MORE:   0
MIN 32 OR BELOW:   4    0.50 INCH OR MORE:   0
MIN  0 OR BELOW:   0    1.00 INCH OR MORE:   0

[HDD (BASE 65) ]
TOTAL THIS MO.   186    CLEAR  (SCALE 0-3)   7
DPTR FM NORMAL    29    PTCLDY (SCALE 4-7)  14
TOTAL FM JUL 1  2992    CLOUDY (SCALE 8-10)  2
DPTR FM NORMAL  -319

[CDD (BASE 65) ]
TOTAL THIS MO.    35
DPTR FM NORMAL     4    [PRESSURE DATA]
TOTAL FM JAN 1    65    HIGHEST SLP M ON M
DPTR FM NORMAL    27    LOWEST  SLP 29.38 ON M

[REMARKS]
