000
CXUS53 KLBF 281410
CF6LBF
PRELIMINARY LOCAL CLIMATOLOGICAL DATA (WS FORM: F-6)
STATION: NORTH PLATTE
MONTH: MARCH
YEAR: 2024
LATITUDE: 41 7 N
LONGITUDE: 100 41 W
TEMPERATURE IN F: :PCPN: SNOW: WIND :SUNSHINE: SKY :PK WND
================================================================================
1 2 3 4 5 6A 6B 7 8 9 10 11 12 13 14 15 16 17 18
12Z AVG MX 2MIN
DY MAX MIN AVG DEP HDD CDD WTR SNW DPTH SPD SPD DIR MIN PSBL S-S WX SPD DR
================================================================================
1 74 24 49 15 16 0 0.00 0.0 0 8.6 20 260 M M 0 1 28 290
2 66 27 47 13 18 0 0.00 0.0 0 7.4 16 120 M M 2 12 22 130
3 59 28 44 10 21 0 0.00 0.0 0 11.2 32 300 M M 2 1 42 290
4 55 24 40 5 25 0 0.00 0.0 0 7.2 17 20 M M 2 23 20
5 54 21 38 3 27 0 0.00 0.0 0 5.1 18 320 M M 3 24 320
6 62 32 47 11 18 0 0.00 0.0 0 12.1 23 160 M M 2 35 150
7 43 25 34 -2 31 0 0.89 15.3 0 16.8 29 30 M M 7 12 39 30
8 37 12 25 -11 40 0 0.17 2.1 17 8.2 20 10 M M 7 1 27 10
9 41 7 24 -13 41 0 0.00 0.0 10 5.5 10 270 M M 0 128 12 210
10 50 10 30 -7 35 0 0.00 0.0 7 3.3 12 200 M M 3 128 14 200
11 64 17 41 3 24 0 0.00 0.0 4 3.0 9 300 M M 0 1 9 300
12 68 28 48 10 17 0 0.00 0.0 2 3.5 15 260 M M 0 20 260
13 57 37 47 8 18 0 0.18 0.0 0 9.9 26 360 M M 7 35 350
14 55 37 46 7 19 0 0.00 0.0 0 17.0 31 30 M M 9 42 30
15 56 25 41 2 24 0 0.00 0.0 0 6.5 18 230 M M 1 24 210
16 56 23 40 0 25 0 0.00 0.0 0 8.1 24 320 M M 0 35 330
17 48 20 34 -6 31 0 0.00 0.0 0 10.7 25 330 M M 1 38 360
18 58 13 36 -5 29 0 0.00 0.0 0 3.8 16 220 M M 0 22 220
19 68 30 49 8 16 0 0.00 0.0 0 5.7 16 20 M M 0 20 10
20 52 31 42 1 23 0 0.00 0.0 0 13.0 23 40 M M 1 31 40
21 65 24 45 3 20 0 0.00 0.0 0 11.3 29 340 M M 1 45 350
22 47 25 36 -6 29 0 0.00 0.0 0 11.7 24 10 M M 3 33 20
23 47 22 35 -7 30 0 T 0.0 0 13.8 24 110 M M 4 33 160
24 36 27 32 -11 33 0 0.27 1.5 2 16.3 30 360 M M 10 1368 42 360
25 27 20 24 -19 41 0 0.19 2.6 3 23.8 32 340 M M 10 18 46 350
26 39 11 25 -18 40 0 0.00 0.0 3 11.4 23 330 M M 2 31 330
27 53 17 35 -9 30 0 0.00 0.0 T 6.4 15 160 M M 2 22 160
================================================================================
SM 1437 617 721 0 1.70 21.5 261.3 M 79
================================================================================
AV 53.2 22.9 9.7 FASTST M M 3 MAX(MPH)
MISC ----> # 32 300 46 350
================================================================================
NOTES:
# LAST OF SEVERAL OCCURRENCES
COLUMN 17 PEAK WIND IN M.P.H.
PRELIMINARY LOCAL CLIMATOLOGICAL DATA (WS FORM: F-6) , PAGE 2
STATION: NORTH PLATTE
MONTH: MARCH
YEAR: 2024
LATITUDE: 41 7 N
LONGITUDE: 100 41 W
[TEMPERATURE DATA] [PRECIPITATION DATA] SYMBOLS USED IN COLUMN 16
AVERAGE MONTHLY: 38.0 TOTAL FOR MONTH: 1.70 1 = FOG OR MIST
DPTR FM NORMAL: -0.8 DPTR FM NORMAL: 0.88 2 = FOG REDUCING VISIBILITY
HIGHEST: 74 ON 1 GRTST 24HR 0.89 ON 7- 7 TO 1/4 MILE OR LESS
LOWEST: 7 ON 9 3 = THUNDER
SNOW, ICE PELLETS, HAIL 4 = ICE PELLETS
TOTAL MONTH: 21.5 INCHES 5 = HAIL
GRTST 24HR 15.3 ON 7- 7 6 = FREEZING RAIN OR DRIZZLE
GRTST DEPTH: 17 ON 8 7 = DUSTSTORM OR SANDSTORM:
VSBY 1/2 MILE OR LESS
8 = SMOKE OR HAZE
[NO. OF DAYS WITH] [WEATHER - DAYS WITH] 9 = BLOWING SNOW
X = TORNADO
MAX 32 OR BELOW: 1 0.01 INCH OR MORE: 5
MAX 90 OR ABOVE: 0 0.10 INCH OR MORE: 5
MIN 32 OR BELOW: 25 0.50 INCH OR MORE: 1
MIN 0 OR BELOW: 0 1.00 INCH OR MORE: 0
[HDD (BASE 65) ]
TOTAL THIS MO. 721 CLEAR (SCALE 0-3) 20
DPTR FM NORMAL 16 PTCLDY (SCALE 4-7) 4
TOTAL FM JUL 1 5046 CLOUDY (SCALE 8-10) 3
DPTR FM NORMAL -459
[CDD (BASE 65) ]
TOTAL THIS MO. 0
DPTR FM NORMAL 0 [PRESSURE DATA]
TOTAL FM JAN 1 0 HIGHEST SLP M ON M
DPTR FM NORMAL 0 LOWEST SLP 29.26 ON 3
[REMARKS]