000
CXUS55 KLOX 231155
CF6LGB
PRELIMINARY LOCAL CLIMATOLOGICAL DATA (WS FORM: F-6)

                                          STATION:   LONG BEACH AIRPORT CA
                                          MONTH:     MAY
                                          YEAR:      2018
                                          LATITUDE:   33 49 N
                                          LONGITUDE: 118  9 W

  TEMPERATURE IN F:       :PCPN:    SNOW:  WIND      :SUNSHINE: SKY     :PK WND
================================================================================
1   2   3   4   5  6A  6B    7    8   9   10  11  12  13   14  15   16   17  18
                                     12Z  AVG MX 2MIN
DY MAX MIN AVG DEP HDD CDD  WTR  SNW DPTH SPD SPD DIR MIN PSBL S-S WX    SPD DR
================================================================================

 1  63  54  59  -5   6   0    T  0.0    0  6.9 17 140   M    M   9 18     23 140
 2  65  55  60  -4   5   0 0.01  0.0    0  4.6 14 200   M    M   8        19 200
 3  72  53  63  -2   2   0 0.00  0.0    0  4.8 16 310   M    M   0        19 290
 4  91  57  74   9   0   9 0.00  0.0    0  5.8 17 290   M    M   0 1      21 320
 5  89  60  75  10   0  10 0.00  0.0    0  7.1 22 280   M    M   0 8      28 280
 6  81  59  70   5   0   5 0.00  0.0    0  5.8 20 290   M    M   0        22 290
 7  72  57  65   0   0   0 0.00  0.0    0  5.3 12 150   M    M   2 1      18 180
 8  71  57  64  -1   1   0 0.00  0.0    0  5.3 12 300   M    M   4 18     14 190
 9  76  60  68   3   0   3 0.00  0.0    0  6.1 12 200   M    M   4        16 180
10  71  60  66   1   0   1 0.00  0.0    0  6.4 13 210   M    M   5        16 170
11  66  59  63  -2   2   0    T  0.0    0  9.2 17 160   M    M  10 18     24 140
12  67  58  63  -2   2   0    T  0.0    0  6.5 13 210   M    M   9        17 190
13  72  60  66   0   0   1 0.00  0.0    0  7.4 18 300   M    M   6        23 300
14  72  56  64  -2   1   0 0.00  0.0    0  6.8 17 300   M    M   2        23 290
15  72  56  64  -2   1   0 0.00  0.0    0  6.2 16 300   M    M   2 8      22 290
16  74  56  65  -1   0   0 0.00  0.0    0  8.1 18 290   M    M   0        24 300
17  68  55  62  -4   3   0 0.00  0.0    0  5.8 14 140   M    M   2        20 140
18  69  60  65  -1   0   0 0.00  0.0    0  5.5 13 190   M    M   6        17 210
19  68  61  65  -1   0   0 0.00  0.0    0  5.9 13 290   M    M  10        15 220
20  70  61  66   0   0   1 0.00  0.0    0  5.2 15 290   M    M  10        16 290
21  66  60  63  -3   2   0    T  0.0    0  5.6 12 200   M    M  10 1      17 180
22  68  61  65  -1   0   0 0.00  0.0    0  5.8 13 300   M    M  10        16 300
================================================================================
SM 1583 1275        25  30  0.01     0.0 136.0          M      109
================================================================================
AV 72.0 58.0                               6.2 FASTST   M    M   5    MAX(MPH)
                                 MISC ---->  # 22 280               # 28  280
================================================================================
NOTES:
# LAST OF SEVERAL OCCURRENCES

COLUMN 17 PEAK WIND IN M.P.H.

PRELIMINARY LOCAL CLIMATOLOGICAL DATA (WS FORM: F-6) , PAGE 2

                                          STATION:  LONG BEACH AIRPORT CA
                                          MONTH:    MAY
                                          YEAR:     2018
                                          LATITUDE:   33 49 N
                                          LONGITUDE: 118  9 W

[TEMPERATURE DATA]      [PRECIPITATION DATA]       SYMBOLS USED IN COLUMN 16

AVERAGE MONTHLY: 65.0   TOTAL FOR MONTH:   0.01    1 = FOG OR MIST
DPTR FM NORMAL:  -0.4   DPTR FM NORMAL:   -0.16    2 = FOG REDUCING VISIBILITY
HIGHEST:    91 ON  4    GRTST 24HR  0.01 ON  2- 2      TO 1/4 MILE OR LESS
LOWEST:     53 ON  3                               3 = THUNDER
                        SNOW, ICE PELLETS, HAIL    4 = ICE PELLETS
                        TOTAL MONTH:   0.0 INCH    5 = HAIL
                        GRTST 24HR     0.0         6 = FREEZING RAIN OR DRIZZLE
                        GRTST DEPTH:   0           7 = DUSTSTORM OR SANDSTORM:
                                                       VSBY 1/2 MILE OR LESS
                                                   8 = SMOKE OR HAZE
[NO. OF DAYS WITH]      [WEATHER - DAYS WITH]      9 = BLOWING SNOW
                                                   X = TORNADO
MAX 32 OR BELOW:   0    0.01 INCH OR MORE:   1
MAX 90 OR ABOVE:   1    0.10 INCH OR MORE:   0
MIN 32 OR BELOW:   0    0.50 INCH OR MORE:   0
MIN  0 OR BELOW:   0    1.00 INCH OR MORE:   0

[HDD (BASE 65) ]
TOTAL THIS MO.    25    CLEAR  (SCALE 0-3)   9
DPTR FM NORMAL    -6    PTCLDY (SCALE 4-7)   6
TOTAL FM JUL 1   612    CLOUDY (SCALE 8-10)  7
DPTR FM NORMAL  -595

[CDD (BASE 65) ]
TOTAL THIS MO.    30
DPTR FM NORMAL   -14    [PRESSURE DATA]
TOTAL FM JAN 1   117    HIGHEST SLP M ON M
DPTR FM NORMAL    26    LOWEST  SLP 29.76 ON 10

[REMARKS]
