000
CXUS55 KRIW 221941
CF6LND
PRELIMINARY LOCAL CLIMATOLOGICAL DATA (WS FORM: F-6)
STATION: LANDER WY
MONTH: APRIL
YEAR: 2024
LATITUDE: 42 49 N
LONGITUDE: 108 44 W
TEMPERATURE IN F: :PCPN: SNOW: WIND :SUNSHINE: SKY :PK WND
================================================================================
1 2 3 4 5 6A 6B 7 8 9 10 11 12 13 14 15 16 17 18
12Z AVG MX 2MIN
DY MAX MIN AVG DEP HDD CDD WTR SNW DPTH SPD SPD DIR MIN PSBL S-S WX SPD DR
================================================================================
1 46 27 37 -4 28 0 0.03 0.5 1 4.7 14 230 M M 7 1 15 230
2 60 32 46 5 19 0 0.00 0.0 0 4.7 14 230 M M 0 17 240
3 68 36 52 11 13 0 0.00 0.0 0 5.8 21 300 M M 0 28 290
4 70 37 54 13 11 0 0.00 0.0 0 13.0 33 180 M M 0 42 170
5 68 44 56 15 9 0 0.00 0.0 0 24.5 43 170 M M 0 56 170
6 48 30 39 -2 26 0 0.10 0.9 T 7.9 32 300 M M 9 12 42 310
7 49 24 37 -5 28 0 T T 0 6.4 21 330 M M 4 27 340
8 52 26 39 -3 26 0 0.00 0.0 0 4.0 16 340 M M 3 22 350
9 59 26 43 1 22 0 0.00 0.0 0 6.2 25 320 M M 1 37 340
10 53 29 41 -1 24 0 0.00 0.0 0 7.9 26 20 M M 3 36 20
11 63 25 44 2 21 0 0.00 0.0 0 3.5 14 280 M M 0 17 270
12 74 37 56 14 9 0 0.00 0.0 0 7.8 30 190 M M 0 43 270
13 74 48 61 19 4 0 0.00 0.0 0 9.1 20 220 M M 0 25 220
14 75 41 58 15 7 0 0.00 0.0 0 9.5 29 180 M M 0 36 170
15 66 38 52 9 13 0 0.02 0.0 0 9.7 32 320 M M 2 45 320
16 68 40 54 11 11 0 0.02 0.0 0 9.1 29 280 M M 4 37 270
17 48 26 37 -6 28 0 0.08 1.0 T 7.7 20 20 M M 10 1 24 20
18 39 23 31 -13 34 0 0.02 0.4 0 3.8 9 360 M M 10 1 13 130
19 41 27 34 -10 31 0 0.00 0.0 0 5.3 12 30 M M 10 18 60
20 50 26 38 -6 27 0 0.00 0.0 0 6.3 13 240 M M 3 14 250
21 66 25 46 2 19 0 0.00 0.0 0 3.6 18 270 M M 1 25 290
================================================================================
SM 1237 667 410 0 0.27 2.8 160.5 M 67
================================================================================
AV 58.9 31.8 7.6 FASTST M M 3 MAX(MPH)
MISC ----> 43 170 56 170
================================================================================
NOTES:
# LAST OF SEVERAL OCCURRENCES
COLUMN 17 PEAK WIND IN M.P.H.
PRELIMINARY LOCAL CLIMATOLOGICAL DATA (WS FORM: F-6) , PAGE 2
STATION: LANDER WY
MONTH: APRIL
YEAR: 2024
LATITUDE: 42 49 N
LONGITUDE: 108 44 W
[TEMPERATURE DATA] [PRECIPITATION DATA] SYMBOLS USED IN COLUMN 16
AVERAGE MONTHLY: 45.3 TOTAL FOR MONTH: 0.27 1 = FOG OR MIST
DPTR FM NORMAL: 3.0 DPTR FM NORMAL: -1.10 2 = FOG REDUCING VISIBILITY
HIGHEST: 75 ON 14 GRTST 24HR 0.21 ON 31- 1 TO 1/4 MILE OR LESS
LOWEST: 23 ON 18 3 = THUNDER
SNOW, ICE PELLETS, HAIL 4 = ICE PELLETS
TOTAL MONTH: 4.5 INCHES 5 = HAIL
GRTST 24HR 1.0 ON 17-17 6 = FREEZING RAIN OR DRIZZLE
GRTST DEPTH: 1 ON 1 7 = DUSTSTORM OR SANDSTORM:
VSBY 1/2 MILE OR LESS
8 = SMOKE OR HAZE
[NO. OF DAYS WITH] [WEATHER - DAYS WITH] 9 = BLOWING SNOW
X = TORNADO
MAX 32 OR BELOW: 0 0.01 INCH OR MORE: 6
MAX 90 OR ABOVE: 0 0.10 INCH OR MORE: 1
MIN 32 OR BELOW: 13 0.50 INCH OR MORE: 0
MIN 0 OR BELOW: 0 1.00 INCH OR MORE: 0
[HDD (BASE 65) ]
TOTAL THIS MO. 410 CLEAR (SCALE 0-3) 13
DPTR FM NORMAL -68 PTCLDY (SCALE 4-7) 4
TOTAL FM JUL 1 6586 CLOUDY (SCALE 8-10) 4
DPTR FM NORMAL -442
[CDD (BASE 65) ]
TOTAL THIS MO. 0
DPTR FM NORMAL 0 [PRESSURE DATA]
TOTAL FM JAN 1 0 HIGHEST SLP M ON M
DPTR FM NORMAL 0 LOWEST SLP 29.27 ON 5
[REMARKS]