000
CXUS53 KLMK 180710
CF6LOU
PRELIMINARY LOCAL CLIMATOLOGICAL DATA (WS FORM: F-6)
STATION: LOUISVILLE BOWMAN KY
MONTH: APRIL
YEAR: 2024
LATITUDE: 38 13 N
LONGITUDE: 85 39 W
TEMPERATURE IN F: :PCPN: SNOW: WIND :SUNSHINE: SKY :PK WND
================================================================================
1 2 3 4 5 6A 6B 7 8 9 10 11 12 13 14 15 16 17 18
12Z AVG MX 2MIN
DY MAX MIN AVG DEP HDD CDD WTR SNW DPTH SPD SPD DIR MIN PSBL S-S WX SPD DR
================================================================================
1 79 68 74 21 0 9 T M M 11.4 18 220 M M 6 25 220
2 77 48 63 10 2 0 0.86 M M 13.4 30 260 M M 8 138 47 290
3 51 38 45 -9 20 0 0.05 M M 14.5 29 240 M M 9 1 46 240
4 46 36 41 -13 24 0 0.01 M M 11.7 22 280 M M 9 31 280
5 50 37 44 -10 21 0 0.00 M M 7.0 16 290 M M 10 21 270
6 59 30 45 -10 20 0 0.00 M M 2.8 12 30 M M 0 16 30
7 69 40 55 0 10 0 0.02 M M 9.5 21 130 M M 1 27 120
8 76 54 65 9 0 0 T M M 8.5 17 170 M M 4 25 170
9 64 58 61 5 4 0 0.23 M M 8.4 17 180 M M 8 13 24 210
10 66 57 62 6 3 0 0.54 M M 4.6 16 170 M M 10 1 21 190
11 65 52 59 2 6 0 1.12 M M 8.8 21 290 M M 9 1 29 280
12 61 46 54 -3 11 0 0.15 M M 12.4 25 290 M M 8 13 35 310
13 71 44 58 1 7 0 0.00 M M 7.9 16 280 M M 0 25 260
14 82 55 69 11 0 4 0.00 M M 11.8 25 220 M M 0 35 230
15 85 59 72 14 0 7 0.07 M M 6.8 17 40 M M 0 13 21 30
16 83 62 73 15 0 8 0.00 M M 9.1 22 200 M M 1 1 34 200
17 82 62 72 13 0 7 0.35 M M 13.4 31 230 M M 5 1 42 230
================================================================================
SM 1166 846 128 35 3.40 M 162.0 M 88
================================================================================
AV 68.6 49.8 9.5 FASTST M M 5 MAX(MPH)
MISC ----> 31 230 47 290
================================================================================
NOTES:
# LAST OF SEVERAL OCCURRENCES
COLUMN 17 PEAK WIND IN M.P.H.
PRELIMINARY LOCAL CLIMATOLOGICAL DATA (WS FORM: F-6) , PAGE 2
STATION: LOUISVILLE BOWMAN KY
MONTH: APRIL
YEAR: 2024
LATITUDE: 38 13 N
LONGITUDE: 85 39 W
[TEMPERATURE DATA] [PRECIPITATION DATA] SYMBOLS USED IN COLUMN 16
AVERAGE MONTHLY: 59.2 TOTAL FOR MONTH: 3.40 1 = FOG OR MIST
DPTR FM NORMAL: 3.3 DPTR FM NORMAL: 0.89 2 = FOG REDUCING VISIBILITY
HIGHEST: 85 ON 15 GRTST 24HR 1.23 ON 10-11 TO 1/4 MILE OR LESS
LOWEST: 30 ON 6 3 = THUNDER
SNOW, ICE PELLETS, HAIL 4 = ICE PELLETS
TOTAL MONTH: M 5 = HAIL
GRTST 24HR M ON M 6 = FREEZING RAIN OR DRIZZLE
GRTST DEPTH: M ON M 7 = DUSTSTORM OR SANDSTORM:
VSBY 1/2 MILE OR LESS
8 = SMOKE OR HAZE
[NO. OF DAYS WITH] [WEATHER - DAYS WITH] 9 = BLOWING SNOW
X = TORNADO
MAX 32 OR BELOW: 0 0.01 INCH OR MORE: 10
MAX 90 OR ABOVE: 0 0.10 INCH OR MORE: 6
MIN 32 OR BELOW: 1 0.50 INCH OR MORE: 3
MIN 0 OR BELOW: 0 1.00 INCH OR MORE: 1
[HDD (BASE 65) ]
TOTAL THIS MO. 128 CLEAR (SCALE 0-3) 6
DPTR FM NORMAL -43 PTCLDY (SCALE 4-7) 6
TOTAL FM JUL 1 3570 CLOUDY (SCALE 8-10) 5
DPTR FM NORMAL -433
[CDD (BASE 65) ]
TOTAL THIS MO. 35
DPTR FM NORMAL 19 [PRESSURE DATA]
TOTAL FM JAN 1 38 HIGHEST SLP M ON M
DPTR FM NORMAL 15 LOWEST SLP 29.29 ON 2
[REMARKS]