000
CXUS54 KBMX 231110
CF6MGM
PRELIMINARY LOCAL CLIMATOLOGICAL DATA (WS FORM: F-6)

                                          STATION:   MONTGOMERY
                                          MONTH:     APRIL
                                          YEAR:      2018
                                          LATITUDE:   32 17 N
                                          LONGITUDE:  86 24 W

  TEMPERATURE IN F:       :PCPN:    SNOW:  WIND      :SUNSHINE: SKY     :PK WND
================================================================================
1   2   3   4   5  6A  6B    7    8   9   10  11  12  13   14  15   16   17  18
                                     12Z  AVG MX 2MIN
DY MAX MIN AVG DEP HDD CDD  WTR  SNW DPTH SPD SPD DIR MIN PSBL S-S WX    SPD DR
================================================================================

 1  80  44  62   1   3   0 0.00  0.0    0  2.6 10 200   M    M   0        12 190
 2  82  50  66   5   0   1 0.00  0.0    0  4.0 14 210   M    M   3 1      17 210
 3  85  62  74  13   0   9 0.00  0.0    0  9.0 21 180   M    M   3 13     27 190
 4  71  49  60  -1   5   0 0.11  0.0    0  9.5 22 320   M    M   3 13     31 320
 5  71  37  54  -8  11   0 0.00  0.0    0  3.8 10  70   M    M   0        14  90
 6  79  48  64   2   1   0 0.06  0.0    0  5.4 16 170   M    M   4        22 170
 7  64  43  54  -8  11   0 0.48  0.0    0  9.7 20 320   M    M   9 13     26 330
 8  62  41  52 -10  13   0 0.00  0.0    0  7.2 15 350   M    M   8        18  10
 9  69  54  62   0   3   0 0.01  0.0    0  3.8 10  10   M    M   9 1      13  10
10  75  52  64   1   1   0 0.00  0.0    0  5.7 14 310   M    M   5        18 310
11  76  43  60  -3   5   0 0.00  0.0    0  2.5 12 330   M    M   0        20  10
12  80  45  63   0   2   0 0.00  0.0    0  6.2 15 140   M    M   0        19 140
13  82  49  66   3   0   1 0.00  0.0    0  6.9 16 160   M    M   1 1      21 170
14  83  62  73   9   0   8 0.77  0.0    0 10.7 23 260   M    M   6 13     29 260
15  65  42  54 -10  11   0 0.64  0.0    0 12.6 26 270   M    M  10 1      35 290
16  62  37  50 -14  15   0 0.00  0.0    0 10.7 24 270   M    M   0        30 270
17  79  39  59  -5   6   0 0.00  0.0    0  6.0 16 250   M    M   0        23 210
18  85  53  69   4   0   4 0.00  0.0    0  8.1 21 210   M    M   1 1      26 210
19  74  50  62  -3   3   0 0.00  0.0    0 11.1 21 280   M    M   0        26 290
20  73  44  59  -6   6   0 0.00  0.0    0  7.5 21  70   M    M   0        26  70
21  77  47  62  -3   3   0    T    M    0  9.7 20 100   M    M   4        24  90
22  70  63  67   1   0   2 1.28  0.0    0 11.5 20 100   M    M  10 1      25 110
================================================================================
SM 1644 1054        99  25  3.35     0.0 164.2          M       76
================================================================================
AV 74.7 47.9                               7.5 FASTST   M    M   3    MAX(MPH)
                                 MISC ---->  # 26 270               # 35  290
================================================================================
NOTES:
# LAST OF SEVERAL OCCURRENCES

COLUMN 17 PEAK WIND IN M.P.H.

PRELIMINARY LOCAL CLIMATOLOGICAL DATA (WS FORM: F-6) , PAGE 2

                                          STATION:  MONTGOMERY
                                          MONTH:    APRIL
                                          YEAR:     2018
                                          LATITUDE:   32 17 N
                                          LONGITUDE:  86 24 W

[TEMPERATURE DATA]      [PRECIPITATION DATA]       SYMBOLS USED IN COLUMN 16

AVERAGE MONTHLY: 61.3   TOTAL FOR MONTH:   3.35    1 = FOG OR MIST
DPTR FM NORMAL:  -1.8   DPTR FM NORMAL:    0.21    2 = FOG REDUCING VISIBILITY
HIGHEST:    85 ON 18, 3 GRTST 24HR  1.28 ON 22-22      TO 1/4 MILE OR LESS
LOWEST:     37 ON 16, 5                            3 = THUNDER
                        SNOW, ICE PELLETS, HAIL    4 = ICE PELLETS
                        TOTAL MONTH:   0.0 INCH    5 = HAIL
                        GRTST 24HR     0.0         6 = FREEZING RAIN OR DRIZZLE
                        GRTST DEPTH:   0           7 = DUSTSTORM OR SANDSTORM:
                                                       VSBY 1/2 MILE OR LESS
                                                   8 = SMOKE OR HAZE
[NO. OF DAYS WITH]      [WEATHER - DAYS WITH]      9 = BLOWING SNOW
                                                   X = TORNADO
MAX 32 OR BELOW:   0    0.01 INCH OR MORE:   7
MAX 90 OR ABOVE:   0    0.10 INCH OR MORE:   5
MIN 32 OR BELOW:   0    0.50 INCH OR MORE:   3
MIN  0 OR BELOW:   0    1.00 INCH OR MORE:   1

[HDD (BASE 65) ]
TOTAL THIS MO.    99    CLEAR  (SCALE 0-3)  12
DPTR FM NORMAL    14    PTCLDY (SCALE 4-7)   6
TOTAL FM JUL 1  2026    CLOUDY (SCALE 8-10)  4
DPTR FM NORMAL  -186

[CDD (BASE 65) ]
TOTAL THIS MO.    25
DPTR FM NORMAL   -19    [PRESSURE DATA]
TOTAL FM JAN 1   127    HIGHEST SLP M ON M
DPTR FM NORMAL    54    LOWEST  SLP 29.72 ON 15

[REMARKS]
