000
CXUS53 KMPX 261000
CF6MIC
PRELIMINARY LOCAL CLIMATOLOGICAL DATA (WS FORM: F-6)

                                          STATION:   MINNEAPOLIS CRYSTAL MN
                                          MONTH:     APRIL
                                          YEAR:      2018
                                          LATITUDE:   45  4 N
                                          LONGITUDE:  93 21 W

  TEMPERATURE IN F:       :PCPN:    SNOW:  WIND      :SUNSHINE: SKY     :PK WND
================================================================================
1   2   3   4   5  6A  6B    7    8   9   10  11  12  13   14  15   16   17  18
                                     12Z  AVG MX 2MIN
DY MAX MIN AVG DEP HDD CDD  WTR  SNW DPTH SPD SPD DIR MIN PSBL S-S WX    SPD DR
================================================================================

 1  29   9  19 -21  46   0 0.00    M    M  9.3 16 250   M    M   0        22 270
 2  33  15  24 -16  41   0    M    M    M  7.4 17 160   M    M   7 18     23 190
 3  30  18  24 -17  41   0    M    M    M 11.3 20 330   M    M  10 12     26 340
 4  29   8  19 -22  46   0 0.00    M    M  8.6 17 240   M    M   1        21 250
 5  39   7  23 -19  42   0    M    M    M  6.4 24 310   M    M   2 18     29 320
 6  24  12  18 -24  47   0    M    M    M 17.4 31 310   M    M   1        40 320
 7  30  11  21 -22  44   0 0.00    M    M  8.9 17 260   M    M   0        21 280
 8  31  11  21 -22  44   0    M    M    M  3.3 13 170   M    M   5 1      16 170
 9  36  20  28 -16  37   0    M    M    M  6.4 15 300   M    M   7 1      18 300
10  40  30  35  -9  30   0    M    M    M  7.1 17 220   M    M   9        22 230
11  47  24  36  -9  29   0 0.01    M    M  6.0 12 200   M    M   3 18     16  80
12  49  31  40  -5  25   0 0.00    M    M  6.7 14  30   M    M   3        19  20
13  40  29  35 -11  30   0    M    M    M 12.0 18  50   M    M   8 13     36  40
14  30  22  26 -20  39   0    M    M    M 16.2 26  30   M    M  10 1239    M  M
15  29  22  26 -21  39   0    M    M    M 13.1 22  30   M    M  10 129    30  40
16   M   M   M   M   M   M    M    M    M   M   M   M   M    M   M         M  M
17   M   M   M   M   M   M    M    M    M   M   M   M   M    M   M         M  M
18  42  24  33 -15  32   0    M    M    M  8.7 17  10   M    M   0        24 360
19  51  21  36 -13  29   0 0.00  0.0    0  4.6 13 310   M    M   0        15 330
20  53  24  39 -10  26   0 0.00    M    M  1.6  9 220   M    M   0        12 160
21  59  31  45  -4  20   0 0.00    M    M  1.4  8 280   M    M   0        10 290
22  52  30  41  -9  24   0 0.00    M    M  0.5  5 150   M    M   0         M  M
23  69  34  52   2  13   0 0.00    M    M  2.7 12 290   M    M   0        14 200
24  62  37  50  -1  15   0 0.00  0.0    0  9.2 23 340   M    M   1        29 340
25  59  32  46  -5  19   0 0.00    M    M  4.6 12 220   M    M   0        15 250
================================================================================
SM  963  502       758   0  0.01     0.0 173.4          M       77
================================================================================
AV 41.9 21.8                               7.5 FASTST   M    M   3    MAX(MPH)
                                 MISC ---->  # 31 310               # 40  320
================================================================================
NOTES:
# LAST OF SEVERAL OCCURRENCES

COLUMN 17 PEAK WIND IN M.P.H.

PRELIMINARY LOCAL CLIMATOLOGICAL DATA (WS FORM: F-6) , PAGE 2

                                          STATION:  MINNEAPOLIS CRYSTAL MN
                                          MONTH:    APRIL
                                          YEAR:     2018
                                          LATITUDE:   45  4 N
                                          LONGITUDE:  93 21 W

[TEMPERATURE DATA]      [PRECIPITATION DATA]       SYMBOLS USED IN COLUMN 16

AVERAGE MONTHLY: 31.9   TOTAL FOR MONTH:   0.01    1 = FOG OR MIST
DPTR FM NORMAL: -13.8   DPTR FM NORMAL:   -2.15    2 = FOG REDUCING VISIBILITY
HIGHEST:    69 ON 23    GRTST 24HR  0.10 ON 31- 1      TO 1/4 MILE OR LESS
LOWEST:      7 ON  5                               3 = THUNDER
                        SNOW, ICE PELLETS, HAIL    4 = ICE PELLETS
                        TOTAL MONTH:   0.0 INCH    5 = HAIL
                        GRTST 24HR     0.0         6 = FREEZING RAIN OR DRIZZLE
                        GRTST DEPTH:   0           7 = DUSTSTORM OR SANDSTORM:
                                                       VSBY 1/2 MILE OR LESS
                                                   8 = SMOKE OR HAZE
[NO. OF DAYS WITH]      [WEATHER - DAYS WITH]      9 = BLOWING SNOW
                                                   X = TORNADO
MAX 32 OR BELOW:   8    0.01 INCH OR MORE:   1
MAX 90 OR ABOVE:   0    0.10 INCH OR MORE:   0
MIN 32 OR BELOW:  21    0.50 INCH OR MORE:   0
MIN  0 OR BELOW:   0    1.00 INCH OR MORE:   0

[HDD (BASE 65) ]
TOTAL THIS MO.   758    CLEAR  (SCALE 0-3)  14
DPTR FM NORMAL   273    PTCLDY (SCALE 4-7)   5
TOTAL FM JUL 1  7750    CLOUDY (SCALE 8-10)  4
DPTR FM NORMAL   378

[CDD (BASE 65) ]
TOTAL THIS MO.     0
DPTR FM NORMAL     0    [PRESSURE DATA]
TOTAL FM JAN 1     0    HIGHEST SLP M ON M
DPTR FM NORMAL     0    LOWEST  SLP 29.66 ON 12

[REMARKS]
