000
CXUS54 KHUN 191015
CF6MSL
PRELIMINARY LOCAL CLIMATOLOGICAL DATA (WS FORM: F-6)

                                          STATION:   MUSCLE SHOALS
                                          MONTH:     APRIL
                                          YEAR:      2018
                                          LATITUDE:   34 45 N
                                          LONGITUDE:  87 37 W

  TEMPERATURE IN F:       :PCPN:    SNOW:  WIND      :SUNSHINE: SKY     :PK WND
================================================================================
1   2   3   4   5  6A  6B    7    8   9   10  11  12  13   14  15   16   17  18
                                     12Z  AVG MX 2MIN
DY MAX MIN AVG DEP HDD CDD  WTR  SNW DPTH SPD SPD DIR MIN PSBL S-S WX    SPD DR
================================================================================

 1  76  46  61   3   4   0 0.00  0.0    0  4.0 12 300   M    M   2        14 290
 2  75  51  63   5   2   0 0.00  0.0    0  5.2 16 260   M    M   4 12     19 260
 3  84  57  71  13   0   6 0.33  0.0    0 13.9 46 280   M    M   4 13     62 290
 4  58  42  50  -8  15   0 0.00  0.0    0 10.0 25 310   M    M   1        36 300
 5  61  36  49  -9  16   0 0.00  0.0    0  4.6 14  80   M    M   0        17  90
 6  58  44  51  -8  14   0 1.08  0.0    0  4.8 17 200   M    M   9 1      23 200
 7  52  33  43 -16  22   0    T  0.0    0  9.4 20  20   M    M   9 18     25  20
 8  53  33  43 -16  22   0 0.00  0.0    0  6.0 15  90   M    M   1        20 100
 9  67  46  57  -3   8   0 0.00  0.0    0  5.2 13  30   M    M   3        16  40
10  69  46  58  -2   7   0 0.00  0.0    0  4.9 20 290   M    M   1        23 300
11  69  39  54  -6  11   0 0.00  0.0    0  2.5  8 150   M    M   0 8      10 150
12  82  49  66   6   0   1 0.00  0.0    0 10.0 22 190   M    M   0        26 210
13  82  59  71  10   0   6 0.00  0.0    0 11.1 20 190   M    M   0        26 190
14  71  60  66   5   0   1 2.56  0.0    0  9.2 26 290   M    M   9 13     37 280
15  60  40  50 -11  15   0 0.32  0.0    0 13.2 26 300   M    M   9 18     33 300
16  55  37  46 -16  19   0 0.00  0.0    0 11.2 24 290   M    M   4        31 280
17  80  36  58  -4   7   0 0.00  0.0    0  7.7 25 240   M    M   0        31 260
18  73  58  66   4   0   1 0.00  0.0    0 13.6 25 240   M    M   4        33 250
================================================================================
SM 1225  812       162  15  4.29     0.0 146.5          M       60
================================================================================
AV 68.1 45.1                               8.1 FASTST   M    M   3    MAX(MPH)
                                 MISC ---->  # 46 280               # 62  290
================================================================================
NOTES:
# LAST OF SEVERAL OCCURRENCES

COLUMN 17 PEAK WIND IN M.P.H.

PRELIMINARY LOCAL CLIMATOLOGICAL DATA (WS FORM: F-6) , PAGE 2

                                          STATION:  MUSCLE SHOALS
                                          MONTH:    APRIL
                                          YEAR:     2018
                                          LATITUDE:   34 45 N
                                          LONGITUDE:  87 37 W

[TEMPERATURE DATA]      [PRECIPITATION DATA]       SYMBOLS USED IN COLUMN 16

AVERAGE MONTHLY: 56.6   TOTAL FOR MONTH:   4.29    1 = FOG OR MIST
DPTR FM NORMAL:  -3.2   DPTR FM NORMAL:    1.68    2 = FOG REDUCING VISIBILITY
HIGHEST:    84 ON  3    GRTST 24HR  2.56 ON 14-14      TO 1/4 MILE OR LESS
LOWEST:     33 ON  8, 7                            3 = THUNDER
                        SNOW, ICE PELLETS, HAIL    4 = ICE PELLETS
                        TOTAL MONTH:   0.0 INCH    5 = HAIL
                        GRTST 24HR     0.0         6 = FREEZING RAIN OR DRIZZLE
                        GRTST DEPTH:   0           7 = DUSTSTORM OR SANDSTORM:
                                                       VSBY 1/2 MILE OR LESS
                                                   8 = SMOKE OR HAZE
[NO. OF DAYS WITH]      [WEATHER - DAYS WITH]      9 = BLOWING SNOW
                                                   X = TORNADO
MAX 32 OR BELOW:   0    0.01 INCH OR MORE:   4
MAX 90 OR ABOVE:   0    0.10 INCH OR MORE:   4
MIN 32 OR BELOW:   0    0.50 INCH OR MORE:   2
MIN  0 OR BELOW:   0    1.00 INCH OR MORE:   2

[HDD (BASE 65) ]
TOTAL THIS MO.   162    CLEAR  (SCALE 0-3)   9
DPTR FM NORMAL    43    PTCLDY (SCALE 4-7)   5
TOTAL FM JUL 1  2897    CLOUDY (SCALE 8-10)  4
DPTR FM NORMAL  -135

[CDD (BASE 65) ]
TOTAL THIS MO.    15
DPTR FM NORMAL    -9    [PRESSURE DATA]
TOTAL FM JAN 1    52    HIGHEST SLP M ON M
DPTR FM NORMAL    15    LOWEST  SLP 29.67 ON 15

[REMARKS]
