000
CXUS54 KMAF 231100
CF6ODO
PRELIMINARY LOCAL CLIMATOLOGICAL DATA (WS FORM: F-6)

                                          STATION:   Odessa Schleymeyer
                                          MONTH:     JUNE
                                          YEAR:      2018
                                          LATITUDE:   31 55 N
                                          LONGITUDE: 102 23 W

  TEMPERATURE IN F:       :PCPN:    SNOW:  WIND      :SUNSHINE: SKY     :PK WND
================================================================================
1   2   3   4   5  6A  6B    7    8   9   10  11  12  13   14  15   16   17  18
                                     12Z  AVG MX 2MIN
DY MAX MIN AVG DEP HDD CDD  WTR  SNW DPTH SPD SPD DIR MIN PSBL S-S WX    SPD DR
================================================================================

 1 109  76  93  14   0  28 0.00  0.0    0 12.5 30 170   M    M   0 8      37 170
 2 102  76  89  10   0  24 0.00  0.0    0 15.4 26  70   M    M   0 8      34  50
 3  94  64  79   0   0  14 0.16  0.0    0 18.6 41 310   M    M   2 138    52 300
 4  90  63  77  -2   0  12 0.24  0.0    0  8.6 35 290   M    M   2 13     42 290
 5 103  72  88   8   0  23 0.00  0.0    0  7.5 16 140   M    M   0        20 190
 6 103  75  89   9   0  24 0.00  0.0    0 13.5 24 170   M    M   0        30 150
 7 102  77  90  10   0  25 0.00  0.0    0 13.6 24 180   M    M   0        31 180
 8  96  70  83   3   0  18 0.00  0.0    0 17.7 29 150   M    M   1        35 150
 9  96  74  85   5   0  20 0.00  0.0    0 13.4 21 160   M    M   0        31 170
10  96  74  85   5   0  20 0.00  0.0    0 14.8 25 190   M    M   1 3      32 170
11 106  74  90  10   0  25 0.00  0.0    0 12.5 23 170   M    M   0        28 160
12 101  78  90   9   0  25 0.00  0.0    0 16.1 23 140   M    M   0        31 170
13  96  74  85   4   0  20 0.00  0.0    0 12.0 22 190   M    M   1        27 180
14  96  74  85   4   0  20 0.00  0.0    0 14.9 26 150   M    M   0        32 150
15  94  73  84   3   0  19 0.00  0.0    0 16.8 25 150   M    M   0        33 180
16  93  68  81   0   0  16 0.69  0.0    0 17.3 28 160   M    M   4 138    37 140
17  81  65  73  -8   0   8 1.46  0.0    0  7.7 16 250   M    M   4 1      19 270
18  93  70  82   1   0  17    T  0.0    0  9.1 25 140   M    M   0        31 140
19  92  71  82   0   0  17 0.00  0.0    0  9.7 20 140   M    M   1        25 130
20  90  71  81  -1   0  16 0.00  0.0    0 10.8 23  80   M    M   1        28  90
21  95  71  83   1   0  18 0.00  0.0    0  6.4 14 140   M    M   0        17 140
22  99  74  87   5   0  22 0.00  0.0    0 16.8 26 170   M    M   0        35 190
================================================================================
SM 2127 1584         0 431  2.55     0.0 285.7          M       17
================================================================================
AV 96.7 72.0                              13.0 FASTST   M    M   1    MAX(MPH)
                                 MISC ---->  # 41 310               # 52  300
================================================================================
NOTES:
# LAST OF SEVERAL OCCURRENCES

COLUMN 17 PEAK WIND IN M.P.H.

PRELIMINARY LOCAL CLIMATOLOGICAL DATA (WS FORM: F-6) , PAGE 2

                                          STATION:  Odessa Schleymeyer
                                          MONTH:    JUNE
                                          YEAR:     2018
                                          LATITUDE:   31 55 N
                                          LONGITUDE: 102 23 W

[TEMPERATURE DATA]      [PRECIPITATION DATA]       SYMBOLS USED IN COLUMN 16

AVERAGE MONTHLY: 84.3   TOTAL FOR MONTH:   2.55    1 = FOG OR MIST
DPTR FM NORMAL:   3.8   DPTR FM NORMAL:    1.43    2 = FOG REDUCING VISIBILITY
HIGHEST:   109 ON  1    GRTST 24HR  1.46 ON 17-17      TO 1/4 MILE OR LESS
LOWEST:     63 ON  4                               3 = THUNDER
                        SNOW, ICE PELLETS, HAIL    4 = ICE PELLETS
                        TOTAL MONTH:   0.0 INCH    5 = HAIL
                        GRTST 24HR     0.0         6 = FREEZING RAIN OR DRIZZLE
                        GRTST DEPTH:   0           7 = DUSTSTORM OR SANDSTORM:
                                                       VSBY 1/2 MILE OR LESS
                                                   8 = SMOKE OR HAZE
[NO. OF DAYS WITH]      [WEATHER - DAYS WITH]      9 = BLOWING SNOW
                                                   X = TORNADO
MAX 32 OR BELOW:   0    0.01 INCH OR MORE:   4
MAX 90 OR ABOVE:  21    0.10 INCH OR MORE:   4
MIN 32 OR BELOW:   0    0.50 INCH OR MORE:   2
MIN  0 OR BELOW:   0    1.00 INCH OR MORE:   1

[HDD (BASE 65) ]
TOTAL THIS MO.     0    CLEAR  (SCALE 0-3)  20
DPTR FM NORMAL     0    PTCLDY (SCALE 4-7)   2
TOTAL FM JUL 1  1842    CLOUDY (SCALE 8-10)  0
DPTR FM NORMAL  -642

[CDD (BASE 65) ]
TOTAL THIS MO.   431
DPTR FM NORMAL    92    [PRESSURE DATA]
TOTAL FM JAN 1  1019    HIGHEST SLP M ON M
DPTR FM NORMAL   238    LOWEST  SLP 29.58 ON 16

[REMARKS]
