000
CXAK56 PAFG 240951
CF6OME
PRELIMINARY LOCAL CLIMATOLOGICAL DATA (WS FORM: F-6)

                                          STATION:   NOME AK
                                          MONTH:     APRIL
                                          YEAR:      2018
                                          LATITUDE:   64 30 N
                                          LONGITUDE: 165 26 W

  TEMPERATURE IN F:       :PCPN:    SNOW:  WIND      :SUNSHINE: SKY     :PK WND
================================================================================
1   2   3   4   5  6A  6B    7    8   9   10  11  12  13   14  15   16   17  18
                                     12Z  AVG MX 2MIN
DY MAX MIN AVG DEP HDD CDD  WTR  SNW DPTH SPD SPD DIR MIN PSBL S-S WX    SPD DR
================================================================================

 1  34  15  25  12  40   0 0.00  0.0   58  1.2 12 350   M    M   2 12     13 350
 2  27   6  17   3  48   0 0.00  0.0   55  0.6  6 270   M    M   0 18      7 260
 3  27  10  19   5  46   0 0.00  0.0   54 17.1 32  30   M    M   0        40 340
 4  20   8  14   0  51   0 0.00  0.0   50 19.4 33  30   M    M   0        42  30
 5  20  10  15   0  50   0    T    T   49 12.4 22  20   M    M   3 8      27  30
 6  21  16  19   4  46   0    T    T   49  9.2 16  90   M    M   7 1      21  80
 7  25   8  17   1  48   0 0.00  0.0   49  4.1 10 350   M    M   4        11 340
 8  30  11  21   5  44   0 0.00  0.0   48  8.1 17  20   M    M   1        20  40
 9  34  21  28  11  37   0 0.00  0.0   47 13.2 21  70   M    M   2        25  70
10  40  21  31  14  34   0 0.00  0.0   46  5.6 17 360   M    M   0        20 350
11  38  20  29  11  36   0 0.00  0.0   47  5.8 20 350   M    M   0        22 350
12  30  15  23   5  42   0 0.00  0.0   39  9.2 20 340   M    M   1        22 340
13  41  19  30  11  35   0 0.00  0.0   36  6.9 15 360   M    M   4        18 360
14  33  18  26   7  39   0 0.00  0.0   17  7.8 20  80   M    M   2         M  M
15  32  29  31  11  34   0 0.05  0.4   33 23.9 35  90   M    M   9 16     45 100
16  32  29  31  10  34   0 0.11    M   33 17.0 28  90   M    M  10 126    33  90
17  38  30  34  13  31   0    M    M   30 14.9 22  70   M    M   9 1      29  70
18  40  31  36  14  29   0 0.00  0.0   26 13.5 24  50   M    M   5        28  40
19  40  26  33  11  32   0 0.00  0.0   25 11.8 21  20   M    M   0        35  20
20  33  18  26   3  39   0 0.00  0.0   24 18.2 35  30   M    M   0        43  30
21  26  15  21  -3  44   0 0.00  0.0   22 19.0 33  30   M    M   3 78     43  40
22  39  24  32   8  33   0 0.00  0.0   21 14.3 23  40   M    M   1        31  40
23  35  30  33   8  32   0 0.11  1.1   19 14.3 21  50   M    M   7 1      27  50
================================================================================
SM  735  430       904   0  0.27     1.5 267.5          M       70
================================================================================
AV 32.0 18.7                              11.6 FASTST   M    M   3    MAX(MPH)
                                 MISC ---->  # 35  90               # 45  100
================================================================================
NOTES:
# LAST OF SEVERAL OCCURRENCES

COLUMN 17 PEAK WIND IN M.P.H.

PRELIMINARY LOCAL CLIMATOLOGICAL DATA (WS FORM: F-6) , PAGE 2

                                          STATION:  NOME AK
                                          MONTH:    APRIL
                                          YEAR:     2018
                                          LATITUDE:   64 30 N
                                          LONGITUDE: 165 26 W

[TEMPERATURE DATA]      [PRECIPITATION DATA]       SYMBOLS USED IN COLUMN 16

AVERAGE MONTHLY: 25.3   TOTAL FOR MONTH:   0.27    1 = FOG OR MIST
DPTR FM NORMAL:   6.8   DPTR FM NORMAL:   -0.29    2 = FOG REDUCING VISIBILITY
HIGHEST:    41 ON 13    GRTST 24HR  0.11 ON 23-23      TO 1/4 MILE OR LESS
LOWEST:      6 ON  2                               3 = THUNDER
                        SNOW, ICE PELLETS, HAIL    4 = ICE PELLETS
                        TOTAL MONTH:   1.5 INCHES  5 = HAIL
                        GRTST 24HR   1.1 ON 23-23  6 = FREEZING RAIN OR DRIZZLE
                        GRTST DEPTH:  58 ON  1     7 = DUSTSTORM OR SANDSTORM:
                                                       VSBY 1/2 MILE OR LESS
                                                   8 = SMOKE OR HAZE
[NO. OF DAYS WITH]      [WEATHER - DAYS WITH]      9 = BLOWING SNOW
                                                   X = TORNADO
MAX 32 OR BELOW:  11    0.01 INCH OR MORE:   3
MAX 90 OR ABOVE:   0    0.10 INCH OR MORE:   2
MIN 32 OR BELOW:  23    0.50 INCH OR MORE:   0
MIN  0 OR BELOW:   0    1.00 INCH OR MORE:   0

[HDD (BASE 65) ]
TOTAL THIS MO.   904    CLEAR  (SCALE 0-3)  15
DPTR FM NORMAL  -166    PTCLDY (SCALE 4-7)   5
TOTAL FM JUL 1 10568    CLOUDY (SCALE 8-10)  3
DPTR FM NORMAL -1477

[CDD (BASE 65) ]
TOTAL THIS MO.     0
DPTR FM NORMAL     0    [PRESSURE DATA]
TOTAL FM JAN 1     0    HIGHEST SLP M ON M
DPTR FM NORMAL     0    LOWEST  SLP 29.63 ON 11

[REMARKS]
