000
CXUS54 KMRX 241000
CF6OQT
PRELIMINARY LOCAL CLIMATOLOGICAL DATA (WS FORM: F-6)

                                          STATION:   OAK_RIDGE_(ASOS)
                                          MONTH:     APRIL
                                          YEAR:      2018
                                          LATITUDE:   36  1 N
                                          LONGITUDE:  84 14 W

  TEMPERATURE IN F:       :PCPN:    SNOW:  WIND      :SUNSHINE: SKY     :PK WND
================================================================================
1   2   3   4   5  6A  6B    7    8   9   10  11  12  13   14  15   16   17  18
                                     12Z  AVG MX 2MIN
DY MAX MIN AVG DEP HDD CDD  WTR  SNW DPTH SPD SPD DIR MIN PSBL S-S WX    SPD DR
================================================================================

 1  71  46  59   4   6   0    T    M    M  1.2  9 190   M    M   6        13 190
 2  72  53  63   8   2   0 0.00    M    M  1.9  8 260   M    M   7        13 280
 3  77  49  63   7   2   0 0.07    M    M  6.3 22 210   M    M   4 1      37 200
 4  72  40  56   0   9   0 0.41    M    M  5.9 21 270   M    M   3 1      29 290
 5  61  31  46 -10  19   0 0.00    M    M  2.1  9  60   M    M   0        13  70
 6  58  37  48  -8  17   0 0.72    M    M  2.6 14 190   M    M   7 1      18 210
 7  50  36  43 -14  22   0 0.14    M    M  4.2  9  60   M    M  10 1      16  20
 8  50  29  40 -17  25   0 0.00    M    M  2.7  9  80   M    M   3        16 360
 9  57  40  49  -8  16   0 0.12    M    M  0.9  6  50   M    M   7 1       8  80
10  64  35  50  -7  15   0 0.00    M    M  2.7  9 290   M    M   2        14  80
11  66  34  50  -8  15   0 0.00    M    M  2.1  7  99   M    M   0         M  M
12  79  44  62   4   3   0 0.00    M    M  5.9 18 190   M    M   0        29 180
13  81  55  68  10   0   3 0.00    M    M  5.7 21 210   M    M   0        32 220
14  78  58  68  10   0   3 0.10    M    M  5.1 21 190   M    M   6 1      28 180
15  63  42  53  -6  12   0 1.10    M    M  4.5 13 260   M    M  10 1      22  90
16  42  33  38 -21  27   0 0.03    M    M  7.2 17 270   M    M   7 1      28 260
17  71  31  51  -8  14   0 0.00    M    M  3.7 13 260   M    M   2        22 270
18  82  46  64   5   1   0 0.00    M    M  5.6 17 210   M    M   1        27 260
19  68  42  55  -5  10   0 0.01    M    M  5.7 14 330   M    M   3        21 300
20  68  33  51  -9  14   0 0.00    M    M  3.2 13  80   M    M   0        17  60
21  74  40  57  -3   8   0 0.00    M    M  1.5  9  80   M    M   0        13  80
22  68  48  58  -2   7   0 0.09    M    M  0.6  7  60   M    M   7 1      10  50
23  61  54  58  -3   7   0 0.63    M    M  3.1 15  60   M    M   9 1      20  70
================================================================================
SM 1533  956       251   6  3.42    M     84.4          M       94
================================================================================
AV 66.7 41.6                               3.7 FASTST   M    M   4    MAX(MPH)
                                 MISC ---->  # 22 210               # 37  200
================================================================================
NOTES:
# LAST OF SEVERAL OCCURRENCES

COLUMN 17 PEAK WIND IN M.P.H.

PRELIMINARY LOCAL CLIMATOLOGICAL DATA (WS FORM: F-6) , PAGE 2

                                          STATION:  OAK_RIDGE_(ASOS)
                                          MONTH:    APRIL
                                          YEAR:     2018
                                          LATITUDE:   36  1 N
                                          LONGITUDE:  84 14 W

[TEMPERATURE DATA]      [PRECIPITATION DATA]       SYMBOLS USED IN COLUMN 16

AVERAGE MONTHLY: 54.1   TOTAL FOR MONTH:   3.42    1 = FOG OR MIST
DPTR FM NORMAL:  -3.8   DPTR FM NORMAL:    0.23    2 = FOG REDUCING VISIBILITY
HIGHEST:    82 ON 18    GRTST 24HR  1.10 ON 15-15      TO 1/4 MILE OR LESS
LOWEST:     29 ON  8                               3 = THUNDER
                        SNOW, ICE PELLETS, HAIL    4 = ICE PELLETS
                        TOTAL MONTH:    M          5 = HAIL
                        GRTST 24HR    M  ON   M    6 = FREEZING RAIN OR DRIZZLE
                        GRTST DEPTH:  M  ON   M    7 = DUSTSTORM OR SANDSTORM:
                                                       VSBY 1/2 MILE OR LESS
                                                   8 = SMOKE OR HAZE
[NO. OF DAYS WITH]      [WEATHER - DAYS WITH]      9 = BLOWING SNOW
                                                   X = TORNADO
MAX 32 OR BELOW:   0    0.01 INCH OR MORE:  11
MAX 90 OR ABOVE:   0    0.10 INCH OR MORE:   7
MIN 32 OR BELOW:   3    0.50 INCH OR MORE:   3
MIN  0 OR BELOW:   0    1.00 INCH OR MORE:   1

[HDD (BASE 65) ]
TOTAL THIS MO.   251    CLEAR  (SCALE 0-3)  11
DPTR FM NORMAL    70    PTCLDY (SCALE 4-7)   9
TOTAL FM JUL 1  3466    CLOUDY (SCALE 8-10)  3
DPTR FM NORMAL  -135

[CDD (BASE 65) ]
TOTAL THIS MO.     6
DPTR FM NORMAL   -13    [PRESSURE DATA]
TOTAL FM JAN 1    28    HIGHEST SLP M ON M
DPTR FM NORMAL     5    LOWEST  SLP 29.66 ON 15

[REMARKS]
