000
CXUS56 KMFR 211000
CF6OTH
PRELIMINARY LOCAL CLIMATOLOGICAL DATA (WS FORM: F-6)

                                          STATION:   NORTH BEND OR
                                          MONTH:     MAY
                                          YEAR:      2018
                                          LATITUDE:   43 25 N
                                          LONGITUDE: 124 15 W

  TEMPERATURE IN F:       :PCPN:    SNOW:  WIND      :SUNSHINE: SKY     :PK WND
================================================================================
1   2   3   4   5  6A  6B    7    8   9   10  11  12  13   14  15   16   17  18
                                     12Z  AVG MX 2MIN
DY MAX MIN AVG DEP HDD CDD  WTR  SNW DPTH SPD SPD DIR MIN PSBL S-S WX    SPD DR
================================================================================

 1  56  42  49  -2  16   0 0.00    M    M 12.9 25 350   0    0   0        32  10
 2  60  41  51   0  14   0 0.00    M    M 10.4 24 360   0    0   0        35 350
 3  57  50  54   3  11   0 0.00    M    M  4.9 12 240   M    M  10 1       M  M
 4  58  50  54   2  11   0 0.00    M    M  6.6 16 360   0    0   0         M  M
 5  66  48  57   5   8   0 0.00    M    M  5.8 14 330   M    M   1         M  M
 6  60  51  56   4   9   0 0.00    M    M  8.5 17 250   M    M  10 3       M  M
 7  61  48  55   3  10   0 0.00    M    M  4.7 12 290   M    M   5         M  M
 8  69  46  58   6   7   0 0.01    M    M  6.5 12 200   M    M   4         M  M
 9  64  54  59   7   6   0    T    M    M  9.4 18 260   M    M   8         M  M
10  60  52  56   4   9   0    T    M    M 10.6 21 350   M    M   9 1      24 350
11  59  48  54   2  11   0    T    M    M 15.1 25 360   0    0   0        36 350
12  58  51  55   3  10   0 0.00    M    M 13.4 24 350   0    0   0        32 360
13  59  49  54   1  11   0 0.00    M    M  8.5 18 250   M    M   8 12      M  M
14  58  51  55   2  10   0    T    M    M  6.0 12 270   M    M  10 1       M  M
15  59  51  55   2  10   0 0.00    M    M  7.2 15 270   M    M   9 18     20 240
16  59  52  56   3   9   0 0.00    M    M  4.6 10 290   M    M  10         M  M
17  61  52  57   4   8   0    T  0.0    0  8.1 15 350   M    M   8 1       M  M
18  58  53  56   3   9   0 0.00  0.0    0  7.5 14 350   M    M  10         M  M
19  61  53  57   4   8   0 0.00    M    M  8.9 18 330   M    M   8        24 330
20  60  54  57   3   8   0 0.00    M    M 10.5 15 340   M    M  10         M  M
================================================================================
SM 1203  996       195   0  0.01     0.0 170.1            0    120
================================================================================
AV 60.2 49.8                               8.5 FASTST    0   0   6    MAX(MPH)
                                 MISC ---->  # 25 350               # 36  350
================================================================================
NOTES:
# LAST OF SEVERAL OCCURRENCES

COLUMN 17 PEAK WIND IN M.P.H.

PRELIMINARY LOCAL CLIMATOLOGICAL DATA (WS FORM: F-6) , PAGE 2

                                          STATION:  NORTH BEND OR
                                          MONTH:    MAY
                                          YEAR:     2018
                                          LATITUDE:   43 25 N
                                          LONGITUDE: 124 15 W

[TEMPERATURE DATA]      [PRECIPITATION DATA]       SYMBOLS USED IN COLUMN 16

AVERAGE MONTHLY: 55.0   TOTAL FOR MONTH:   0.01    1 = FOG OR MIST
DPTR FM NORMAL:   2.7   DPTR FM NORMAL:   -2.22    2 = FOG REDUCING VISIBILITY
HIGHEST:    69 ON  8    GRTST 24HR  0.03 ON 30- 1      TO 1/4 MILE OR LESS
LOWEST:     41 ON  2                               3 = THUNDER
                        SNOW, ICE PELLETS, HAIL    4 = ICE PELLETS
                        TOTAL MONTH:   0.0 INCH    5 = HAIL
                        GRTST 24HR     0.0         6 = FREEZING RAIN OR DRIZZLE
                        GRTST DEPTH:   0           7 = DUSTSTORM OR SANDSTORM:
                                                       VSBY 1/2 MILE OR LESS
                                                   8 = SMOKE OR HAZE
[NO. OF DAYS WITH]      [WEATHER - DAYS WITH]      9 = BLOWING SNOW
                                                   X = TORNADO
MAX 32 OR BELOW:   0    0.01 INCH OR MORE:   1
MAX 90 OR ABOVE:   0    0.10 INCH OR MORE:   0
MIN 32 OR BELOW:   0    0.50 INCH OR MORE:   0
MIN  0 OR BELOW:   0    1.00 INCH OR MORE:   0

[HDD (BASE 65) ]
TOTAL THIS MO.   195    CLEAR  (SCALE 0-3)   6
DPTR FM NORMAL   -60    PTCLDY (SCALE 4-7)   5
TOTAL FM JUL 1  3864    CLOUDY (SCALE 8-10)  9
DPTR FM NORMAL  -577

[CDD (BASE 65) ]
TOTAL THIS MO.     0
DPTR FM NORMAL     0    [PRESSURE DATA]
TOTAL FM JAN 1     0    HIGHEST SLP  0.00 ON M
DPTR FM NORMAL     0    LOWEST  SLP  0.00 ON 14

[REMARKS]
