000
CXUS55 KGJT 241000
CF6RIL
PRELIMINARY LOCAL CLIMATOLOGICAL DATA (WS FORM: F-6)

                                          STATION:   RIFLE CO
                                          MONTH:     MAY
                                          YEAR:      2018
                                          LATITUDE:   39 31 N
                                          LONGITUDE: 107 43 W

  TEMPERATURE IN F:       :PCPN:    SNOW:  WIND      :SUNSHINE: SKY     :PK WND
================================================================================
1   2   3   4   5  6A  6B    7    8   9   10  11  12  13   14  15   16   17  18
                                     12Z  AVG MX 2MIN
DY MAX MIN AVG DEP HDD CDD  WTR  SNW DPTH SPD SPD DIR MIN PSBL S-S WX    SPD DR
================================================================================

 1  63  43  53   1  12   0    T    M    M  8.1 32 250   M    M   5        39 250
 2  60  44  52   0  13   0 0.04    M    M  9.1 26 260   M    M   9 1      31 260
 3  54  41  48  -5  17   0 0.21    M    M  8.2 20 260   M    M   9 1      23 250
 4  70  36  53   0  12   0 0.00    M    M  2.6  8 120   M    M   1 1      11 310
 5  77  37  57   4   8   0 0.00    M    M  4.2 12 270   M    M   0        15 260
 6  81  40  61   7   4   0 0.00    M    M  6.1 23 260   M    M   0        27 270
 7  82  43  63   9   2   0 0.00    M    M  6.9 25 250   M    M   0        32 270
 8  83  41  62   8   3   0 0.00    M    M  4.2 15 330   M    M   0        23 300
 9  84  42  63   9   2   0 0.00    M    M  3.6 18 270   M    M   0        23 280
10  86  42  64   9   1   0 0.00    M    M 10.4 33 210   M    M   0        44 230
11  82  47  65  10   0   0 0.00    M    M 10.5 31 160   M    M   1        41 190
12  84  51  68  13   0   3 0.00    M    M 12.3 35 210   M    M   0        43 210
13  76  53  65   9   0   0 0.00    M    M 11.8 25 270   M    M   2        33 280
14  78  41  60   4   5   0 0.00    M    M  6.2 21 260   M    M   0        26 280
15  82  38  60   4   5   0 0.00    M    M  5.6 20 260   M    M   0        24 290
16  85  38  62   6   3   0 0.00    M    M  3.2 16 270   M    M   0        18 280
17  83  40  62   5   3   0 0.00    M    M  7.8 26 240   M    M   0        34 240
18  81  42  62   5   3   0 0.00    M    M  9.8 33 320   M    M   0        41 320
19  73  45  59   2   6   0 0.01    M    M  4.8 15 110   M    M   1 3      20  70
20  76  40  58   0   7   0    T    M    M  5.5 37 270   M    M   1        46 280
21  83  37  60   2   5   0 0.00    M    M  5.1 23 140   M    M   0        30 150
22  73  45  59   1   6   0    T    M    M  7.0 32 260   M    M   1 3      42 260
23  81  40  61   2   4   0 0.00    M    M  8.5 26 270   M    M   1        33 280
================================================================================
SM 1777  966       121   3  0.26    M    161.5          M       31
================================================================================
AV 77.3 42.0                               7.0 FASTST   M    M   1    MAX(MPH)
                                 MISC ---->  # 37 270               # 46  280
================================================================================
NOTES:
# LAST OF SEVERAL OCCURRENCES

COLUMN 17 PEAK WIND IN M.P.H.

PRELIMINARY LOCAL CLIMATOLOGICAL DATA (WS FORM: F-6) , PAGE 2

                                          STATION:  RIFLE CO
                                          MONTH:    MAY
                                          YEAR:     2018
                                          LATITUDE:   39 31 N
                                          LONGITUDE: 107 43 W

[TEMPERATURE DATA]      [PRECIPITATION DATA]       SYMBOLS USED IN COLUMN 16

AVERAGE MONTHLY: 59.6   TOTAL FOR MONTH:   0.26    1 = FOG OR MIST
DPTR FM NORMAL:   4.3   DPTR FM NORMAL:   -0.87    2 = FOG REDUCING VISIBILITY
HIGHEST:    86 ON 10    GRTST 24HR  0.21 ON  3- 3      TO 1/4 MILE OR LESS
LOWEST:     36 ON  4                               3 = THUNDER
                        SNOW, ICE PELLETS, HAIL    4 = ICE PELLETS
                        TOTAL MONTH:    M          5 = HAIL
                        GRTST 24HR    M  ON   M    6 = FREEZING RAIN OR DRIZZLE
                        GRTST DEPTH:  M  ON   M    7 = DUSTSTORM OR SANDSTORM:
                                                       VSBY 1/2 MILE OR LESS
                                                   8 = SMOKE OR HAZE
[NO. OF DAYS WITH]      [WEATHER - DAYS WITH]      9 = BLOWING SNOW
                                                   X = TORNADO
MAX 32 OR BELOW:   0    0.01 INCH OR MORE:   3
MAX 90 OR ABOVE:   0    0.10 INCH OR MORE:   1
MIN 32 OR BELOW:   0    0.50 INCH OR MORE:   0
MIN  0 OR BELOW:   0    1.00 INCH OR MORE:   0

[HDD (BASE 65) ]
TOTAL THIS MO.   121    CLEAR  (SCALE 0-3)  20
DPTR FM NORMAL  -103    PTCLDY (SCALE 4-7)   1
TOTAL FM JUL 1  5686    CLOUDY (SCALE 8-10)  2
DPTR FM NORMAL  -835

[CDD (BASE 65) ]
TOTAL THIS MO.     3
DPTR FM NORMAL     3    [PRESSURE DATA]
TOTAL FM JAN 1     3    HIGHEST SLP M ON M
DPTR FM NORMAL     3    LOWEST  SLP 29.42 ON 11

[REMARKS]
