000
CXUS56 KSLC 221227
CF6SLC
PRELIMINARY LOCAL CLIMATOLOGICAL DATA (WS FORM: F-6)

                                          STATION:   SALT LAKE CITY UT
                                          MONTH:     MAY
                                          YEAR:      2018
                                          LATITUDE:   40 46 N
                                          LONGITUDE: 111 58 W

  TEMPERATURE IN F:       :PCPN:    SNOW:  WIND      :SUNSHINE: SKY     :PK WND
================================================================================
1   2   3   4   5  6A  6B    7    8   9   10  11  12  13   14  15   16   17  18
                                     12Z  AVG MX 2MIN
DY MAX MIN AVG DEP HDD CDD  WTR  SNW DPTH SPD SPD DIR MIN PSBL S-S WX    SPD DR
================================================================================

 1  61  41  51  -4  14   0 0.00  0.0    0  5.4 17 230   M    M   2        22 230
 2  61  45  53  -2  12   0 0.16  0.0    0  6.6 35  10   M    M   8 1      42  10
 3  68  46  57   1   8   0 0.00  0.0    0  6.7 15 320   M    M   3 1      19 310
 4  77  50  64   8   1   0 0.00  0.0    0  7.5 14 160   M    M   4        17 170
 5  80  53  67  11   0   2 0.00  0.0    0  7.7 14 140   M    M   7        17 150
 6  86  60  73  16   0   8 0.00  0.0    0 14.2 26 160   M    M   7        34 170
 7  82  60  71  14   0   6 0.00  0.0    0  7.2 18 270   M    M   5        23 280
 8  82  54  68  11   0   3 0.00  0.0    0  5.4  9 360   M    M   1        17  40
 9  85  61  73  15   0   8 0.00  0.0    0  8.0 22 330   M    M   1        25 330
10  78  57  68  10   0   3 0.05  0.0    0  7.5 24  20   M    M   3 3      31  30
11  58  48  53  -5  12   0 0.02  0.0    0  9.2 29 340   M    M   9        32 330
12  57  44  51  -8  14   0 0.23  0.0    0  9.5 25 160   M    M   7 138    32 160
13  68  41  55  -4  10   0 0.00  0.0    0  6.1 24 290   M    M   4        33 290
14  69  47  58  -1   7   0 0.32  0.0    0  8.2 22 150   M    M   4 3      31 180
15  72  47  60   0   5   0    T  0.0    0  6.0 18 310   M    M   1        22 280
16  82  52  67   7   0   2 0.00  0.0    0  7.5 20 170   M    M   1        25 160
17  81  54  68   8   0   3 0.00  0.0    0  9.2 31 280   M    M   2        41 270
18  73  55  64   4   1   0    T  0.0    0  6.5 15  90   M    M   4 3      21 220
19  77  53  65   4   0   0 0.00  0.0    0  5.5 14 330   M    M   1        21 280
20  80  56  68   7   0   3 0.05  0.0    0  8.1 35 240   M    M   3 3      47 250
21  81  54  68   7   0   3    T  0.0    0  5.7 21 170   M    M   3 3      37 170
================================================================================
SM 1558 1078        84  41  0.83     0.0 157.7          M       80
================================================================================
AV 74.2 51.3                               7.5 FASTST   M    M   4    MAX(MPH)
                                 MISC ---->  # 35  10               # 47  250
================================================================================
NOTES:
# LAST OF SEVERAL OCCURRENCES

COLUMN 17 PEAK WIND IN M.P.H.

PRELIMINARY LOCAL CLIMATOLOGICAL DATA (WS FORM: F-6) , PAGE 2

                                          STATION:  SALT LAKE CITY UT
                                          MONTH:    MAY
                                          YEAR:     2018
                                          LATITUDE:   40 46 N
                                          LONGITUDE: 111 58 W

[TEMPERATURE DATA]      [PRECIPITATION DATA]       SYMBOLS USED IN COLUMN 16

AVERAGE MONTHLY: 62.8   TOTAL FOR MONTH:   0.83    1 = FOG OR MIST
DPTR FM NORMAL:   4.5   DPTR FM NORMAL:   -0.56    2 = FOG REDUCING VISIBILITY
HIGHEST:    86 ON  6    GRTST 24HR  0.71 ON 30- 1      TO 1/4 MILE OR LESS
LOWEST:     41 ON 13, 1                            3 = THUNDER
                        SNOW, ICE PELLETS, HAIL    4 = ICE PELLETS
                        TOTAL MONTH:   0.0 INCH    5 = HAIL
                        GRTST 24HR     0.0         6 = FREEZING RAIN OR DRIZZLE
                        GRTST DEPTH:   0           7 = DUSTSTORM OR SANDSTORM:
                                                       VSBY 1/2 MILE OR LESS
                                                   8 = SMOKE OR HAZE
[NO. OF DAYS WITH]      [WEATHER - DAYS WITH]      9 = BLOWING SNOW
                                                   X = TORNADO
MAX 32 OR BELOW:   0    0.01 INCH OR MORE:   6
MAX 90 OR ABOVE:   0    0.10 INCH OR MORE:   3
MIN 32 OR BELOW:   0    0.50 INCH OR MORE:   0
MIN  0 OR BELOW:   0    1.00 INCH OR MORE:   0

[HDD (BASE 65) ]
TOTAL THIS MO.    84    CLEAR  (SCALE 0-3)   9
DPTR FM NORMAL   -79    PTCLDY (SCALE 4-7)  11
TOTAL FM JUL 1  4499    CLOUDY (SCALE 8-10)  1
DPTR FM NORMAL -1020

[CDD (BASE 65) ]
TOTAL THIS MO.    41
DPTR FM NORMAL    17    [PRESSURE DATA]
TOTAL FM JAN 1    52    HIGHEST SLP M ON M
DPTR FM NORMAL    24    LOWEST  SLP 29.56 ON 10

[REMARKS]
