000
CXUS55 KPUB 191210
CF6SPD
PRELIMINARY LOCAL CLIMATOLOGICAL DATA (WS FORM: F-6)
STATION: SPRINGFIELD CO
MONTH: APRIL
YEAR: 2024
LATITUDE: 37 16 N
LONGITUDE: 102 37 W
TEMPERATURE IN F: :PCPN: SNOW: WIND :SUNSHINE: SKY :PK WND
================================================================================
1 2 3 4 5 6A 6B 7 8 9 10 11 12 13 14 15 16 17 18
12Z AVG MX 2MIN
DY MAX MIN AVG DEP HDD CDD WTR SNW DPTH SPD SPD DIR MIN PSBL S-S WX SPD DR
================================================================================
1 63 35 49 2 16 0 0.06 M M 14.7 28 40 M M M 38 30
2 62 30 46 -2 19 0 0.00 M M 20.9 40 340 M M M 52 350
3 74 36 55 7 10 0 0.00 M M 11.6 26 340 M M M 36 340
4 80 35 58 10 7 0 0.00 M M 10.7 23 180 M M 0 31 160
5 82 44 63 15 2 0 0.00 M M 22.7 37 190 M M 0 48 190
6 63 41 52 4 13 0 0.00 M M 24.3 39 280 M M 0 58 260
7 70 35 53 5 12 0 0.00 M M 15.5 32 310 M M 0 42 310
8 61 22 42 -7 23 0 0.00 M M 6.9 14 150 M M 0 22 130
9 58 26 42 -7 23 0 0.00 M M 6.0 16 360 M M 0 20 360
10 67 25 46 -3 19 0 0.00 M M 12.6 33 350 M M 0 45 320
11 66 29 48 -1 17 0 0.00 M M 8.6 21 160 M M 0 29 160
12 83 32 58 9 7 0 0.00 M M 11.5 26 200 M M 0 37 190
13 85 47 66 16 0 1 0.00 M M 11.0 24 260 M M 0 35 270
14 85 45 65 15 0 0 0.00 M M 8.5 20 130 M M 0 28 120
15 85 40 63 13 2 0 0.00 M M 17.3 38 230 M M 0 53 220
16 76 44 60 10 5 0 0.00 M M 19.6 48 350 M M M 64 350
17 82 38 60 10 5 0 0.00 M M 7.7 37 310 M M M 49 310
18 55 38 47 -4 18 0 0.00 M M 17.5 40 340 M M M 51 330
================================================================================
SM 1297 642 198 1 0.06 M 247.6 M 0
================================================================================
AV 72.1 35.7 13.8 FASTST M M 0 MAX(MPH)
MISC ----> 48 350 64 350
================================================================================
NOTES:
# LAST OF SEVERAL OCCURRENCES
COLUMN 17 PEAK WIND IN M.P.H.
PRELIMINARY LOCAL CLIMATOLOGICAL DATA (WS FORM: F-6) , PAGE 2
STATION: SPRINGFIELD CO
MONTH: APRIL
YEAR: 2024
LATITUDE: 37 16 N
LONGITUDE: 102 37 W
[TEMPERATURE DATA] [PRECIPITATION DATA] SYMBOLS USED IN COLUMN 16
AVERAGE MONTHLY: 53.9 TOTAL FOR MONTH: 0.06 1 = FOG OR MIST
DPTR FM NORMAL: 4.9 DPTR FM NORMAL: -0.62 2 = FOG REDUCING VISIBILITY
HIGHEST: 85 ON 15,14 GRTST 24HR 0.06 ON 1- 1 TO 1/4 MILE OR LESS
LOWEST: 22 ON 8 3 = THUNDER
SNOW, ICE PELLETS, HAIL 4 = ICE PELLETS
TOTAL MONTH: M 5 = HAIL
GRTST 24HR M ON M 6 = FREEZING RAIN OR DRIZZLE
GRTST DEPTH: M ON M 7 = DUSTSTORM OR SANDSTORM:
VSBY 1/2 MILE OR LESS
8 = SMOKE OR HAZE
[NO. OF DAYS WITH] [WEATHER - DAYS WITH] 9 = BLOWING SNOW
X = TORNADO
MAX 32 OR BELOW: 0 0.01 INCH OR MORE: 1
MAX 90 OR ABOVE: 0 0.10 INCH OR MORE: 0
MIN 32 OR BELOW: 6 0.50 INCH OR MORE: 0
MIN 0 OR BELOW: 0 1.00 INCH OR MORE: 0
[HDD (BASE 65) ]
TOTAL THIS MO. 198 CLEAR (SCALE 0-3) 12
DPTR FM NORMAL -92 PTCLDY (SCALE 4-7) 0
TOTAL FM JUL 1 4197 CLOUDY (SCALE 8-10) 6
DPTR FM NORMAL -847
[CDD (BASE 65) ]
TOTAL THIS MO. 1
DPTR FM NORMAL 1 [PRESSURE DATA]
TOTAL FM JAN 1 1 HIGHEST SLP M ON M
DPTR FM NORMAL 1 LOWEST SLP 29.31 ON 6
[REMARKS]