000
CXUS52 KJAX 230800
CF6SSI
PRELIMINARY LOCAL CLIMATOLOGICAL DATA (WS FORM: F-6)

                                          STATION:   ST SIMONS ISLAND GA
                                          MONTH:     APRIL
                                          YEAR:      2018
                                          LATITUDE:   31  9 N
                                          LONGITUDE:  81 23 W

  TEMPERATURE IN F:       :PCPN:    SNOW:  WIND      :SUNSHINE: SKY     :PK WND
================================================================================
1   2   3   4   5  6A  6B    7    8   9   10  11  12  13   14  15   16   17  18
                                     12Z  AVG MX 2MIN
DY MAX MIN AVG DEP HDD CDD  WTR  SNW DPTH SPD SPD DIR MIN PSBL S-S WX    SPD DR
================================================================================

 1  74  53  64   1   1   0 0.00  0.0    0  6.7 15  50   M    M   2 12     22 170
 2  78  58  68   4   0   3 0.00  0.0    0  7.2 16 140   M    M   2 12     20 130
 3  77  64  71   7   0   6 0.00  0.0    0  7.6 17 160   M    M   2        24 130
 4  83  59  71   7   0   6 0.00  0.0    0  9.7 17 270   M    M   4        26 290
 5  67  48  58  -6   7   0 0.00  0.0    0 11.8 22  50   M    M   0        32  40
 6  74  59  67   3   0   2 0.00  0.0    0  8.6 14 180   M    M   0        20 180
 7  79  64  72   7   0   7 0.95  0.0    0  9.1 20 310   M    M   5 138    29 300
 8  65  51  58  -7   7   0    T  0.0    0  9.3 17  40   M    M   9        21  30
 9  69  57  63  -2   2   0 0.03  0.0    0  8.4 15  50   M    M  10 1      19  40
10  60  54  57  -8   8   0 0.73  0.0    0  9.0 17  30   M    M   9 13     25  30
11  69  49  59  -6   6   0 0.00  0.0    0  6.9 16 100   M    M   0        20 120
12  72  51  62  -4   3   0 0.00  0.0    0  5.8 16  70   M    M   0 1      21  60
13  76  63  70   4   0   5 0.00  0.0    0  7.6 17 150   M    M   1        25 150
14  77  65  71   5   0   6 0.00  0.0    0  7.6 16 130   M    M   2        24 130
15  74  59  67   1   0   2 1.18  0.0    0 12.5 29 220   M    M   8 123    39 230
16  66  49  58  -8   7   0 0.00  0.0    0 13.4 22 260   M    M   1        30 250
17  76  48  62  -5   3   0 0.00  0.0    0  8.3 17 250   M    M   0        24 250
18  84  55  70   3   0   5 0.00  0.0    0 10.5 16 220   M    M   0        23 220
19  86  62  74   7   0   9 0.00  0.0    0 10.6 21 240   M    M   1        26 270
20  68  59  64  -4   1   0 0.00  0.0    0 15.3 26  40   M    M   6        37  40
21  69  64  67  -1   0   2    T  0.0    0 13.1 23  50   M    M  10        30  60
22  74  65  70   2   0   5 0.12  0.0    0 11.0 24 100   M    M   8 1      32 100
================================================================================
SM 1617 1256        45  58  3.01     0.0 210.0          M       80
================================================================================
AV 73.5 57.1                               9.5 FASTST   M    M   4    MAX(MPH)
                                 MISC ---->  # 29 220               # 39  230
================================================================================
NOTES:
# LAST OF SEVERAL OCCURRENCES

COLUMN 17 PEAK WIND IN M.P.H.

PRELIMINARY LOCAL CLIMATOLOGICAL DATA (WS FORM: F-6) , PAGE 2

                                          STATION:  ST SIMONS ISLAND GA
                                          MONTH:    APRIL
                                          YEAR:     2018
                                          LATITUDE:   31  9 N
                                          LONGITUDE:  81 23 W

[TEMPERATURE DATA]      [PRECIPITATION DATA]       SYMBOLS USED IN COLUMN 16

AVERAGE MONTHLY: 65.3   TOTAL FOR MONTH:   3.01    1 = FOG OR MIST
DPTR FM NORMAL:  -0.3   DPTR FM NORMAL:    1.05    2 = FOG REDUCING VISIBILITY
HIGHEST:    86 ON 19    GRTST 24HR  1.18 ON 15-15      TO 1/4 MILE OR LESS
LOWEST:     48 ON 17, 5                            3 = THUNDER
                        SNOW, ICE PELLETS, HAIL    4 = ICE PELLETS
                        TOTAL MONTH:   0.0 INCH    5 = HAIL
                        GRTST 24HR     0.0         6 = FREEZING RAIN OR DRIZZLE
                        GRTST DEPTH:   0           7 = DUSTSTORM OR SANDSTORM:
                                                       VSBY 1/2 MILE OR LESS
                                                   8 = SMOKE OR HAZE
[NO. OF DAYS WITH]      [WEATHER - DAYS WITH]      9 = BLOWING SNOW
                                                   X = TORNADO
MAX 32 OR BELOW:   0    0.01 INCH OR MORE:   5
MAX 90 OR ABOVE:   0    0.10 INCH OR MORE:   4
MIN 32 OR BELOW:   0    0.50 INCH OR MORE:   3
MIN  0 OR BELOW:   0    1.00 INCH OR MORE:   1

[HDD (BASE 65) ]
TOTAL THIS MO.    45    CLEAR  (SCALE 0-3)  13
DPTR FM NORMAL    -4    PTCLDY (SCALE 4-7)   4
TOTAL FM JUL 1  1296    CLOUDY (SCALE 8-10)  5
DPTR FM NORMAL  -181

[CDD (BASE 65) ]
TOTAL THIS MO.    58
DPTR FM NORMAL    -5    [PRESSURE DATA]
TOTAL FM JAN 1   151    HIGHEST SLP M ON M
DPTR FM NORMAL    48    LOWEST  SLP 29.71 ON  7

[REMARKS]
