007
CXUS56 KPQR 211200
CF6TTD
PRELIMINARY LOCAL CLIMATOLOGICAL DATA (WS FORM: F-6)

                                          STATION:   TROUTDALE OR
                                          MONTH:     MAY
                                          YEAR:      2018
                                          LATITUDE:   45 33 N
                                          LONGITUDE: 122 25 W

  TEMPERATURE IN F:       :PCPN:    SNOW:  WIND      :SUNSHINE: SKY     :PK WND
================================================================================
1   2   3   4   5  6A  6B    7    8   9   10  11  12  13   14  15   16   17  18
                                     12Z  AVG MX 2MIN
DY MAX MIN AVG DEP HDD CDD  WTR  SNW DPTH SPD SPD DIR MIN PSBL S-S WX    SPD DR
================================================================================

 1  60  48  54   0  11   0 0.00  0.0    0  3.7  9 310   M    M  10        15 310
 2  74  41  58   4   7   0 0.00  0.0    0  2.7  9 250   M    M   1        12 270
 3  79  46  63   9   2   0 0.00  0.0    0  3.7 14 250   M    M   1        19 240
 4  69  52  61   6   4   0 0.00  0.0    0  1.5  8 210   M    M   6        10 210
 5  75  52  64   9   1   0    T    M    M  2.6 12 240   M    M   2 3      15 260
 6  74  55  65  10   0   0 0.04    M    M  5.2 16 210   M    M   7 13     21 220
 7  77  56  67  12   0   2 0.00    M    M  2.4  9 270   M    M   5        15 290
 8  79  52  66  10   0   1 0.15  0.0    0  3.5 20 220   M    M   2 1      25 230
 9  69  54  62   6   3   0 0.02  0.0    0  6.3 16 220   M    M   7 1      22 240
10  66  52  59   3   6   0 0.04  0.0    0  4.1 14 310   M    M   9 1      23 320
11  66  51  59   3   6   0 0.00  0.0    0  5.2 13 180   M    M   8        17 170
12  81  53  67  10   0   2 0.00  0.0    0  3.2  9 260   M    M   5        12 270
13  89  51  70  13   0   5 0.00  0.0    0  3.9  9 330   M    M   0        14 350
14  89  54  72  15   0   7 0.00  0.0    0  3.7  9 260   M    M   0        13 280
15  71  56  64   7   1   0 0.00  0.0    0  3.9  9 330   M    M   7        12 340
16  64  57  61   3   4   0 0.00  0.0    0  2.4 12 210   M    M  10        14 340
17  66  56  61   3   4   0 0.00  0.0    0  3.2  7 310   M    M  10        10 230
18  70  55  63   5   2   0 0.00  0.0    0  2.9  8 310   M    M   7        13 310
19  70  55  63   5   2   0    T  0.0    0  3.1 10 200   M    M   9        13 220
20  71  53  62   4   3   0 0.00  0.0    0  4.5 13 250   M    M   5        17 250
================================================================================
SM 1459 1049        56  17  0.25     0.0  71.7          M      111
================================================================================
AV 73.0 52.5                               3.6 FASTST   M    M   6    MAX(MPH)
                                 MISC ---->  # 20 220               # 25  230
================================================================================
NOTES:
# LAST OF SEVERAL OCCURRENCES

COLUMN 17 PEAK WIND IN M.P.H.

PRELIMINARY LOCAL CLIMATOLOGICAL DATA (WS FORM: F-6) , PAGE 2

                                          STATION:  TROUTDALE OR
                                          MONTH:    MAY
                                          YEAR:     2018
                                          LATITUDE:   45 33 N
                                          LONGITUDE: 122 25 W

[TEMPERATURE DATA]      [PRECIPITATION DATA]       SYMBOLS USED IN COLUMN 16

AVERAGE MONTHLY: 62.7   TOTAL FOR MONTH:   0.25    1 = FOG OR MIST
DPTR FM NORMAL:   6.5   DPTR FM NORMAL:   -1.64    2 = FOG REDUCING VISIBILITY
HIGHEST:    89 ON 14,13 GRTST 24HR  0.15 ON  8- 8      TO 1/4 MILE OR LESS
LOWEST:     41 ON  2                               3 = THUNDER
                        SNOW, ICE PELLETS, HAIL    4 = ICE PELLETS
                        TOTAL MONTH:   0.0 INCH    5 = HAIL
                        GRTST 24HR     0.0         6 = FREEZING RAIN OR DRIZZLE
                        GRTST DEPTH:   0           7 = DUSTSTORM OR SANDSTORM:
                                                       VSBY 1/2 MILE OR LESS
                                                   8 = SMOKE OR HAZE
[NO. OF DAYS WITH]      [WEATHER - DAYS WITH]      9 = BLOWING SNOW
                                                   X = TORNADO
MAX 32 OR BELOW:   0    0.01 INCH OR MORE:   4
MAX 90 OR ABOVE:   0    0.10 INCH OR MORE:   1
MIN 32 OR BELOW:   0    0.50 INCH OR MORE:   0
MIN  0 OR BELOW:   0    1.00 INCH OR MORE:   0

[HDD (BASE 65) ]
TOTAL THIS MO.    56    CLEAR  (SCALE 0-3)   6
DPTR FM NORMAL  -127    PTCLDY (SCALE 4-7)   9
TOTAL FM JUL 1  3793    CLOUDY (SCALE 8-10)  5
DPTR FM NORMAL  -659

[CDD (BASE 65) ]
TOTAL THIS MO.    17
DPTR FM NORMAL    14    [PRESSURE DATA]
TOTAL FM JAN 1    30    HIGHEST SLP M ON M
DPTR FM NORMAL    26    LOWEST  SLP 29.78 ON 14

[REMARKS]
