000
CXUS51 KPBZ 210804
CF6ZZV
PRELIMINARY LOCAL CLIMATOLOGICAL DATA (WS FORM: F-6)

                                          STATION:   ZANESVILLE OH
                                          MONTH:     MAY
                                          YEAR:      2018
                                          LATITUDE:   39 56 N
                                          LONGITUDE:  81 54 W

  TEMPERATURE IN F:       :PCPN:    SNOW:  WIND      :SUNSHINE: SKY     :PK WND
================================================================================
1   2   3   4   5  6A  6B    7    8   9   10  11  12  13   14  15   16   17  18
                                     12Z  AVG MX 2MIN
DY MAX MIN AVG DEP HDD CDD  WTR  SNW DPTH SPD SPD DIR MIN PSBL S-S WX    SPD DR
================================================================================

 1  81  37  59   3   6   0 0.00  0.0    0  5.3 15 220   M    M   0        21 230
 2  84  51  68  11   0   3 0.00  0.0    0  8.5 21 250   M    M   2        30 240
 3  84  67  76  19   0  11    T  0.0    0  9.2 22 250   M    M   5        33 270
 4  82  59  71  14   0   6 0.05  0.0    0  9.6 26 290   M    M   7 1      36 290
 5  70  49  60   2   5   0 0.04    M    0  2.1 10 110   M    M   4 12     13 120
 6  74  56  65   7   0   0 0.31  0.0    0  4.0 21 310   M    M   4 1      27 320
 7  74  49  62   4   3   0 0.00    M    M  5.1 13 330   M    M   2 12     18  50
 8  79  45  62   4   3   0 0.00  0.0    0  2.3  9 310   M    M   1         M  M
 9  82  51  67   8   0   2 0.00  0.0    0  8.5 16 200   M    M   2        25 180
10  80  58  69  10   0   4 0.02  0.0    0  9.7 23 270   M    M   4        34 300
11  77  54  66   7   0   1 0.00  0.0    0  5.4 14  90   M    M   2        18  90
12  86  54  70  10   0   5 0.14  0.0    0  7.1 18 260   M    M   2 13     27 270
13  85  58  72  12   0   7 0.05    M    M  3.2 14 250   M    M   6 1238   18 220
14  83  65  74  14   0   9 0.32    M    M  1.6 39 310   M    M   6 123    54 310
15  85  64  75  15   0  10 0.43  0.0    0  6.7 18 260   M    M   2 13     25 250
16  73  63  68   7   0   3 0.02  0.0    0  2.7  8 160   M    M   6 1      12  10
17  79  63  71  10   0   6 0.02  0.0    0  5.3 17  90   M    M   5 18     22 100
18  75  67  71  10   0   6    T  0.0    0 10.7 21 100   M    M   7        25  90
19  79  63  71  10   0   6 1.18  0.0    0  8.4 23 280   M    M   5 13     32 280
20  79  63  71   9   0   6 0.00    M    M  5.4 14 320   M    M   4 1      17 330
================================================================================
SM 1591 1136        17  85  2.58     0.0 120.8          M       76
================================================================================
AV 79.6 56.8                               6.0 FASTST   M    M   4    MAX(MPH)
                                 MISC ---->  # 39 310               # 54  310
================================================================================
NOTES:
# LAST OF SEVERAL OCCURRENCES

COLUMN 17 PEAK WIND IN M.P.H.

PRELIMINARY LOCAL CLIMATOLOGICAL DATA (WS FORM: F-6) , PAGE 2

                                          STATION:  ZANESVILLE OH
                                          MONTH:    MAY
                                          YEAR:     2018
                                          LATITUDE:   39 56 N
                                          LONGITUDE:  81 54 W

[TEMPERATURE DATA]      [PRECIPITATION DATA]       SYMBOLS USED IN COLUMN 16

AVERAGE MONTHLY: 68.2   TOTAL FOR MONTH:   2.58    1 = FOG OR MIST
DPTR FM NORMAL:   9.1   DPTR FM NORMAL:   -0.05    2 = FOG REDUCING VISIBILITY
HIGHEST:    86 ON 12    GRTST 24HR  1.18 ON 19-19      TO 1/4 MILE OR LESS
LOWEST:     37 ON  1                               3 = THUNDER
                        SNOW, ICE PELLETS, HAIL    4 = ICE PELLETS
                        TOTAL MONTH:   0.0 INCH    5 = HAIL
                        GRTST 24HR     0.0         6 = FREEZING RAIN OR DRIZZLE
                        GRTST DEPTH:   0           7 = DUSTSTORM OR SANDSTORM:
                                                       VSBY 1/2 MILE OR LESS
                                                   8 = SMOKE OR HAZE
[NO. OF DAYS WITH]      [WEATHER - DAYS WITH]      9 = BLOWING SNOW
                                                   X = TORNADO
MAX 32 OR BELOW:   0    0.01 INCH OR MORE:  11
MAX 90 OR ABOVE:   0    0.10 INCH OR MORE:   5
MIN 32 OR BELOW:   0    0.50 INCH OR MORE:   1
MIN  0 OR BELOW:   0    1.00 INCH OR MORE:   1

[HDD (BASE 65) ]
TOTAL THIS MO.    17    CLEAR  (SCALE 0-3)   8
DPTR FM NORMAL  -122    PTCLDY (SCALE 4-7)  12
TOTAL FM JUL 1  5359    CLOUDY (SCALE 8-10)  0
DPTR FM NORMAL  -137

[CDD (BASE 65) ]
TOTAL THIS MO.    85
DPTR FM NORMAL    65    [PRESSURE DATA]
TOTAL FM JAN 1   100    HIGHEST SLP M ON M
DPTR FM NORMAL    71    LOWEST  SLP 29.81 ON 10

[REMARKS]
