872
CDUS41 KBTV 190526
CLI1V4


CLIMATE REPORT
NATIONAL WEATHER SERVICE BURLINGTON VT
125 AM EDT THU APR 19 2018


...................................

...THE ST. JOHNSBURY VT CLIMATE SUMMARY FOR APRIL 18 2018...

CLIMATE NORMAL PERIOD 1981 TO 2010
CLIMATE RECORD PERIOD 1894 TO 2018


WEATHER ITEM   OBSERVED TIME   RECORD YEAR NORMAL DEPARTURE LAST
                VALUE   (LST)  VALUE       VALUE  FROM      YEAR
                                                  NORMAL
..................................................................
TEMPERATURE (F)
 YESTERDAY
  MAXIMUM         46        MM  87    1976  58    -12       50
  MINIMUM         30        MM  18    1985  34     -4       32
  AVERAGE         38                        46     -8       41

PRECIPITATION (IN)
  YESTERDAY        0.00          0.88 1967   0.10  -0.10     0.00
  MONTH TO DATE    2.77                      1.68   1.09     1.93
  SINCE MAR 1      4.68                      4.19   0.49     5.38
  SINCE JAN 1     10.26                      8.87   1.39    11.12

DEGREE DAYS
 HEATING
  YESTERDAY       27                        19      8       24
  MONTH TO DATE  567                       418    149      373
  SINCE MAR 1   1646                      1494    152     1619
  SINCE JUL 1   7163                      7218    -55     6632

 COOLING
  YESTERDAY        0                         0      0        0
  MONTH TO DATE    0                         0      0        0
  SINCE MAR 1      0                         0      0        0
  SINCE JAN 1      0                         0      0        0
..................................................................


WIND (MPH)
  HIGHEST WIND SPEED    MM   HIGHEST WIND DIRECTION    MM
  HIGHEST GUST SPEED    MM   HIGHEST GUST DIRECTION    MM
  AVERAGE WIND SPEED    MM


SKY COVER
  AVERAGE SKY COVER 0.0


WEATHER CONDITIONS
 THE FOLLOWING WEATHER WAS RECORDED YESTERDAY.
  NO SIGNIFICANT WEATHER WAS OBSERVED.


RELATIVE HUMIDITY (PERCENT)
 HIGHEST    85           500 AM
 LOWEST     53           600 PM
 AVERAGE    69

..........................................................


THE ST. JOHNSBURY VT CLIMATE NORMALS FOR TODAY
                         NORMAL    RECORD    YEAR
 MAXIMUM TEMPERATURE (F)   58        90      1976
 MINIMUM TEMPERATURE (F)   34        18      1926


SUNRISE AND SUNSET
APRIL 19 2018.........SUNRISE   558 AM EDT   SUNSET   738 PM EDT
APRIL 20 2018.........SUNRISE   556 AM EDT   SUNSET   739 PM EDT


-  INDICATES NEGATIVE NUMBERS.
R  INDICATES RECORD WAS SET OR TIED.
MM INDICATES DATA IS MISSING.
T  INDICATES TRACE AMOUNT.




$$
