000
CDUS43 KUNR 240903
CLI2WX


CLIMATE REPORT
NATIONAL WEATHER SERVICE RAPID CITY SD
301 AM MDT THU MAY 24 2018


...................................

...THE BUFFALO SD CLIMATE SUMMARY FOR MAY 23 2018...

CLIMATE NORMAL PERIOD 1981 TO 2010
CLIMATE RECORD PERIOD 9999 TO 9999


WEATHER ITEM   OBSERVED TIME   NORMAL DEPARTURE LAST
                VALUE   (LST)  VALUE  FROM      YEAR
                                      NORMAL
......................................................
TEMPERATURE (F)
 YESTERDAY
  MAXIMUM         81    347 PM  68     13       67
  MINIMUM         59   1159 PM  44     15       38
  AVERAGE         70            56     14       53

PRECIPITATION (IN)
  YESTERDAY        0.20          0.15   0.05     0.00
  MONTH TO DATE    1.61          1.95  -0.34     1.42
  SINCE MAR 1      4.50          4.27   0.23     6.13
  SINCE JAN 1      5.98          4.84   1.14     6.43

DEGREE DAYS
 HEATING
  YESTERDAY        0            10    -10       12
  MONTH TO DATE  171           296   -125      233
  SINCE MAR 1   2119          1952    167     1650
  SINCE JUL 1   8054          7749    305     7001

 COOLING
  YESTERDAY        5             0      5        0
  MONTH TO DATE   16             0     16       13
  SINCE MAR 1     16             0     16       13
  SINCE JAN 1     16             0     16       13
......................................................


WIND (MPH)
  HIGHEST WIND SPEED    43   HIGHEST WIND DIRECTION     S (180)
  HIGHEST GUST SPEED    52   HIGHEST GUST DIRECTION     S (180)
  AVERAGE WIND SPEED    11.1




RELATIVE HUMIDITY (PERCENT)
 HIGHEST    90           500 AM
 LOWEST     42           300 PM
 AVERAGE    66

..........................................................




SUNRISE AND SUNSET
MAY 24 2018...........SUNRISE   514 AM MDT   SUNSET   828 PM MDT
MAY 25 2018...........SUNRISE   513 AM MDT   SUNSET   830 PM MDT


-  INDICATES NEGATIVE NUMBERS.
R  INDICATES RECORD WAS SET OR TIED.
MM INDICATES DATA IS MISSING.
T  INDICATES TRACE AMOUNT.




$$
