000
CDUS46 KMFR 270036
CLIAAT


CLIMATE REPORT
NATIONAL WEATHER SERVICE MEDFORD, OR
536 PM PDT THU APR 26 2018


...................................

...THE ALTURAS CA CLIMATE SUMMARY FOR APRIL 26 2018...
VALID TODAY AS OF 0500 PM LOCAL TIME.

CLIMATE NORMAL PERIOD 1981 TO 2010
CLIMATE RECORD PERIOD 1905 TO 2018


WEATHER ITEM   OBSERVED TIME   RECORD YEAR NORMAL DEPARTURE LAST
                VALUE   (LST)  VALUE       VALUE  FROM      YEAR
                                                  NORMAL
..................................................................
TEMPERATURE (F)
 TODAY
  MAXIMUM         81    314 PM  83    1987  61     20       55
  MINIMUM         34    545 AM  17    1985  31      3       39
  AVERAGE         58                        46     12       47

PRECIPITATION (IN)
  TODAY            0.00          0.42 2012   0.06  -0.06     0.35
  MONTH TO DATE    2.18                      1.34   0.84     1.51
  SINCE OCT 1      8.49                     10.47  -1.98    12.93
  SINCE JAN 1      5.49                      5.96  -0.47     9.18

SNOWFALL (IN)
  TODAY           MM                        MM     MM       MM
  MONTH TO DATE   MM                        MM     MM       MM
  SINCE JUL 1     MM                        MM     MM       MM
  SNOW DEPTH      MM

DEGREE DAYS
 HEATING
  TODAY            7                        19    -12       18
  MONTH TO DATE  511                       579    -68      520
  SINCE MAR 1   1370                      1404    -34     1214
  SINCE JUL 1   5767                      6271   -504     5876

 COOLING
  TODAY            0                         0      0        0
  MONTH TO DATE    0                         0      0        0
  SINCE MAR 1      0                         0      0        0
  SINCE JAN 1      0                         0      0        0
..................................................................


WIND (MPH)
  HIGHEST WIND SPEED    12   HIGHEST WIND DIRECTION     S (190)
  HIGHEST GUST SPEED    15   HIGHEST GUST DIRECTION     S (160)
  AVERAGE WIND SPEED     2.6


SKY COVER
  POSSIBLE SUNSHINE  MM
  AVERAGE SKY COVER 0.0


WEATHER CONDITIONS
 THE FOLLOWING WEATHER WAS RECORDED TODAY.
  NO SIGNIFICANT WEATHER WAS OBSERVED.


RELATIVE HUMIDITY (PERCENT)
 HIGHEST    92           200 AM
 LOWEST     15           400 PM
 AVERAGE    54

..........................................................


THE ALTURAS CA CLIMATE NORMALS FOR TOMORROW
                         NORMAL    RECORD    YEAR
 MAXIMUM TEMPERATURE (F)   61        84      1987
 MINIMUM TEMPERATURE (F)   31        15      1918


SUNRISE AND SUNSET
APRIL 26 2018.........SUNRISE   606 AM PDT   SUNSET   755 PM PDT
APRIL 27 2018.........SUNRISE   605 AM PDT   SUNSET   756 PM PDT


-  INDICATES NEGATIVE NUMBERS.
R  INDICATES RECORD WAS SET OR TIED.
MM INDICATES DATA IS MISSING.
T  INDICATES TRACE AMOUNT.




$$
