996
CDUS44 KSJT 260725
CLIABI


CLIMATE REPORT
NATIONAL WEATHER SERVICE SAN ANGELO TX
225 AM CDT THU APR 26 2018


...................................

...THE ABILENE CLIMATE SUMMARY FOR APRIL 25 2018...

CLIMATE NORMAL PERIOD 1981 TO 2010
CLIMATE RECORD PERIOD 1886 TO 2018


WEATHER ITEM   OBSERVED TIME   RECORD YEAR NORMAL DEPARTURE LAST
                VALUE   (LST)  VALUE       VALUE  FROM      YEAR
                                                  NORMAL
..................................................................
TEMPERATURE (F)
 YESTERDAY
  MAXIMUM         64   1202 AM 104    2012  80    -16       95
  MINIMUM         42   1110 PM  38    1913  55    -13       65
                                      1910
                                      1887
  AVERAGE         53                        67    -14       80

PRECIPITATION (IN)
  YESTERDAY        0.12          2.50 1922   0.06   0.06     0.00
  MONTH TO DATE    0.30                      1.28  -0.98     1.32
  SINCE MAR 1      1.77                      3.02  -1.25     1.74
  SINCE JAN 1      4.18                      5.40  -1.22     5.12

SNOWFALL (IN)
  YESTERDAY       MM             0.0  2000   0.0   MM        0.0
  MONTH TO DATE    0.0                       0.3   -0.3      0.0
  SINCE NOV 1      0.5                       4.7   -4.2       T
  SINCE JUL 1      0.5                       4.7   -4.2       T

DEGREE DAYS
 HEATING
  YESTERDAY       12                         2     10        0
  MONTH TO DATE  160                       103     57       64
  SINCE MAR 1    371                       401    -30      210
  SINCE JUL 1   2572                      2534     38     1791

 COOLING
  YESTERDAY        0                         4     -4       15
  MONTH TO DATE   49                        74    -25       92
  SINCE MAR 1     95                       103     -8      176
  SINCE JAN 1    107                       108     -1      207
..................................................................


WIND (MPH)
  HIGHEST WIND SPEED    29   HIGHEST WIND DIRECTION     N (360)
  HIGHEST GUST SPEED    35   HIGHEST GUST DIRECTION     N (360)
  AVERAGE WIND SPEED    12.7


SKY COVER
  POSSIBLE SUNSHINE  MM
  AVERAGE SKY COVER 0.7


WEATHER CONDITIONS
 THE FOLLOWING WEATHER WAS RECORDED YESTERDAY.
  THUNDERSTORM
  RAIN
  LIGHT RAIN
  FOG


RELATIVE HUMIDITY (PERCENT)
 HIGHEST   100           300 PM
 LOWEST     71           600 AM
 AVERAGE    86

..........................................................


THE ABILENE CLIMATE NORMALS FOR TODAY
                         NORMAL    RECORD    YEAR
 MAXIMUM TEMPERATURE (F)   80        96      2012
                                             1984
                                             1971
 MINIMUM TEMPERATURE (F)   55        37      1907


SUNRISE AND SUNSET
APRIL 26 2018.........SUNRISE   657 AM CDT   SUNSET   816 PM CDT
APRIL 27 2018.........SUNRISE   656 AM CDT   SUNSET   817 PM CDT


-  INDICATES NEGATIVE NUMBERS.
R  INDICATES RECORD WAS SET OR TIED.
MM INDICATES DATA IS MISSING.
T  INDICATES TRACE AMOUNT.




$$
