000
CDUS44 KFWD 220643
CLIACT

CLIMATE REPORT
NATIONAL WEATHER SERVICE FORT WORTH TX
140 AM CDT SUN APR 22 2018

...................................

...THE WACO CLIMATE SUMMARY FOR APRIL 21 2018...

CLIMATE NORMAL PERIOD 1981 TO 2010
CLIMATE RECORD PERIOD 1901 TO 2018


WEATHER ITEM   OBSERVED TIME   RECORD YEAR NORMAL DEPARTURE LAST
                VALUE   (LST)  VALUE       VALUE  FROM      YEAR
                                                  NORMAL
..................................................................
TEMPERATURE (F)
 YESTERDAY
  MAXIMUM         70    619 PM  94    1925  79     -9       84
  MINIMUM         55    307 AM  43    1910  56     -1       68
  AVERAGE         63                        68     -5       76

PRECIPITATION (IN)
  YESTERDAY        0.23          2.56 1945   0.10   0.13     0.00
  MONTH TO DATE    0.51                      1.72  -1.21     6.94
  SINCE MAR 1      3.00                      4.87  -1.87    10.26
  SINCE JAN 1      5.43                      9.62  -4.19    16.42

SNOWFALL (IN)
  YESTERDAY        0.0           0.0    MM   0.0    0.0      0.0
  MONTH TO DATE    0.0                       0.1   -0.1      0.0
  SINCE MAR 1      0.0                       0.2   -0.2      0.0
  SINCE JUL 1      T                         1.0   -1.0       T
  SNOW DEPTH       0

DEGREE DAYS
 HEATING
  YESTERDAY        2                         2      0        0
  MONTH TO DATE  115                        68     47       18
  SINCE MAR 1    269                       314    -45      136
  SINCE JUL 1   2072                      2126    -54     1312

 COOLING
  YESTERDAY        0                         4     -4       11
  MONTH TO DATE   36                        64    -28      105
  SINCE MAR 1    103                        98      5      200
  SINCE JAN 1    123                       107     16      258
..................................................................


WIND (MPH)
  HIGHEST WIND SPEED    24   HIGHEST WIND DIRECTION     N (340)
  HIGHEST GUST SPEED    30   HIGHEST GUST DIRECTION     N (340)
  AVERAGE WIND SPEED    10.9


SKY COVER
  POSSIBLE SUNSHINE  MM
  AVERAGE SKY COVER 0.9


WEATHER CONDITIONS
 THE FOLLOWING WEATHER WAS RECORDED YESTERDAY.
  THUNDERSTORM
  HEAVY RAIN
  RAIN
  LIGHT RAIN
  FOG


RELATIVE HUMIDITY (PERCENT)
 HIGHEST    93          1100 PM
 LOWEST     67          1200 AM
 AVERAGE    80

..........................................................


THE WACO CLIMATE NORMALS FOR TODAY
                         NORMAL    RECORD    YEAR
 MAXIMUM TEMPERATURE (F)   79        92      2009
                                             1963
                                             1925
 MINIMUM TEMPERATURE (F)   56        39      1931


SUNRISE AND SUNSET
APRIL 22 2018.........SUNRISE   653 AM CDT   SUNSET   803 PM CDT
APRIL 23 2018.........SUNRISE   652 AM CDT   SUNSET   803 PM CDT


-  INDICATES NEGATIVE NUMBERS.
R  INDICATES RECORD WAS SET OR TIED.
MM INDICATES DATA IS MISSING.
T  INDICATES TRACE AMOUNT.

$$
